{"id":19075,"date":"2025-09-24T14:31:07","date_gmt":"2025-09-24T17:31:07","guid":{"rendered":"https:\/\/libreriaguadalupe.com.ar\/libreria\/?post_type=product&#038;p=19075"},"modified":"2025-09-24T14:41:28","modified_gmt":"2025-09-24T17:41:28","slug":"camino-al-cielo-teosiologia-predicaciones-xii","status":"publish","type":"product","link":"https:\/\/libreriaguadalupe.com.ar\/libreria\/producto\/camino-al-cielo-teosiologia-predicaciones-xii\/","title":{"rendered":"\u201cCamino al cielo\u201d \u2013 Teosiolog\u00eda \u2013 Predicaciones XII"},"content":{"rendered":"<p class=\"p1\"><b>Rese\u00f1a<\/b><\/p>\n<p class=\"p1\">Claudio Risso nos comparte el libro n\u00famero 12 de su colecci\u00f3n <b><i>\u201cPredicaciones\u201d<\/i><\/b>. Esta obra,<b> \u201cCamino al cielo\u201d &#8211; Teosiolog\u00eda<\/b> es una s\u00edntesis de los pilares de nuestro proceso de espiritualidad, al cual, como iglesia, estamos llamados: <b>la santidad, vocaci\u00f3n universal\u2026<\/b> No existe un estado espec\u00edfico para la santidad sino que cada uno laico\/a, religioso\/a o sacerdote, en su vocaci\u00f3n singular, por cierto, con sus exigencias \u00e9ticas, est\u00e1 llamado.<\/p>\n<p class=\"p1\">En el verdadero <b>Camino<\/b> de conversi\u00f3n, vamos madurando, a trav\u00e9s de la experiencia de la vida; vamos haciendo nuestras opciones como as\u00ed tambi\u00e9n tomamos nuestras decisiones. En este sentido, proponernos ser <b>\u201chombres espirituales\u201d<\/b> es nuestra prioridad ya que el Esp\u00edritu del Se\u00f1or es quien nos convoca a tener una vida con una capacidad de trascendencia que supera nuestra imaginaci\u00f3n, nuestros deseos y por supuesto, nuestra raz\u00f3n. La clave es \u201cser de Dios\u201d. Abarca mucho m\u00e1s que \u201chacer\u201d. Aspiremos a \u201cser de Cristo\u201d, desde nuestros pensamientos, emociones y sentimientos, palabras y actitudes.<\/p>\n<p class=\"p1\">Si redimensionamos el Bautismo, su contenido, su finalidad, ser santos, su din\u00e1mica, \u00a1cu\u00e1nto <b>camino<\/b> hay que recorrer! Sin embargo, la santidad de un cristiano consiste en la capacidad de amar. Es la suprema capacidad\u2026Ciertamente, <b><i>\u201cnosotros amamos porque \u00c9l nos am\u00f3 primero\u201d <\/i><\/b>(1 Jn 4, 19),<b> <\/b>lo cual implica un compromiso de vida. Es as\u00ed que respondemos al llamado de Dios con paz y bienestar. <b>Caminamos\u2026 <\/b>hay tropiezos, conflictos, desaf\u00edos, vicisitudes, en distintos \u00e1mbitos de la vida.<\/p>\n<p class=\"p1\">Claudio Risso, a trav\u00e9s de todo el libro, nos invita a preguntarnos si vivimos una espiritualidad encarnada seg\u00fan nuestros estados de vida; como laicos, como religiosas\/os o como sacerdotes. La aut\u00e9ntica espiritualidad pasa por un proceso de despojo, de ofrecimientos, de cordura, de comuni\u00f3n, de entrega y de servicio (en lo concreto de la propia vocaci\u00f3n y en lo c\u00faltico). El Se\u00f1or Jes\u00fas, en el di\u00e1logo con la samaritana (Jn 4, 1ss) nos ense\u00f1a que debemos <b><i>\u201cadorarlo en esp\u00edritu y verdad\u201d<\/i><\/b>, esto es, con la autenticidad de nuestra vida.<\/p>\n<p class=\"p1\">No debe amedrentarnos nuestra fragilidad. El Ap\u00f3stol Pablo nos ense\u00f1a: <b><i>\u201ccuando soy d\u00e9bil, entonces soy fuerte\u201d <\/i><\/b>(2 Cor 12, 10). Parece una paradoja. No obstante, es tan cierto. Por eso, transitemos nuestros pasos por la tierra con fe y entrega, adoptando nuevas formas de disfrutar la vida de fe teniendo siempre presente que nos espera el Para\u00edso. <b>Pertenecemos a la familia escatol\u00f3gica de Jes\u00fas.<\/b><\/p>\n","protected":false},"excerpt":{"rendered":"<p>Autor: Claudio Rizzo<br \/>\nT\u00edtulo: \u201cCamino al cielo\u201d \u2013 Teosiolog\u00eda \u2013 Predicaciones XII\u00bb<br \/>\nISBN:978-950-500-964-0<br \/>\nFormato: 14 (ancho) x 20 (alto) cms.<br \/>\nInterior: 1\/1 color<br \/>\nPapel: Bookcel 80 grs.<br \/>\nN\u00ba de P\u00e1ginas: 160<br \/>\nTapa:4 Colores &#8211; Cartulina &#8211; Laminado mate<br \/>\nEncuadernaci\u00f3n: Binder<\/p>\n<p>&nbsp;<\/p>\n<p>&nbsp;<\/p>\n","protected":false},"featured_media":19079,"comment_status":"open","ping_status":"closed","template":"","meta":{"jetpack_publicize_message":"","jetpack_publicize_feature_enabled":true,"jetpack_social_post_already_shared":true,"jetpack_social_options":{"image_generator_settings":{"template":"highway","default_image_id":0,"font":"","enabled":false},"version":2}},"product_brand":[],"product_cat":[125,88,121],"product_tag":[197,198,127,164,163],"class_list":{"0":"post-19075","1":"product","2":"type-product","3":"status-publish","4":"has-post-thumbnail","6":"product_cat-novedades","7":"product_cat-espiritualidad-cultura-social","8":"product_cat-guadalupe","9":"product_tag-camino-al-cielo-tesiologia","10":"product_tag-claudio-rizzo","11":"product_tag-editorial-guadalupe-de-argentina","12":"product_tag-jubileo-de-la-esperanza","13":"product_tag-jubileo-ordinario-2025","15":"first","16":"instock","17":"shipping-taxable","18":"purchasable","19":"product-type-simple"},"yoast_head":"<!-- This site is optimized with the Yoast SEO plugin v27.4 - https:\/\/yoast.com\/product\/yoast-seo-wordpress\/ -->\n<title>\u201cCamino al cielo\u201d \u2013 Teosiolog\u00eda \u2013 Predicaciones XII<\/title>\n<meta name=\"description\" content=\"Claudio Risso nos comparte el libro n\u00famero 12 de su colecci\u00f3n \u201cPredicaciones\u201d. Esta obra, \u201cCamino al cielo\u201d - Teosiolog\u00eda es una s\u00edntesis de los pilares de nuestro proceso de espiritualidad, al cual, como iglesia, estamos llamados: la santidad, vocaci\u00f3n universal\u2026 No existe un estado espec\u00edfico para la santidad sino que cada uno laico\/a, religioso\/a o sacerdote, en su vocaci\u00f3n singular, por cierto, con sus exigencias \u00e9ticas, est\u00e1 llamado.\" \/>\n<meta name=\"robots\" content=\"index, follow, max-snippet:-1, max-image-preview:large, max-video-preview:-1\" \/>\n<link rel=\"canonical\" href=\"https:\/\/libreriaguadalupe.com.ar\/libreria\/producto\/camino-al-cielo-teosiologia-predicaciones-xii\/\" \/>\n<meta property=\"og:locale\" content=\"es_ES\" \/>\n<meta property=\"og:type\" content=\"article\" \/>\n<meta property=\"og:title\" content=\"\u201cCamino al cielo\u201d \u2013 Teosiolog\u00eda \u2013 Predicaciones XII\" \/>\n<meta property=\"og:description\" content=\"Claudio Risso nos comparte el libro n\u00famero 12 de su colecci\u00f3n \u201cPredicaciones\u201d. Esta obra, \u201cCamino al cielo\u201d - Teosiolog\u00eda es una s\u00edntesis de los pilares de nuestro proceso de espiritualidad, al cual, como iglesia, estamos llamados: la santidad, vocaci\u00f3n universal\u2026 No existe un estado espec\u00edfico para la santidad sino que cada uno laico\/a, religioso\/a o sacerdote, en su vocaci\u00f3n singular, por cierto, con sus exigencias \u00e9ticas, est\u00e1 llamado.\" \/>\n<meta property=\"og:url\" content=\"https:\/\/libreriaguadalupe.com.ar\/libreria\/producto\/camino-al-cielo-teosiologia-predicaciones-xii\/\" \/>\n<meta property=\"og:site_name\" content=\"Editorial Guadalupe de Argentina\" \/>\n<meta property=\"article:publisher\" content=\"https:\/\/www.facebook.com\/LibreriaGuadalupeAR\/\" \/>\n<meta property=\"article:modified_time\" content=\"2025-09-24T17:41:28+00:00\" \/>\n<meta property=\"og:image\" content=\"https:\/\/libreriaguadalupe.com.ar\/libreria\/wp-content\/uploads\/2025\/09\/1-3.png\" \/>\n\t<meta property=\"og:image:width\" content=\"1080\" \/>\n\t<meta property=\"og:image:height\" content=\"1350\" \/>\n\t<meta property=\"og:image:type\" content=\"image\/png\" \/>\n<meta name=\"twitter:card\" content=\"summary_large_image\" \/>\n<meta name=\"twitter:label1\" content=\"Tiempo de lectura\" \/>\n\t<meta name=\"twitter:data1\" content=\"2 minutos\" \/>\n<script type=\"application\/ld+json\" class=\"yoast-schema-graph\">{\"@context\":\"https:\\\/\\\/schema.org\",\"@graph\":[{\"@type\":\"WebPage\",\"@id\":\"https:\\\/\\\/libreriaguadalupe.com.ar\\\/libreria\\\/producto\\\/camino-al-cielo-teosiologia-predicaciones-xii\\\/\",\"url\":\"https:\\\/\\\/libreriaguadalupe.com.ar\\\/libreria\\\/producto\\\/camino-al-cielo-teosiologia-predicaciones-xii\\\/\",\"name\":\"\u201cCamino al cielo\u201d \u2013 Teosiolog\u00eda \u2013 Predicaciones XII\",\"isPartOf\":{\"@id\":\"https:\\\/\\\/libreriaguadalupe.com.ar\\\/libreria\\\/#website\"},\"primaryImageOfPage\":{\"@id\":\"https:\\\/\\\/libreriaguadalupe.com.ar\\\/libreria\\\/producto\\\/camino-al-cielo-teosiologia-predicaciones-xii\\\/#primaryimage\"},\"image\":{\"@id\":\"https:\\\/\\\/libreriaguadalupe.com.ar\\\/libreria\\\/producto\\\/camino-al-cielo-teosiologia-predicaciones-xii\\\/#primaryimage\"},\"thumbnailUrl\":\"https:\\\/\\\/i0.wp.com\\\/libreriaguadalupe.com.ar\\\/libreria\\\/wp-content\\\/uploads\\\/2025\\\/09\\\/1-3.png?fit=1080%2C1350&ssl=1\",\"datePublished\":\"2025-09-24T17:31:07+00:00\",\"dateModified\":\"2025-09-24T17:41:28+00:00\",\"description\":\"Claudio Risso nos comparte el libro n\u00famero 12 de su colecci\u00f3n \u201cPredicaciones\u201d. Esta obra, \u201cCamino al cielo\u201d - Teosiolog\u00eda es una s\u00edntesis de los pilares de nuestro proceso de espiritualidad, al cual, como iglesia, estamos llamados: la santidad, vocaci\u00f3n universal\u2026 No existe un estado espec\u00edfico para la santidad sino que cada uno laico\\\/a, religioso\\\/a o sacerdote, en su vocaci\u00f3n singular, por cierto, con sus exigencias \u00e9ticas, est\u00e1 llamado.\",\"breadcrumb\":{\"@id\":\"https:\\\/\\\/libreriaguadalupe.com.ar\\\/libreria\\\/producto\\\/camino-al-cielo-teosiologia-predicaciones-xii\\\/#breadcrumb\"},\"inLanguage\":\"es\",\"potentialAction\":[{\"@type\":\"ReadAction\",\"target\":[\"https:\\\/\\\/libreriaguadalupe.com.ar\\\/libreria\\\/producto\\\/camino-al-cielo-teosiologia-predicaciones-xii\\\/\"]}]},{\"@type\":\"ImageObject\",\"inLanguage\":\"es\",\"@id\":\"https:\\\/\\\/libreriaguadalupe.com.ar\\\/libreria\\\/producto\\\/camino-al-cielo-teosiologia-predicaciones-xii\\\/#primaryimage\",\"url\":\"https:\\\/\\\/i0.wp.com\\\/libreriaguadalupe.com.ar\\\/libreria\\\/wp-content\\\/uploads\\\/2025\\\/09\\\/1-3.png?fit=1080%2C1350&ssl=1\",\"contentUrl\":\"https:\\\/\\\/i0.wp.com\\\/libreriaguadalupe.com.ar\\\/libreria\\\/wp-content\\\/uploads\\\/2025\\\/09\\\/1-3.png?fit=1080%2C1350&ssl=1\",\"width\":1080,\"height\":1350},{\"@type\":\"BreadcrumbList\",\"@id\":\"https:\\\/\\\/libreriaguadalupe.com.ar\\\/libreria\\\/producto\\\/camino-al-cielo-teosiologia-predicaciones-xii\\\/#breadcrumb\",\"itemListElement\":[{\"@type\":\"ListItem\",\"position\":1,\"name\":\"Portada\",\"item\":\"https:\\\/\\\/libreriaguadalupe.com.ar\\\/libreria\\\/\"},{\"@type\":\"ListItem\",\"position\":2,\"name\":\"Tienda\",\"item\":\"https:\\\/\\\/libreriaguadalupe.com.ar\\\/libreria\\\/\"},{\"@type\":\"ListItem\",\"position\":3,\"name\":\"\u201cCamino al cielo\u201d \u2013 Teosiolog\u00eda \u2013 Predicaciones XII\"}]},{\"@type\":\"WebSite\",\"@id\":\"https:\\\/\\\/libreriaguadalupe.com.ar\\\/libreria\\\/#website\",\"url\":\"https:\\\/\\\/libreriaguadalupe.com.ar\\\/libreria\\\/\",\"name\":\"Editorial Guadalupe de Argentina\",\"description\":\"Congregaci\u00f3n del Verbo Divino\",\"publisher\":{\"@id\":\"https:\\\/\\\/libreriaguadalupe.com.ar\\\/libreria\\\/#organization\"},\"alternateName\":\"Librer\u00eda Guadalupe\",\"potentialAction\":[{\"@type\":\"SearchAction\",\"target\":{\"@type\":\"EntryPoint\",\"urlTemplate\":\"https:\\\/\\\/libreriaguadalupe.com.ar\\\/libreria\\\/?s={search_term_string}\"},\"query-input\":{\"@type\":\"PropertyValueSpecification\",\"valueRequired\":true,\"valueName\":\"search_term_string\"}}],\"inLanguage\":\"es\"},{\"@type\":\"Organization\",\"@id\":\"https:\\\/\\\/libreriaguadalupe.com.ar\\\/libreria\\\/#organization\",\"name\":\"Editorial Guadalupe\",\"alternateName\":\"Librer\u00eda Guadalupe\",\"url\":\"https:\\\/\\\/libreriaguadalupe.com.ar\\\/libreria\\\/\",\"logo\":{\"@type\":\"ImageObject\",\"inLanguage\":\"es\",\"@id\":\"https:\\\/\\\/libreriaguadalupe.com.ar\\\/libreria\\\/#\\\/schema\\\/logo\\\/image\\\/\",\"url\":\"https:\\\/\\\/i0.wp.com\\\/libreriaguadalupe.com.ar\\\/libreria\\\/wp-content\\\/uploads\\\/2023\\\/01\\\/cropped-logo-editorial-guadalupe.webp?fit=500%2C100&ssl=1\",\"contentUrl\":\"https:\\\/\\\/i0.wp.com\\\/libreriaguadalupe.com.ar\\\/libreria\\\/wp-content\\\/uploads\\\/2023\\\/01\\\/cropped-logo-editorial-guadalupe.webp?fit=500%2C100&ssl=1\",\"width\":500,\"height\":100,\"caption\":\"Editorial Guadalupe\"},\"image\":{\"@id\":\"https:\\\/\\\/libreriaguadalupe.com.ar\\\/libreria\\\/#\\\/schema\\\/logo\\\/image\\\/\"},\"sameAs\":[\"https:\\\/\\\/www.facebook.com\\\/LibreriaGuadalupeAR\\\/\",\"https:\\\/\\\/www.instagram.com\\\/editorialguadalupe\\\/\",\"https:\\\/\\\/guadalupeeditorial.mercadoshops.com.ar\\\/\"]}]}<\/script>\n<!-- \/ Yoast SEO plugin. -->","yoast_head_json":{"title":"\u201cCamino al cielo\u201d \u2013 Teosiolog\u00eda \u2013 Predicaciones XII","description":"Claudio Risso nos comparte el libro n\u00famero 12 de su colecci\u00f3n \u201cPredicaciones\u201d. Esta obra, \u201cCamino al cielo\u201d - Teosiolog\u00eda es una s\u00edntesis de los pilares de nuestro proceso de espiritualidad, al cual, como iglesia, estamos llamados: la santidad, vocaci\u00f3n universal\u2026 No existe un estado espec\u00edfico para la santidad sino que cada uno laico\/a, religioso\/a o sacerdote, en su vocaci\u00f3n singular, por cierto, con sus exigencias \u00e9ticas, est\u00e1 llamado.","robots":{"index":"index","follow":"follow","max-snippet":"max-snippet:-1","max-image-preview":"max-image-preview:large","max-video-preview":"max-video-preview:-1"},"canonical":"https:\/\/libreriaguadalupe.com.ar\/libreria\/producto\/camino-al-cielo-teosiologia-predicaciones-xii\/","og_locale":"es_ES","og_type":"article","og_title":"\u201cCamino al cielo\u201d \u2013 Teosiolog\u00eda \u2013 Predicaciones XII","og_description":"Claudio Risso nos comparte el libro n\u00famero 12 de su colecci\u00f3n \u201cPredicaciones\u201d. Esta obra, \u201cCamino al cielo\u201d - Teosiolog\u00eda es una s\u00edntesis de los pilares de nuestro proceso de espiritualidad, al cual, como iglesia, estamos llamados: la santidad, vocaci\u00f3n universal\u2026 No existe un estado espec\u00edfico para la santidad sino que cada uno laico\/a, religioso\/a o sacerdote, en su vocaci\u00f3n singular, por cierto, con sus exigencias \u00e9ticas, est\u00e1 llamado.","og_url":"https:\/\/libreriaguadalupe.com.ar\/libreria\/producto\/camino-al-cielo-teosiologia-predicaciones-xii\/","og_site_name":"Editorial Guadalupe de Argentina","article_publisher":"https:\/\/www.facebook.com\/LibreriaGuadalupeAR\/","article_modified_time":"2025-09-24T17:41:28+00:00","og_image":[{"width":1080,"height":1350,"url":"https:\/\/libreriaguadalupe.com.ar\/libreria\/wp-content\/uploads\/2025\/09\/1-3.png","type":"image\/png"}],"twitter_card":"summary_large_image","twitter_misc":{"Tiempo de lectura":"2 minutos"},"schema":{"@context":"https:\/\/schema.org","@graph":[{"@type":"WebPage","@id":"https:\/\/libreriaguadalupe.com.ar\/libreria\/producto\/camino-al-cielo-teosiologia-predicaciones-xii\/","url":"https:\/\/libreriaguadalupe.com.ar\/libreria\/producto\/camino-al-cielo-teosiologia-predicaciones-xii\/","name":"\u201cCamino al cielo\u201d \u2013 Teosiolog\u00eda \u2013 Predicaciones XII","isPartOf":{"@id":"https:\/\/libreriaguadalupe.com.ar\/libreria\/#website"},"primaryImageOfPage":{"@id":"https:\/\/libreriaguadalupe.com.ar\/libreria\/producto\/camino-al-cielo-teosiologia-predicaciones-xii\/#primaryimage"},"image":{"@id":"https:\/\/libreriaguadalupe.com.ar\/libreria\/producto\/camino-al-cielo-teosiologia-predicaciones-xii\/#primaryimage"},"thumbnailUrl":"https:\/\/i0.wp.com\/libreriaguadalupe.com.ar\/libreria\/wp-content\/uploads\/2025\/09\/1-3.png?fit=1080%2C1350&ssl=1","datePublished":"2025-09-24T17:31:07+00:00","dateModified":"2025-09-24T17:41:28+00:00","description":"Claudio Risso nos comparte el libro n\u00famero 12 de su colecci\u00f3n \u201cPredicaciones\u201d. Esta obra, \u201cCamino al cielo\u201d - Teosiolog\u00eda es una s\u00edntesis de los pilares de nuestro proceso de espiritualidad, al cual, como iglesia, estamos llamados: la santidad, vocaci\u00f3n universal\u2026 No existe un estado espec\u00edfico para la santidad sino que cada uno laico\/a, religioso\/a o sacerdote, en su vocaci\u00f3n singular, por cierto, con sus exigencias \u00e9ticas, est\u00e1 llamado.","breadcrumb":{"@id":"https:\/\/libreriaguadalupe.com.ar\/libreria\/producto\/camino-al-cielo-teosiologia-predicaciones-xii\/#breadcrumb"},"inLanguage":"es","potentialAction":[{"@type":"ReadAction","target":["https:\/\/libreriaguadalupe.com.ar\/libreria\/producto\/camino-al-cielo-teosiologia-predicaciones-xii\/"]}]},{"@type":"ImageObject","inLanguage":"es","@id":"https:\/\/libreriaguadalupe.com.ar\/libreria\/producto\/camino-al-cielo-teosiologia-predicaciones-xii\/#primaryimage","url":"https:\/\/i0.wp.com\/libreriaguadalupe.com.ar\/libreria\/wp-content\/uploads\/2025\/09\/1-3.png?fit=1080%2C1350&ssl=1","contentUrl":"https:\/\/i0.wp.com\/libreriaguadalupe.com.ar\/libreria\/wp-content\/uploads\/2025\/09\/1-3.png?fit=1080%2C1350&ssl=1","width":1080,"height":1350},{"@type":"BreadcrumbList","@id":"https:\/\/libreriaguadalupe.com.ar\/libreria\/producto\/camino-al-cielo-teosiologia-predicaciones-xii\/#breadcrumb","itemListElement":[{"@type":"ListItem","position":1,"name":"Portada","item":"https:\/\/libreriaguadalupe.com.ar\/libreria\/"},{"@type":"ListItem","position":2,"name":"Tienda","item":"https:\/\/libreriaguadalupe.com.ar\/libreria\/"},{"@type":"ListItem","position":3,"name":"\u201cCamino al cielo\u201d \u2013 Teosiolog\u00eda \u2013 Predicaciones XII"}]},{"@type":"WebSite","@id":"https:\/\/libreriaguadalupe.com.ar\/libreria\/#website","url":"https:\/\/libreriaguadalupe.com.ar\/libreria\/","name":"Editorial Guadalupe de Argentina","description":"Congregaci\u00f3n del Verbo Divino","publisher":{"@id":"https:\/\/libreriaguadalupe.com.ar\/libreria\/#organization"},"alternateName":"Librer\u00eda Guadalupe","potentialAction":[{"@type":"SearchAction","target":{"@type":"EntryPoint","urlTemplate":"https:\/\/libreriaguadalupe.com.ar\/libreria\/?s={search_term_string}"},"query-input":{"@type":"PropertyValueSpecification","valueRequired":true,"valueName":"search_term_string"}}],"inLanguage":"es"},{"@type":"Organization","@id":"https:\/\/libreriaguadalupe.com.ar\/libreria\/#organization","name":"Editorial Guadalupe","alternateName":"Librer\u00eda Guadalupe","url":"https:\/\/libreriaguadalupe.com.ar\/libreria\/","logo":{"@type":"ImageObject","inLanguage":"es","@id":"https:\/\/libreriaguadalupe.com.ar\/libreria\/#\/schema\/logo\/image\/","url":"https:\/\/i0.wp.com\/libreriaguadalupe.com.ar\/libreria\/wp-content\/uploads\/2023\/01\/cropped-logo-editorial-guadalupe.webp?fit=500%2C100&ssl=1","contentUrl":"https:\/\/i0.wp.com\/libreriaguadalupe.com.ar\/libreria\/wp-content\/uploads\/2023\/01\/cropped-logo-editorial-guadalupe.webp?fit=500%2C100&ssl=1","width":500,"height":100,"caption":"Editorial Guadalupe"},"image":{"@id":"https:\/\/libreriaguadalupe.com.ar\/libreria\/#\/schema\/logo\/image\/"},"sameAs":["https:\/\/www.facebook.com\/LibreriaGuadalupeAR\/","https:\/\/www.instagram.com\/editorialguadalupe\/","https:\/\/guadalupeeditorial.mercadoshops.com.ar\/"]}]}},"jetpack_publicize_connections":[],"jetpack_sharing_enabled":true,"jetpack-related-posts":[{"id":17149,"url":"https:\/\/libreriaguadalupe.com.ar\/libreria\/producto\/la-verdad-fuente-de-santidad\/","url_meta":{"origin":19075,"position":0},"title":"La verdad, fuente de santidad","author":"admin","date":"31\/03\/2023","format":false,"excerpt":"La verdad y el amor versus la mentira y la envidia Serie: Predicaciones Autor: Claudio Rizzo ISBN: 9789505008285 Dimensiones: 14 x 20 cm P\u00e1ginas: 176","rel":"","context":"Entrada similar","block_context":{"text":"Entrada similar","link":""},"img":{"alt_text":"","src":"https:\/\/i0.wp.com\/libreriaguadalupe.com.ar\/libreria\/wp-content\/uploads\/2023\/03\/La-verdad-fuente-de-santidad.jpeg?fit=923%2C1200&ssl=1&resize=350%2C200","width":350,"height":200,"srcset":"https:\/\/i0.wp.com\/libreriaguadalupe.com.ar\/libreria\/wp-content\/uploads\/2023\/03\/La-verdad-fuente-de-santidad.jpeg?fit=923%2C1200&ssl=1&resize=350%2C200 1x, https:\/\/i0.wp.com\/libreriaguadalupe.com.ar\/libreria\/wp-content\/uploads\/2023\/03\/La-verdad-fuente-de-santidad.jpeg?fit=923%2C1200&ssl=1&resize=525%2C300 1.5x, https:\/\/i0.wp.com\/libreriaguadalupe.com.ar\/libreria\/wp-content\/uploads\/2023\/03\/La-verdad-fuente-de-santidad.jpeg?fit=923%2C1200&ssl=1&resize=700%2C400 2x"},"classes":[]},{"id":15979,"url":"https:\/\/libreriaguadalupe.com.ar\/libreria\/producto\/la-soledad-en-estos-tiempos\/","url_meta":{"origin":19075,"position":1},"title":"La soledad en estos tiempos","author":"admin","date":"12\/02\/2023","format":false,"excerpt":"Predicaciones AUTOR: CLAUDIO RIZZO ISBN: 9505008063","rel":"","context":"Entrada similar","block_context":{"text":"Entrada similar","link":""},"img":{"alt_text":"","src":"https:\/\/i0.wp.com\/libreriaguadalupe.com.ar\/libreria\/wp-content\/uploads\/2023\/02\/La-soledad-en-estos-tiempos.jpg?fit=475%2C640&ssl=1&resize=350%2C200","width":350,"height":200},"classes":[]},{"id":19012,"url":"https:\/\/libreriaguadalupe.com.ar\/libreria\/producto\/eduardo-francisco-pironio-beato\/","url_meta":{"origin":19075,"position":2},"title":"Eduardo Francisco Pironio &#8211; Beato","author":"Mariano Zuqui","date":"23\/07\/2025","format":false,"excerpt":"Autor: Jos\u00e9 Luis Kaufmann T\u00edtulo: \"Eduardo Francisco Pironio - Beato\" ISBN:978-950-500-962-6 Formato: 15.5\u00a0 (ancho) x 22,5 (alto) cms. Interior: 1\/1 color Papel: Bookcel 80 grs. N\u00ba de P\u00e1ginas: 176 Tapa:4 Colores - Cartulina - Laminado mate Encuadernaci\u00f3n: Binder \u00a0 \u00a0","rel":"","context":"Entrada similar","block_context":{"text":"Entrada similar","link":""},"img":{"alt_text":"El cardenal Pironio ha sido un testigo fiel de la elecci\u00f3n divina y del llamado a la santidad, respondiendo con gozosa docilidad a los designios de Dios.","src":"https:\/\/i0.wp.com\/libreriaguadalupe.com.ar\/libreria\/wp-content\/uploads\/2025\/07\/1-1.png?fit=960%2C1200&ssl=1&resize=350%2C200","width":350,"height":200,"srcset":"https:\/\/i0.wp.com\/libreriaguadalupe.com.ar\/libreria\/wp-content\/uploads\/2025\/07\/1-1.png?fit=960%2C1200&ssl=1&resize=350%2C200 1x, https:\/\/i0.wp.com\/libreriaguadalupe.com.ar\/libreria\/wp-content\/uploads\/2025\/07\/1-1.png?fit=960%2C1200&ssl=1&resize=525%2C300 1.5x, https:\/\/i0.wp.com\/libreriaguadalupe.com.ar\/libreria\/wp-content\/uploads\/2025\/07\/1-1.png?fit=960%2C1200&ssl=1&resize=700%2C400 2x"},"classes":[]},{"id":16786,"url":"https:\/\/libreriaguadalupe.com.ar\/libreria\/producto\/halloween-noche-de-santos\/","url_meta":{"origin":19075,"position":3},"title":"HALLOWEEN. NOCHE DE SANTOS.","author":"admin","date":"21\/03\/2023","format":false,"excerpt":"Autor:\u00a0Leonardo Legr\u00e1s [\u00a0VER M\u00c1S OBRAS\u00a0] ISBN: 9505008414","rel":"","context":"Entrada similar","block_context":{"text":"Entrada similar","link":""},"img":{"alt_text":"","src":"https:\/\/i0.wp.com\/libreriaguadalupe.com.ar\/libreria\/wp-content\/uploads\/2023\/03\/halloween-noche-de-santos_.jpeg?fit=600%2C600&ssl=1&resize=350%2C200","width":350,"height":200,"srcset":"https:\/\/i0.wp.com\/libreriaguadalupe.com.ar\/libreria\/wp-content\/uploads\/2023\/03\/halloween-noche-de-santos_.jpeg?fit=600%2C600&ssl=1&resize=350%2C200 1x, https:\/\/i0.wp.com\/libreriaguadalupe.com.ar\/libreria\/wp-content\/uploads\/2023\/03\/halloween-noche-de-santos_.jpeg?fit=600%2C600&ssl=1&resize=525%2C300 1.5x"},"classes":[]},{"id":17746,"url":"https:\/\/libreriaguadalupe.com.ar\/libreria\/producto\/cardenal-pironio\/","url_meta":{"origin":19075,"position":4},"title":"Cardenal Pironio","author":"admin","date":"07\/12\/2023","format":false,"excerpt":"Un regalo de Dios a la Iglesia Autor: JOS\u00c9 LUIS GERLERO ISBN: 978-950-500-515-4 Dimensiones: 16 x 23 cm P\u00e1ginas: 128","rel":"","context":"Entrada similar","block_context":{"text":"Entrada similar","link":""},"img":{"alt_text":"Cardenal Pironio","src":"https:\/\/i0.wp.com\/libreriaguadalupe.com.ar\/libreria\/wp-content\/uploads\/2023\/12\/Cardenal-Pironio-Tapa-scaled.jpg?fit=820%2C1200&ssl=1&resize=350%2C200","width":350,"height":200,"srcset":"https:\/\/i0.wp.com\/libreriaguadalupe.com.ar\/libreria\/wp-content\/uploads\/2023\/12\/Cardenal-Pironio-Tapa-scaled.jpg?fit=820%2C1200&ssl=1&resize=350%2C200 1x, https:\/\/i0.wp.com\/libreriaguadalupe.com.ar\/libreria\/wp-content\/uploads\/2023\/12\/Cardenal-Pironio-Tapa-scaled.jpg?fit=820%2C1200&ssl=1&resize=525%2C300 1.5x, https:\/\/i0.wp.com\/libreriaguadalupe.com.ar\/libreria\/wp-content\/uploads\/2023\/12\/Cardenal-Pironio-Tapa-scaled.jpg?fit=820%2C1200&ssl=1&resize=700%2C400 2x"},"classes":[]},{"id":17424,"url":"https:\/\/libreriaguadalupe.com.ar\/libreria\/producto\/autoconocimiento\/","url_meta":{"origin":19075,"position":5},"title":"Autoconocimiento","author":"admin","date":"02\/08\/2023","format":false,"excerpt":"Conociendo a Dios... Conoci\u00e9ndonos... Predicaciones Autor: Claudio Rizzo ISBN: 978-950-500-900-8 Dimensiones: 14 x 20 cm P\u00e1ginas: 144","rel":"","context":"Entrada similar","block_context":{"text":"Entrada similar","link":""},"img":{"alt_text":"","src":"https:\/\/i0.wp.com\/libreriaguadalupe.com.ar\/libreria\/wp-content\/uploads\/2023\/08\/NOVEDAD-TIENDA-AGOSTO.jpg?fit=470%2C470&ssl=1&resize=350%2C200","width":350,"height":200},"classes":[]}],"_links":{"self":[{"href":"https:\/\/libreriaguadalupe.com.ar\/libreria\/wp-json\/wp\/v2\/product\/19075","targetHints":{"allow":["GET"]}}],"collection":[{"href":"https:\/\/libreriaguadalupe.com.ar\/libreria\/wp-json\/wp\/v2\/product"}],"about":[{"href":"https:\/\/libreriaguadalupe.com.ar\/libreria\/wp-json\/wp\/v2\/types\/product"}],"replies":[{"embeddable":true,"href":"https:\/\/libreriaguadalupe.com.ar\/libreria\/wp-json\/wp\/v2\/comments?post=19075"}],"version-history":[{"count":2,"href":"https:\/\/libreriaguadalupe.com.ar\/libreria\/wp-json\/wp\/v2\/product\/19075\/revisions"}],"predecessor-version":[{"id":19083,"href":"https:\/\/libreriaguadalupe.com.ar\/libreria\/wp-json\/wp\/v2\/product\/19075\/revisions\/19083"}],"wp:featuredmedia":[{"embeddable":true,"href":"https:\/\/libreriaguadalupe.com.ar\/libreria\/wp-json\/wp\/v2\/media\/19079"}],"wp:attachment":[{"href":"https:\/\/libreriaguadalupe.com.ar\/libreria\/wp-json\/wp\/v2\/media?parent=19075"}],"wp:term":[{"taxonomy":"product_brand","embeddable":true,"href":"https:\/\/libreriaguadalupe.com.ar\/libreria\/wp-json\/wp\/v2\/product_brand?post=19075"},{"taxonomy":"product_cat","embeddable":true,"href":"https:\/\/libreriaguadalupe.com.ar\/libreria\/wp-json\/wp\/v2\/product_cat?post=19075"},{"taxonomy":"product_tag","embeddable":true,"href":"https:\/\/libreriaguadalupe.com.ar\/libreria\/wp-json\/wp\/v2\/product_tag?post=19075"}],"curies":[{"name":"wp","href":"https:\/\/api.w.org\/{rel}","templated":true}]}}