{"id":17987,"date":"2024-04-19T12:54:19","date_gmt":"2024-04-19T15:54:19","guid":{"rendered":"https:\/\/libreriaguadalupe.com.ar\/libreria\/?post_type=product&#038;p=17987"},"modified":"2026-03-27T01:13:26","modified_gmt":"2026-03-27T04:13:26","slug":"mama-antula-una-santa-argentina-para-el-mundo","status":"publish","type":"product","link":"https:\/\/libreriaguadalupe.com.ar\/libreria\/producto\/mama-antula-una-santa-argentina-para-el-mundo\/","title":{"rendered":"Mama Antula, una santa argentina para el mundo"},"content":{"rendered":"<p>Mar\u00eda Antonia de San Jos\u00e9, una mujer del siglo xviii, es tambi\u00e9n una \u201cmujer de hoy\u201d. Como bien afirma la autora de este libro, ella \u201cnos ense\u00f1a una forma inquieta y audaz de estar en el mundo, un mundo en transformaci\u00f3n, ca\u00f3tico, al igual que el de aquella \u00e9poca\u201d. El peregrinar de Mama Antula responde a nuestras inquietudes actuales: \u00bfqu\u00e9 hacer cuando nuestro camino se cierra o presentimos que todo lo conocido se derrumba?<\/p>\n<p>En un momento de oscuridad y desconcierto frente a la expulsi\u00f3n de la Compa\u00f1\u00eda de Jes\u00fas, esta santiague\u00f1a, valientemente, se puso en camino. Con coraz\u00f3n misericordioso, constructor de paz y solidario con todos, recorri\u00f3 grandes extensiones de tierra y emprendi\u00f3 una obra extraordinaria que la har\u00eda conocida en toda Europa. En estas p\u00e1ginas ella nos revela la fuente que nutr\u00eda sus anhelos: su inmenso amor a Dios, motor de todo su accionar.<\/p>\n<p>Alicia Fraschina es Doctora en Historia por la Universidad de Buenos Aires. Ejerci\u00f3 la docencia en la Facultad de Ciencias Sociales de dicha Universidad y en la Escuela de Lenguas Modernas de la Universidad del Salvador, de la que es Profesora Em\u00e9rita. Participa como investigadora en el Grupo RELIGIO, UBA. Es autora de los libros, Mujeres consagradas en el Buenos Aires colonial, EUDEBA; La expulsi\u00f3n no fue ausencia. Mar\u00eda Antonia de San Jos\u00e9, beata de la Compa\u00f1\u00eda de Jes\u00fas, Prohistoria ediciones; Ep\u00edstolas y otras huellas de Mama Antula, Agape libros. Ha publicado numerosos art\u00edculos en revistas y cap\u00edtulos de libros en Argentina, Europa y las Am\u00e9ricas sobre el tema de su especialidad: las monjas y beatas de Buenos Aires desde el siglo XVII hasta comienzos del XX. En 1998 el entonces arzobispo de Buenos Aires, Monse\u00f1or Jorge Bergoglio, hoy Papa Francisco, la nombr\u00f3 miembro de la Comisi\u00f3n Hist\u00f3rica para la causa de beatificaci\u00f3n de Mar\u00eda Antonia de San Jos\u00e9. Desde entonces ha dado conferencias en torno a Mar\u00eda Antonia de San Jos\u00e9\/Mama Antula, en Universidades de distintos pa\u00edses, por ejemplo, en la Universidad Gregoriana en Roma, como parte de las celebraciones de la Canonizaci\u00f3n de Mar\u00eda Antonia de San Jos\u00e9.<\/p>\n","protected":false},"excerpt":{"rendered":"<p><img decoding=\"async\" class=\"alignnone size-full wp-image-16595\" src=\"https:\/\/libreriaguadalupe.com.ar\/libreria\/wp-content\/uploads\/2023\/03\/nuevo.png\" alt=\"\" width=\"200\" height=\"125\" \/><\/p>\n<p>Autor: Alicia Fraschina<strong><br \/>\n<\/strong>ISBN: 9789877621624<br \/>\nDimensiones: 14 x 20 cm<br \/>\nP\u00e1ginas: 128<\/p>\n","protected":false},"featured_media":17988,"comment_status":"open","ping_status":"closed","template":"","meta":{"jetpack_publicize_message":"","jetpack_publicize_feature_enabled":true,"jetpack_social_post_already_shared":true,"jetpack_social_options":{"image_generator_settings":{"template":"highway","default_image_id":0,"font":"","enabled":false},"version":2}},"product_brand":[],"product_cat":[125,88,121],"product_tag":[127],"class_list":{"0":"post-17987","1":"product","2":"type-product","3":"status-publish","4":"has-post-thumbnail","6":"product_cat-novedades","7":"product_cat-espiritualidad-cultura-social","8":"product_cat-guadalupe","9":"product_tag-editorial-guadalupe-de-argentina","11":"first","12":"instock","13":"shipping-taxable","14":"purchasable","15":"product-type-simple"},"yoast_head":"<!-- This site is optimized with the Yoast SEO plugin v27.4 - https:\/\/yoast.com\/product\/yoast-seo-wordpress\/ -->\n<title>Mama Antula, una santa argentina para el mundo - Editorial Guadalupe de Argentina<\/title>\n<meta name=\"description\" content=\"Mar\u00eda Antonia de San Jos\u00e9, una mujer del siglo xviii, es tambi\u00e9n una \u201cmujer de hoy\u201d. Como bien afirma la autora de este libro, ella \u201cnos ense\u00f1a una forma inquieta y audaz de estar en el mundo, un mundo en transformaci\u00f3n, ca\u00f3tico, al igual que el de aquella \u00e9poca\u201d.\" \/>\n<meta name=\"robots\" content=\"index, follow, max-snippet:-1, max-image-preview:large, max-video-preview:-1\" \/>\n<link rel=\"canonical\" href=\"https:\/\/libreriaguadalupe.com.ar\/libreria\/producto\/mama-antula-una-santa-argentina-para-el-mundo\/\" \/>\n<meta property=\"og:locale\" content=\"es_ES\" \/>\n<meta property=\"og:type\" content=\"article\" \/>\n<meta property=\"og:title\" content=\"Mama Antula, una santa argentina para el mundo - Editorial Guadalupe de Argentina\" \/>\n<meta property=\"og:description\" content=\"Mar\u00eda Antonia de San Jos\u00e9, una mujer del siglo xviii, es tambi\u00e9n una \u201cmujer de hoy\u201d. Como bien afirma la autora de este libro, ella \u201cnos ense\u00f1a una forma inquieta y audaz de estar en el mundo, un mundo en transformaci\u00f3n, ca\u00f3tico, al igual que el de aquella \u00e9poca\u201d.\" \/>\n<meta property=\"og:url\" content=\"https:\/\/libreriaguadalupe.com.ar\/libreria\/producto\/mama-antula-una-santa-argentina-para-el-mundo\/\" \/>\n<meta property=\"og:site_name\" content=\"Editorial Guadalupe de Argentina\" \/>\n<meta property=\"article:publisher\" content=\"https:\/\/www.facebook.com\/LibreriaGuadalupeAR\/\" \/>\n<meta property=\"article:modified_time\" content=\"2026-03-27T04:13:26+00:00\" \/>\n<meta property=\"og:image\" content=\"https:\/\/libreriaguadalupe.com.ar\/libreria\/wp-content\/uploads\/2024\/04\/NOVEDAD-TIENDA-ABRIL-3.jpg\" \/>\n\t<meta property=\"og:image:width\" content=\"470\" \/>\n\t<meta property=\"og:image:height\" content=\"470\" \/>\n\t<meta property=\"og:image:type\" content=\"image\/jpeg\" \/>\n<meta name=\"twitter:card\" content=\"summary_large_image\" \/>\n<meta name=\"twitter:label1\" content=\"Tiempo de lectura\" \/>\n\t<meta name=\"twitter:data1\" content=\"2 minutos\" \/>\n<script type=\"application\/ld+json\" class=\"yoast-schema-graph\">{\"@context\":\"https:\\\/\\\/schema.org\",\"@graph\":[{\"@type\":\"WebPage\",\"@id\":\"https:\\\/\\\/libreriaguadalupe.com.ar\\\/libreria\\\/producto\\\/mama-antula-una-santa-argentina-para-el-mundo\\\/\",\"url\":\"https:\\\/\\\/libreriaguadalupe.com.ar\\\/libreria\\\/producto\\\/mama-antula-una-santa-argentina-para-el-mundo\\\/\",\"name\":\"Mama Antula, una santa argentina para el mundo - Editorial Guadalupe de Argentina\",\"isPartOf\":{\"@id\":\"https:\\\/\\\/libreriaguadalupe.com.ar\\\/libreria\\\/#website\"},\"primaryImageOfPage\":{\"@id\":\"https:\\\/\\\/libreriaguadalupe.com.ar\\\/libreria\\\/producto\\\/mama-antula-una-santa-argentina-para-el-mundo\\\/#primaryimage\"},\"image\":{\"@id\":\"https:\\\/\\\/libreriaguadalupe.com.ar\\\/libreria\\\/producto\\\/mama-antula-una-santa-argentina-para-el-mundo\\\/#primaryimage\"},\"thumbnailUrl\":\"https:\\\/\\\/i0.wp.com\\\/libreriaguadalupe.com.ar\\\/libreria\\\/wp-content\\\/uploads\\\/2024\\\/04\\\/NOVEDAD-TIENDA-ABRIL-3.jpg?fit=470%2C470&ssl=1\",\"datePublished\":\"2024-04-19T15:54:19+00:00\",\"dateModified\":\"2026-03-27T04:13:26+00:00\",\"description\":\"Mar\u00eda Antonia de San Jos\u00e9, una mujer del siglo xviii, es tambi\u00e9n una \u201cmujer de hoy\u201d. Como bien afirma la autora de este libro, ella \u201cnos ense\u00f1a una forma inquieta y audaz de estar en el mundo, un mundo en transformaci\u00f3n, ca\u00f3tico, al igual que el de aquella \u00e9poca\u201d.\",\"breadcrumb\":{\"@id\":\"https:\\\/\\\/libreriaguadalupe.com.ar\\\/libreria\\\/producto\\\/mama-antula-una-santa-argentina-para-el-mundo\\\/#breadcrumb\"},\"inLanguage\":\"es\",\"potentialAction\":[{\"@type\":\"ReadAction\",\"target\":[\"https:\\\/\\\/libreriaguadalupe.com.ar\\\/libreria\\\/producto\\\/mama-antula-una-santa-argentina-para-el-mundo\\\/\"]}]},{\"@type\":\"ImageObject\",\"inLanguage\":\"es\",\"@id\":\"https:\\\/\\\/libreriaguadalupe.com.ar\\\/libreria\\\/producto\\\/mama-antula-una-santa-argentina-para-el-mundo\\\/#primaryimage\",\"url\":\"https:\\\/\\\/i0.wp.com\\\/libreriaguadalupe.com.ar\\\/libreria\\\/wp-content\\\/uploads\\\/2024\\\/04\\\/NOVEDAD-TIENDA-ABRIL-3.jpg?fit=470%2C470&ssl=1\",\"contentUrl\":\"https:\\\/\\\/i0.wp.com\\\/libreriaguadalupe.com.ar\\\/libreria\\\/wp-content\\\/uploads\\\/2024\\\/04\\\/NOVEDAD-TIENDA-ABRIL-3.jpg?fit=470%2C470&ssl=1\",\"width\":470,\"height\":470},{\"@type\":\"BreadcrumbList\",\"@id\":\"https:\\\/\\\/libreriaguadalupe.com.ar\\\/libreria\\\/producto\\\/mama-antula-una-santa-argentina-para-el-mundo\\\/#breadcrumb\",\"itemListElement\":[{\"@type\":\"ListItem\",\"position\":1,\"name\":\"Portada\",\"item\":\"https:\\\/\\\/libreriaguadalupe.com.ar\\\/libreria\\\/\"},{\"@type\":\"ListItem\",\"position\":2,\"name\":\"Tienda\",\"item\":\"https:\\\/\\\/libreriaguadalupe.com.ar\\\/libreria\\\/\"},{\"@type\":\"ListItem\",\"position\":3,\"name\":\"Mama Antula, una santa argentina para el mundo\"}]},{\"@type\":\"WebSite\",\"@id\":\"https:\\\/\\\/libreriaguadalupe.com.ar\\\/libreria\\\/#website\",\"url\":\"https:\\\/\\\/libreriaguadalupe.com.ar\\\/libreria\\\/\",\"name\":\"Editorial Guadalupe de Argentina\",\"description\":\"Congregaci\u00f3n del Verbo Divino\",\"publisher\":{\"@id\":\"https:\\\/\\\/libreriaguadalupe.com.ar\\\/libreria\\\/#organization\"},\"alternateName\":\"Librer\u00eda Guadalupe\",\"potentialAction\":[{\"@type\":\"SearchAction\",\"target\":{\"@type\":\"EntryPoint\",\"urlTemplate\":\"https:\\\/\\\/libreriaguadalupe.com.ar\\\/libreria\\\/?s={search_term_string}\"},\"query-input\":{\"@type\":\"PropertyValueSpecification\",\"valueRequired\":true,\"valueName\":\"search_term_string\"}}],\"inLanguage\":\"es\"},{\"@type\":\"Organization\",\"@id\":\"https:\\\/\\\/libreriaguadalupe.com.ar\\\/libreria\\\/#organization\",\"name\":\"Editorial Guadalupe\",\"alternateName\":\"Librer\u00eda Guadalupe\",\"url\":\"https:\\\/\\\/libreriaguadalupe.com.ar\\\/libreria\\\/\",\"logo\":{\"@type\":\"ImageObject\",\"inLanguage\":\"es\",\"@id\":\"https:\\\/\\\/libreriaguadalupe.com.ar\\\/libreria\\\/#\\\/schema\\\/logo\\\/image\\\/\",\"url\":\"https:\\\/\\\/i0.wp.com\\\/libreriaguadalupe.com.ar\\\/libreria\\\/wp-content\\\/uploads\\\/2023\\\/01\\\/cropped-logo-editorial-guadalupe.webp?fit=500%2C100&ssl=1\",\"contentUrl\":\"https:\\\/\\\/i0.wp.com\\\/libreriaguadalupe.com.ar\\\/libreria\\\/wp-content\\\/uploads\\\/2023\\\/01\\\/cropped-logo-editorial-guadalupe.webp?fit=500%2C100&ssl=1\",\"width\":500,\"height\":100,\"caption\":\"Editorial Guadalupe\"},\"image\":{\"@id\":\"https:\\\/\\\/libreriaguadalupe.com.ar\\\/libreria\\\/#\\\/schema\\\/logo\\\/image\\\/\"},\"sameAs\":[\"https:\\\/\\\/www.facebook.com\\\/LibreriaGuadalupeAR\\\/\",\"https:\\\/\\\/www.instagram.com\\\/editorialguadalupe\\\/\",\"https:\\\/\\\/guadalupeeditorial.mercadoshops.com.ar\\\/\"]}]}<\/script>\n<!-- \/ Yoast SEO plugin. -->","yoast_head_json":{"title":"Mama Antula, una santa argentina para el mundo - Editorial Guadalupe de Argentina","description":"Mar\u00eda Antonia de San Jos\u00e9, una mujer del siglo xviii, es tambi\u00e9n una \u201cmujer de hoy\u201d. Como bien afirma la autora de este libro, ella \u201cnos ense\u00f1a una forma inquieta y audaz de estar en el mundo, un mundo en transformaci\u00f3n, ca\u00f3tico, al igual que el de aquella \u00e9poca\u201d.","robots":{"index":"index","follow":"follow","max-snippet":"max-snippet:-1","max-image-preview":"max-image-preview:large","max-video-preview":"max-video-preview:-1"},"canonical":"https:\/\/libreriaguadalupe.com.ar\/libreria\/producto\/mama-antula-una-santa-argentina-para-el-mundo\/","og_locale":"es_ES","og_type":"article","og_title":"Mama Antula, una santa argentina para el mundo - Editorial Guadalupe de Argentina","og_description":"Mar\u00eda Antonia de San Jos\u00e9, una mujer del siglo xviii, es tambi\u00e9n una \u201cmujer de hoy\u201d. Como bien afirma la autora de este libro, ella \u201cnos ense\u00f1a una forma inquieta y audaz de estar en el mundo, un mundo en transformaci\u00f3n, ca\u00f3tico, al igual que el de aquella \u00e9poca\u201d.","og_url":"https:\/\/libreriaguadalupe.com.ar\/libreria\/producto\/mama-antula-una-santa-argentina-para-el-mundo\/","og_site_name":"Editorial Guadalupe de Argentina","article_publisher":"https:\/\/www.facebook.com\/LibreriaGuadalupeAR\/","article_modified_time":"2026-03-27T04:13:26+00:00","og_image":[{"width":470,"height":470,"url":"https:\/\/libreriaguadalupe.com.ar\/libreria\/wp-content\/uploads\/2024\/04\/NOVEDAD-TIENDA-ABRIL-3.jpg","type":"image\/jpeg"}],"twitter_card":"summary_large_image","twitter_misc":{"Tiempo de lectura":"2 minutos"},"schema":{"@context":"https:\/\/schema.org","@graph":[{"@type":"WebPage","@id":"https:\/\/libreriaguadalupe.com.ar\/libreria\/producto\/mama-antula-una-santa-argentina-para-el-mundo\/","url":"https:\/\/libreriaguadalupe.com.ar\/libreria\/producto\/mama-antula-una-santa-argentina-para-el-mundo\/","name":"Mama Antula, una santa argentina para el mundo - Editorial Guadalupe de Argentina","isPartOf":{"@id":"https:\/\/libreriaguadalupe.com.ar\/libreria\/#website"},"primaryImageOfPage":{"@id":"https:\/\/libreriaguadalupe.com.ar\/libreria\/producto\/mama-antula-una-santa-argentina-para-el-mundo\/#primaryimage"},"image":{"@id":"https:\/\/libreriaguadalupe.com.ar\/libreria\/producto\/mama-antula-una-santa-argentina-para-el-mundo\/#primaryimage"},"thumbnailUrl":"https:\/\/i0.wp.com\/libreriaguadalupe.com.ar\/libreria\/wp-content\/uploads\/2024\/04\/NOVEDAD-TIENDA-ABRIL-3.jpg?fit=470%2C470&ssl=1","datePublished":"2024-04-19T15:54:19+00:00","dateModified":"2026-03-27T04:13:26+00:00","description":"Mar\u00eda Antonia de San Jos\u00e9, una mujer del siglo xviii, es tambi\u00e9n una \u201cmujer de hoy\u201d. Como bien afirma la autora de este libro, ella \u201cnos ense\u00f1a una forma inquieta y audaz de estar en el mundo, un mundo en transformaci\u00f3n, ca\u00f3tico, al igual que el de aquella \u00e9poca\u201d.","breadcrumb":{"@id":"https:\/\/libreriaguadalupe.com.ar\/libreria\/producto\/mama-antula-una-santa-argentina-para-el-mundo\/#breadcrumb"},"inLanguage":"es","potentialAction":[{"@type":"ReadAction","target":["https:\/\/libreriaguadalupe.com.ar\/libreria\/producto\/mama-antula-una-santa-argentina-para-el-mundo\/"]}]},{"@type":"ImageObject","inLanguage":"es","@id":"https:\/\/libreriaguadalupe.com.ar\/libreria\/producto\/mama-antula-una-santa-argentina-para-el-mundo\/#primaryimage","url":"https:\/\/i0.wp.com\/libreriaguadalupe.com.ar\/libreria\/wp-content\/uploads\/2024\/04\/NOVEDAD-TIENDA-ABRIL-3.jpg?fit=470%2C470&ssl=1","contentUrl":"https:\/\/i0.wp.com\/libreriaguadalupe.com.ar\/libreria\/wp-content\/uploads\/2024\/04\/NOVEDAD-TIENDA-ABRIL-3.jpg?fit=470%2C470&ssl=1","width":470,"height":470},{"@type":"BreadcrumbList","@id":"https:\/\/libreriaguadalupe.com.ar\/libreria\/producto\/mama-antula-una-santa-argentina-para-el-mundo\/#breadcrumb","itemListElement":[{"@type":"ListItem","position":1,"name":"Portada","item":"https:\/\/libreriaguadalupe.com.ar\/libreria\/"},{"@type":"ListItem","position":2,"name":"Tienda","item":"https:\/\/libreriaguadalupe.com.ar\/libreria\/"},{"@type":"ListItem","position":3,"name":"Mama Antula, una santa argentina para el mundo"}]},{"@type":"WebSite","@id":"https:\/\/libreriaguadalupe.com.ar\/libreria\/#website","url":"https:\/\/libreriaguadalupe.com.ar\/libreria\/","name":"Editorial Guadalupe de Argentina","description":"Congregaci\u00f3n del Verbo Divino","publisher":{"@id":"https:\/\/libreriaguadalupe.com.ar\/libreria\/#organization"},"alternateName":"Librer\u00eda Guadalupe","potentialAction":[{"@type":"SearchAction","target":{"@type":"EntryPoint","urlTemplate":"https:\/\/libreriaguadalupe.com.ar\/libreria\/?s={search_term_string}"},"query-input":{"@type":"PropertyValueSpecification","valueRequired":true,"valueName":"search_term_string"}}],"inLanguage":"es"},{"@type":"Organization","@id":"https:\/\/libreriaguadalupe.com.ar\/libreria\/#organization","name":"Editorial Guadalupe","alternateName":"Librer\u00eda Guadalupe","url":"https:\/\/libreriaguadalupe.com.ar\/libreria\/","logo":{"@type":"ImageObject","inLanguage":"es","@id":"https:\/\/libreriaguadalupe.com.ar\/libreria\/#\/schema\/logo\/image\/","url":"https:\/\/i0.wp.com\/libreriaguadalupe.com.ar\/libreria\/wp-content\/uploads\/2023\/01\/cropped-logo-editorial-guadalupe.webp?fit=500%2C100&ssl=1","contentUrl":"https:\/\/i0.wp.com\/libreriaguadalupe.com.ar\/libreria\/wp-content\/uploads\/2023\/01\/cropped-logo-editorial-guadalupe.webp?fit=500%2C100&ssl=1","width":500,"height":100,"caption":"Editorial Guadalupe"},"image":{"@id":"https:\/\/libreriaguadalupe.com.ar\/libreria\/#\/schema\/logo\/image\/"},"sameAs":["https:\/\/www.facebook.com\/LibreriaGuadalupeAR\/","https:\/\/www.instagram.com\/editorialguadalupe\/","https:\/\/guadalupeeditorial.mercadoshops.com.ar\/"]}]}},"jetpack_publicize_connections":[],"jetpack_sharing_enabled":true,"jetpack-related-posts":[{"id":17885,"url":"https:\/\/libreriaguadalupe.com.ar\/libreria\/producto\/mama-antula\/","url_meta":{"origin":17987,"position":0},"title":"Mama Antula","author":"admin","date":"14\/03\/2024","format":false,"excerpt":"La viajera que en sus pies solo llevaba la luna Autor: ANDREA CARLA CIANCAGLINI ISBN: 978-950-500-917-6 Dimensiones: 11 x 17 cm P\u00e1ginas: 20","rel":"","context":"Entrada similar","block_context":{"text":"Entrada similar","link":""},"img":{"alt_text":"","src":"https:\/\/i0.wp.com\/libreriaguadalupe.com.ar\/libreria\/wp-content\/uploads\/2024\/03\/NOVEDAD-TIENDA-FEBRERO.jpg?fit=470%2C470&ssl=1&resize=350%2C200","width":350,"height":200},"classes":[]},{"id":17295,"url":"https:\/\/libreriaguadalupe.com.ar\/libreria\/producto\/diario-de-santa-maria-faustina-kowalska\/","url_meta":{"origin":17987,"position":1},"title":"Diario de Santa Mar\u00eda Faustina Kowalska","author":"admin","date":"30\/05\/2023","format":false,"excerpt":"LA DIVINA MISERICORDIA EN MI ALMA Autor: SANTA MAR\u00cdA FAUSTINA KOWALSKA ISBN: 9872221308 Dimensiones: 13 x 20 cm P\u00e1ginas: 720","rel":"","context":"Entrada similar","block_context":{"text":"Entrada similar","link":""},"img":{"alt_text":"","src":"https:\/\/i0.wp.com\/libreriaguadalupe.com.ar\/libreria\/wp-content\/uploads\/2023\/05\/DIARIO-DE-SANTA-MARIA-FAUSTINA-KOWALSKA.png?fit=414%2C603&ssl=1&resize=350%2C200","width":350,"height":200},"classes":[]},{"id":16066,"url":"https:\/\/libreriaguadalupe.com.ar\/libreria\/producto\/un-camino-hacia-la-remodelacion-interior\/","url_meta":{"origin":17987,"position":2},"title":"Un camino hacia la remodelaci\u00f3n interior","author":"admin","date":"12\/02\/2023","format":false,"excerpt":"AUTOR: YAMANOUCHI, FIDEL ISBN: 9505008315","rel":"","context":"Entrada similar","block_context":{"text":"Entrada similar","link":""},"img":{"alt_text":"","src":"https:\/\/i0.wp.com\/libreriaguadalupe.com.ar\/libreria\/wp-content\/uploads\/2023\/02\/Un-camino-hacia-la-remodelacion-interior.jpg?fit=400%2C600&ssl=1&resize=350%2C200","width":350,"height":200},"classes":[]},{"id":16859,"url":"https:\/\/libreriaguadalupe.com.ar\/libreria\/producto\/apocalipsis-vision-de-un-mundo-justo\/","url_meta":{"origin":17987,"position":3},"title":"Apocalipsis Visi\u00f3n de un mundo justo","author":"admin","date":"22\/03\/2023","format":false,"excerpt":"Visi\u00f3n de un mundo justo Autor: Elisabeth Sch\u00fcssler Fiorenza ISBN: 8499451350 Dimensiones: 15 x 23 cm P\u00e1ginas: 220","rel":"","context":"Entrada similar","block_context":{"text":"Entrada similar","link":""},"img":{"alt_text":"","src":"https:\/\/i0.wp.com\/libreriaguadalupe.com.ar\/libreria\/wp-content\/uploads\/2023\/03\/Apocalipsis.jpg?fit=380%2C586&ssl=1&resize=350%2C200","width":350,"height":200},"classes":[]},{"id":15979,"url":"https:\/\/libreriaguadalupe.com.ar\/libreria\/producto\/la-soledad-en-estos-tiempos\/","url_meta":{"origin":17987,"position":4},"title":"La soledad en estos tiempos","author":"admin","date":"12\/02\/2023","format":false,"excerpt":"Predicaciones AUTOR: CLAUDIO RIZZO ISBN: 9505008063","rel":"","context":"Entrada similar","block_context":{"text":"Entrada similar","link":""},"img":{"alt_text":"","src":"https:\/\/i0.wp.com\/libreriaguadalupe.com.ar\/libreria\/wp-content\/uploads\/2023\/02\/La-soledad-en-estos-tiempos.jpg?fit=475%2C640&ssl=1&resize=350%2C200","width":350,"height":200},"classes":[]},{"id":15982,"url":"https:\/\/libreriaguadalupe.com.ar\/libreria\/producto\/la-soledad-en-estos-tiempos-e-book\/","url_meta":{"origin":17987,"position":5},"title":"La soledad en estos tiempos (E-BOOK)","author":"admin","date":"12\/02\/2023","format":false,"excerpt":"EDICION DIGITAL AUTOR: CLAUDIO RIZZO ISBN: 9505007998","rel":"","context":"Entrada similar","block_context":{"text":"Entrada similar","link":""},"img":{"alt_text":"","src":"https:\/\/i0.wp.com\/libreriaguadalupe.com.ar\/libreria\/wp-content\/uploads\/2023\/02\/La-soledad-en-estos-tiempos.jpg?fit=475%2C640&ssl=1&resize=350%2C200","width":350,"height":200},"classes":[]}],"_links":{"self":[{"href":"https:\/\/libreriaguadalupe.com.ar\/libreria\/wp-json\/wp\/v2\/product\/17987","targetHints":{"allow":["GET"]}}],"collection":[{"href":"https:\/\/libreriaguadalupe.com.ar\/libreria\/wp-json\/wp\/v2\/product"}],"about":[{"href":"https:\/\/libreriaguadalupe.com.ar\/libreria\/wp-json\/wp\/v2\/types\/product"}],"replies":[{"embeddable":true,"href":"https:\/\/libreriaguadalupe.com.ar\/libreria\/wp-json\/wp\/v2\/comments?post=17987"}],"version-history":[{"count":1,"href":"https:\/\/libreriaguadalupe.com.ar\/libreria\/wp-json\/wp\/v2\/product\/17987\/revisions"}],"predecessor-version":[{"id":17992,"href":"https:\/\/libreriaguadalupe.com.ar\/libreria\/wp-json\/wp\/v2\/product\/17987\/revisions\/17992"}],"wp:featuredmedia":[{"embeddable":true,"href":"https:\/\/libreriaguadalupe.com.ar\/libreria\/wp-json\/wp\/v2\/media\/17988"}],"wp:attachment":[{"href":"https:\/\/libreriaguadalupe.com.ar\/libreria\/wp-json\/wp\/v2\/media?parent=17987"}],"wp:term":[{"taxonomy":"product_brand","embeddable":true,"href":"https:\/\/libreriaguadalupe.com.ar\/libreria\/wp-json\/wp\/v2\/product_brand?post=17987"},{"taxonomy":"product_cat","embeddable":true,"href":"https:\/\/libreriaguadalupe.com.ar\/libreria\/wp-json\/wp\/v2\/product_cat?post=17987"},{"taxonomy":"product_tag","embeddable":true,"href":"https:\/\/libreriaguadalupe.com.ar\/libreria\/wp-json\/wp\/v2\/product_tag?post=17987"}],"curies":[{"name":"wp","href":"https:\/\/api.w.org\/{rel}","templated":true}]}}