{"id":17927,"date":"2024-03-22T17:19:50","date_gmt":"2024-03-22T20:19:50","guid":{"rendered":"https:\/\/libreriaguadalupe.com.ar\/libreria\/?post_type=product&#038;p=17927"},"modified":"2024-08-02T12:22:36","modified_gmt":"2024-08-02T15:22:36","slug":"el-evangelio-en-la-cruz","status":"publish","type":"product","link":"https:\/\/libreriaguadalupe.com.ar\/libreria\/producto\/el-evangelio-en-la-cruz\/","title":{"rendered":"El Evangelio en la Cruz"},"content":{"rendered":"<p><strong>Presentaci\u00f3n<\/strong><\/p>\n<p>El libro \u00abEl Evangelio en la Cruz- Breve Catecismo Cat\u00f3lico\u00bb de Leonardo Legr\u00e1s, nos invita a contemplar la Cruz catequ\u00edstica de Matar\u00e1, para descubrir all\u00ed el misterio del Amor Redentor y beber de la fuente de la Pasi\u00f3n de Nuestro Se\u00f1or Jesucristo.<\/p>\n<p>Contemplar la Cruz, no desde la curiosidad sino desde la mirada de la fe, nos abre una puerta a la fuerza y sabidur\u00eda escondida en la locura de la Cruz: \u00abPorque los jud\u00edos piden milagros, los griegos buscan sabidur\u00eda, mientras que nosotros anunciamos un Cristo crucificado, esc\u00e1ndalo para los jud\u00edos, locura para los paganos, pero para los llamados, tanto jud\u00edos como griegos, un Cristo que es fuerza y sabidur\u00eda de Dios\u00bb 11 Cor 1, 22-24)<\/p>\n<p>Levantamos los ojos hacia la Cruz, miramos a Jesucristo que desde ah\u00ed atrae a todos hacia si, centro de gravitaci\u00f3n hacia donde todo se recapitula, se ilumina y se redime. Recordemos la escena que nos narra el libro de N\u00fameros 21, 9. \u00abMois\u00e9s hizo una serpiente de bronce la coloc\u00f3 en un estandarte. Cuando una serpiente montia a uno, \u00e9l miraba a la serpiente de bronce y quedaba sanado\u00bb. Nosotros tambi\u00e9n con las \u00abmordeduras que nos debilitan y enferman, con el peso de nuestras vidas a cuestas, con las esperanzas y deseos que nos aruman, muramos la Cruz para dejar que ella nos transmita su mensaje de vida nueva.<\/p>\n<p>El pueblo de Israel se constituy\u00f3 en torno al Sinai, el pueblo cristiano se constituye en torno al Se\u00f1or Jes\u00fas, desde la Cruz como la expresi\u00f3n m\u00e1xima de su amor total, no porque es signo de dolor sino porque es amor donado que salva: \u00abTanto amo Dios al mundo, que envi\u00f3 a su Hijo \u00fanico, para que quien crea en el no muera, sino tenga vida eterna\u00bb (Jn 3, 16).<\/p>\n<p>&nbsp;<\/p>\n<blockquote><p>\u00abLa finalidad de la catequesis, que es una etapa privilegiada de la evangelizaci\u00f3n, es llegar a encontrar a Jesucristo y permitir que \u00c9l crezca en nosotros\u00bb<\/p><\/blockquote>\n<p>(Sumo Pont\u00edfice Francisco)<\/p>\n","protected":false},"excerpt":{"rendered":"<p><strong>Breve Catecismo Cat\u00f3lico<\/strong><\/p>\n<p><img decoding=\"async\" class=\"alignnone size-full wp-image-16595\" src=\"https:\/\/libreriaguadalupe.com.ar\/libreria\/wp-content\/uploads\/2023\/03\/nuevo.png\" alt=\"\" width=\"200\" height=\"125\" \/><\/p>\n<p>Autor: Leonardo Legr\u00e1s<br \/>\n<span style=\"color: #ffcc00;\"><a style=\"color: #ffcc00;\" href=\"https:\/\/libreriaguadalupe.com.ar\/libreria\/?s=Leonardo+Legr%C3%A1s&amp;post_type=product\"><strong>[\u00a0VER M\u00c1S OBRAS\u00a0]<\/strong><\/a><\/span><strong><br \/>\n<\/strong>ISBN: 978-950-500-918-3<br \/>\nDimensiones: 14 x 22 cm<br \/>\nP\u00e1ginas: 118<\/p>\n","protected":false},"featured_media":17928,"comment_status":"open","ping_status":"closed","template":"","meta":{"jetpack_publicize_message":"","jetpack_publicize_feature_enabled":true,"jetpack_social_post_already_shared":true,"jetpack_social_options":{"image_generator_settings":{"template":"highway","default_image_id":0,"font":"","enabled":false},"version":2}},"product_brand":[],"product_cat":[125,73,121],"product_tag":[127],"class_list":{"0":"post-17927","1":"product","2":"type-product","3":"status-publish","4":"has-post-thumbnail","6":"product_cat-novedades","7":"product_cat-catequesis-y-educacion-en-la-fe","8":"product_cat-guadalupe","9":"product_tag-editorial-guadalupe-de-argentina","11":"first","12":"outofstock","13":"shipping-taxable","14":"purchasable","15":"product-type-simple"},"yoast_head":"<!-- This site is optimized with the Yoast SEO plugin v27.4 - https:\/\/yoast.com\/product\/yoast-seo-wordpress\/ -->\n<title>El Evangelio en la Cruz - Editorial Guadalupe de Argentina<\/title>\n<meta name=\"description\" content=\"El libro &quot;El Evangelio en la Cruz- Breve Catecismo Cat\u00f3lico&quot; de Leonardo Legr\u00e1s, nos invita a contemplar la Cruz catequ\u00edstica de Matar\u00e1, para descubrir all\u00ed el misterio del Amor Redentor y beber de la fuente de la Pasi\u00f3n de Nuestro Se\u00f1or Jesucristo.\" \/>\n<meta name=\"robots\" content=\"index, follow, max-snippet:-1, max-image-preview:large, max-video-preview:-1\" \/>\n<link rel=\"canonical\" href=\"https:\/\/libreriaguadalupe.com.ar\/libreria\/producto\/el-evangelio-en-la-cruz\/\" \/>\n<meta property=\"og:locale\" content=\"es_ES\" \/>\n<meta property=\"og:type\" content=\"article\" \/>\n<meta property=\"og:title\" content=\"El Evangelio en la Cruz - Editorial Guadalupe de Argentina\" \/>\n<meta property=\"og:description\" content=\"El libro &quot;El Evangelio en la Cruz- Breve Catecismo Cat\u00f3lico&quot; de Leonardo Legr\u00e1s, nos invita a contemplar la Cruz catequ\u00edstica de Matar\u00e1, para descubrir all\u00ed el misterio del Amor Redentor y beber de la fuente de la Pasi\u00f3n de Nuestro Se\u00f1or Jesucristo.\" \/>\n<meta property=\"og:url\" content=\"https:\/\/libreriaguadalupe.com.ar\/libreria\/producto\/el-evangelio-en-la-cruz\/\" \/>\n<meta property=\"og:site_name\" content=\"Editorial Guadalupe de Argentina\" \/>\n<meta property=\"article:publisher\" content=\"https:\/\/www.facebook.com\/LibreriaGuadalupeAR\/\" \/>\n<meta property=\"article:modified_time\" content=\"2024-08-02T15:22:36+00:00\" \/>\n<meta property=\"og:image\" content=\"https:\/\/libreriaguadalupe.com.ar\/libreria\/wp-content\/uploads\/2024\/03\/NOVEDAD-TIENDA-MARZO-3.jpg\" \/>\n\t<meta property=\"og:image:width\" content=\"470\" \/>\n\t<meta property=\"og:image:height\" content=\"470\" \/>\n\t<meta property=\"og:image:type\" content=\"image\/jpeg\" \/>\n<meta name=\"twitter:card\" content=\"summary_large_image\" \/>\n<meta name=\"twitter:label1\" content=\"Tiempo de lectura\" \/>\n\t<meta name=\"twitter:data1\" content=\"2 minutos\" \/>\n<script type=\"application\/ld+json\" class=\"yoast-schema-graph\">{\"@context\":\"https:\\\/\\\/schema.org\",\"@graph\":[{\"@type\":\"WebPage\",\"@id\":\"https:\\\/\\\/libreriaguadalupe.com.ar\\\/libreria\\\/producto\\\/el-evangelio-en-la-cruz\\\/\",\"url\":\"https:\\\/\\\/libreriaguadalupe.com.ar\\\/libreria\\\/producto\\\/el-evangelio-en-la-cruz\\\/\",\"name\":\"El Evangelio en la Cruz - Editorial Guadalupe de Argentina\",\"isPartOf\":{\"@id\":\"https:\\\/\\\/libreriaguadalupe.com.ar\\\/libreria\\\/#website\"},\"primaryImageOfPage\":{\"@id\":\"https:\\\/\\\/libreriaguadalupe.com.ar\\\/libreria\\\/producto\\\/el-evangelio-en-la-cruz\\\/#primaryimage\"},\"image\":{\"@id\":\"https:\\\/\\\/libreriaguadalupe.com.ar\\\/libreria\\\/producto\\\/el-evangelio-en-la-cruz\\\/#primaryimage\"},\"thumbnailUrl\":\"https:\\\/\\\/i0.wp.com\\\/libreriaguadalupe.com.ar\\\/libreria\\\/wp-content\\\/uploads\\\/2024\\\/03\\\/NOVEDAD-TIENDA-MARZO-3.jpg?fit=470%2C470&ssl=1\",\"datePublished\":\"2024-03-22T20:19:50+00:00\",\"dateModified\":\"2024-08-02T15:22:36+00:00\",\"description\":\"El libro \\\"El Evangelio en la Cruz- Breve Catecismo Cat\u00f3lico\\\" de Leonardo Legr\u00e1s, nos invita a contemplar la Cruz catequ\u00edstica de Matar\u00e1, para descubrir all\u00ed el misterio del Amor Redentor y beber de la fuente de la Pasi\u00f3n de Nuestro Se\u00f1or Jesucristo.\",\"breadcrumb\":{\"@id\":\"https:\\\/\\\/libreriaguadalupe.com.ar\\\/libreria\\\/producto\\\/el-evangelio-en-la-cruz\\\/#breadcrumb\"},\"inLanguage\":\"es\",\"potentialAction\":[{\"@type\":\"ReadAction\",\"target\":[\"https:\\\/\\\/libreriaguadalupe.com.ar\\\/libreria\\\/producto\\\/el-evangelio-en-la-cruz\\\/\"]}]},{\"@type\":\"ImageObject\",\"inLanguage\":\"es\",\"@id\":\"https:\\\/\\\/libreriaguadalupe.com.ar\\\/libreria\\\/producto\\\/el-evangelio-en-la-cruz\\\/#primaryimage\",\"url\":\"https:\\\/\\\/i0.wp.com\\\/libreriaguadalupe.com.ar\\\/libreria\\\/wp-content\\\/uploads\\\/2024\\\/03\\\/NOVEDAD-TIENDA-MARZO-3.jpg?fit=470%2C470&ssl=1\",\"contentUrl\":\"https:\\\/\\\/i0.wp.com\\\/libreriaguadalupe.com.ar\\\/libreria\\\/wp-content\\\/uploads\\\/2024\\\/03\\\/NOVEDAD-TIENDA-MARZO-3.jpg?fit=470%2C470&ssl=1\",\"width\":470,\"height\":470},{\"@type\":\"BreadcrumbList\",\"@id\":\"https:\\\/\\\/libreriaguadalupe.com.ar\\\/libreria\\\/producto\\\/el-evangelio-en-la-cruz\\\/#breadcrumb\",\"itemListElement\":[{\"@type\":\"ListItem\",\"position\":1,\"name\":\"Portada\",\"item\":\"https:\\\/\\\/libreriaguadalupe.com.ar\\\/libreria\\\/\"},{\"@type\":\"ListItem\",\"position\":2,\"name\":\"Tienda\",\"item\":\"https:\\\/\\\/libreriaguadalupe.com.ar\\\/libreria\\\/\"},{\"@type\":\"ListItem\",\"position\":3,\"name\":\"El Evangelio en la Cruz\"}]},{\"@type\":\"WebSite\",\"@id\":\"https:\\\/\\\/libreriaguadalupe.com.ar\\\/libreria\\\/#website\",\"url\":\"https:\\\/\\\/libreriaguadalupe.com.ar\\\/libreria\\\/\",\"name\":\"Editorial Guadalupe de Argentina\",\"description\":\"Congregaci\u00f3n del Verbo Divino\",\"publisher\":{\"@id\":\"https:\\\/\\\/libreriaguadalupe.com.ar\\\/libreria\\\/#organization\"},\"alternateName\":\"Librer\u00eda Guadalupe\",\"potentialAction\":[{\"@type\":\"SearchAction\",\"target\":{\"@type\":\"EntryPoint\",\"urlTemplate\":\"https:\\\/\\\/libreriaguadalupe.com.ar\\\/libreria\\\/?s={search_term_string}\"},\"query-input\":{\"@type\":\"PropertyValueSpecification\",\"valueRequired\":true,\"valueName\":\"search_term_string\"}}],\"inLanguage\":\"es\"},{\"@type\":\"Organization\",\"@id\":\"https:\\\/\\\/libreriaguadalupe.com.ar\\\/libreria\\\/#organization\",\"name\":\"Editorial Guadalupe\",\"alternateName\":\"Librer\u00eda Guadalupe\",\"url\":\"https:\\\/\\\/libreriaguadalupe.com.ar\\\/libreria\\\/\",\"logo\":{\"@type\":\"ImageObject\",\"inLanguage\":\"es\",\"@id\":\"https:\\\/\\\/libreriaguadalupe.com.ar\\\/libreria\\\/#\\\/schema\\\/logo\\\/image\\\/\",\"url\":\"https:\\\/\\\/i0.wp.com\\\/libreriaguadalupe.com.ar\\\/libreria\\\/wp-content\\\/uploads\\\/2023\\\/01\\\/cropped-logo-editorial-guadalupe.webp?fit=500%2C100&ssl=1\",\"contentUrl\":\"https:\\\/\\\/i0.wp.com\\\/libreriaguadalupe.com.ar\\\/libreria\\\/wp-content\\\/uploads\\\/2023\\\/01\\\/cropped-logo-editorial-guadalupe.webp?fit=500%2C100&ssl=1\",\"width\":500,\"height\":100,\"caption\":\"Editorial Guadalupe\"},\"image\":{\"@id\":\"https:\\\/\\\/libreriaguadalupe.com.ar\\\/libreria\\\/#\\\/schema\\\/logo\\\/image\\\/\"},\"sameAs\":[\"https:\\\/\\\/www.facebook.com\\\/LibreriaGuadalupeAR\\\/\",\"https:\\\/\\\/www.instagram.com\\\/editorialguadalupe\\\/\",\"https:\\\/\\\/guadalupeeditorial.mercadoshops.com.ar\\\/\"]}]}<\/script>\n<!-- \/ Yoast SEO plugin. -->","yoast_head_json":{"title":"El Evangelio en la Cruz - Editorial Guadalupe de Argentina","description":"El libro \"El Evangelio en la Cruz- Breve Catecismo Cat\u00f3lico\" de Leonardo Legr\u00e1s, nos invita a contemplar la Cruz catequ\u00edstica de Matar\u00e1, para descubrir all\u00ed el misterio del Amor Redentor y beber de la fuente de la Pasi\u00f3n de Nuestro Se\u00f1or Jesucristo.","robots":{"index":"index","follow":"follow","max-snippet":"max-snippet:-1","max-image-preview":"max-image-preview:large","max-video-preview":"max-video-preview:-1"},"canonical":"https:\/\/libreriaguadalupe.com.ar\/libreria\/producto\/el-evangelio-en-la-cruz\/","og_locale":"es_ES","og_type":"article","og_title":"El Evangelio en la Cruz - Editorial Guadalupe de Argentina","og_description":"El libro \"El Evangelio en la Cruz- Breve Catecismo Cat\u00f3lico\" de Leonardo Legr\u00e1s, nos invita a contemplar la Cruz catequ\u00edstica de Matar\u00e1, para descubrir all\u00ed el misterio del Amor Redentor y beber de la fuente de la Pasi\u00f3n de Nuestro Se\u00f1or Jesucristo.","og_url":"https:\/\/libreriaguadalupe.com.ar\/libreria\/producto\/el-evangelio-en-la-cruz\/","og_site_name":"Editorial Guadalupe de Argentina","article_publisher":"https:\/\/www.facebook.com\/LibreriaGuadalupeAR\/","article_modified_time":"2024-08-02T15:22:36+00:00","og_image":[{"width":470,"height":470,"url":"https:\/\/libreriaguadalupe.com.ar\/libreria\/wp-content\/uploads\/2024\/03\/NOVEDAD-TIENDA-MARZO-3.jpg","type":"image\/jpeg"}],"twitter_card":"summary_large_image","twitter_misc":{"Tiempo de lectura":"2 minutos"},"schema":{"@context":"https:\/\/schema.org","@graph":[{"@type":"WebPage","@id":"https:\/\/libreriaguadalupe.com.ar\/libreria\/producto\/el-evangelio-en-la-cruz\/","url":"https:\/\/libreriaguadalupe.com.ar\/libreria\/producto\/el-evangelio-en-la-cruz\/","name":"El Evangelio en la Cruz - Editorial Guadalupe de Argentina","isPartOf":{"@id":"https:\/\/libreriaguadalupe.com.ar\/libreria\/#website"},"primaryImageOfPage":{"@id":"https:\/\/libreriaguadalupe.com.ar\/libreria\/producto\/el-evangelio-en-la-cruz\/#primaryimage"},"image":{"@id":"https:\/\/libreriaguadalupe.com.ar\/libreria\/producto\/el-evangelio-en-la-cruz\/#primaryimage"},"thumbnailUrl":"https:\/\/i0.wp.com\/libreriaguadalupe.com.ar\/libreria\/wp-content\/uploads\/2024\/03\/NOVEDAD-TIENDA-MARZO-3.jpg?fit=470%2C470&ssl=1","datePublished":"2024-03-22T20:19:50+00:00","dateModified":"2024-08-02T15:22:36+00:00","description":"El libro \"El Evangelio en la Cruz- Breve Catecismo Cat\u00f3lico\" de Leonardo Legr\u00e1s, nos invita a contemplar la Cruz catequ\u00edstica de Matar\u00e1, para descubrir all\u00ed el misterio del Amor Redentor y beber de la fuente de la Pasi\u00f3n de Nuestro Se\u00f1or Jesucristo.","breadcrumb":{"@id":"https:\/\/libreriaguadalupe.com.ar\/libreria\/producto\/el-evangelio-en-la-cruz\/#breadcrumb"},"inLanguage":"es","potentialAction":[{"@type":"ReadAction","target":["https:\/\/libreriaguadalupe.com.ar\/libreria\/producto\/el-evangelio-en-la-cruz\/"]}]},{"@type":"ImageObject","inLanguage":"es","@id":"https:\/\/libreriaguadalupe.com.ar\/libreria\/producto\/el-evangelio-en-la-cruz\/#primaryimage","url":"https:\/\/i0.wp.com\/libreriaguadalupe.com.ar\/libreria\/wp-content\/uploads\/2024\/03\/NOVEDAD-TIENDA-MARZO-3.jpg?fit=470%2C470&ssl=1","contentUrl":"https:\/\/i0.wp.com\/libreriaguadalupe.com.ar\/libreria\/wp-content\/uploads\/2024\/03\/NOVEDAD-TIENDA-MARZO-3.jpg?fit=470%2C470&ssl=1","width":470,"height":470},{"@type":"BreadcrumbList","@id":"https:\/\/libreriaguadalupe.com.ar\/libreria\/producto\/el-evangelio-en-la-cruz\/#breadcrumb","itemListElement":[{"@type":"ListItem","position":1,"name":"Portada","item":"https:\/\/libreriaguadalupe.com.ar\/libreria\/"},{"@type":"ListItem","position":2,"name":"Tienda","item":"https:\/\/libreriaguadalupe.com.ar\/libreria\/"},{"@type":"ListItem","position":3,"name":"El Evangelio en la Cruz"}]},{"@type":"WebSite","@id":"https:\/\/libreriaguadalupe.com.ar\/libreria\/#website","url":"https:\/\/libreriaguadalupe.com.ar\/libreria\/","name":"Editorial Guadalupe de Argentina","description":"Congregaci\u00f3n del Verbo Divino","publisher":{"@id":"https:\/\/libreriaguadalupe.com.ar\/libreria\/#organization"},"alternateName":"Librer\u00eda Guadalupe","potentialAction":[{"@type":"SearchAction","target":{"@type":"EntryPoint","urlTemplate":"https:\/\/libreriaguadalupe.com.ar\/libreria\/?s={search_term_string}"},"query-input":{"@type":"PropertyValueSpecification","valueRequired":true,"valueName":"search_term_string"}}],"inLanguage":"es"},{"@type":"Organization","@id":"https:\/\/libreriaguadalupe.com.ar\/libreria\/#organization","name":"Editorial Guadalupe","alternateName":"Librer\u00eda Guadalupe","url":"https:\/\/libreriaguadalupe.com.ar\/libreria\/","logo":{"@type":"ImageObject","inLanguage":"es","@id":"https:\/\/libreriaguadalupe.com.ar\/libreria\/#\/schema\/logo\/image\/","url":"https:\/\/i0.wp.com\/libreriaguadalupe.com.ar\/libreria\/wp-content\/uploads\/2023\/01\/cropped-logo-editorial-guadalupe.webp?fit=500%2C100&ssl=1","contentUrl":"https:\/\/i0.wp.com\/libreriaguadalupe.com.ar\/libreria\/wp-content\/uploads\/2023\/01\/cropped-logo-editorial-guadalupe.webp?fit=500%2C100&ssl=1","width":500,"height":100,"caption":"Editorial Guadalupe"},"image":{"@id":"https:\/\/libreriaguadalupe.com.ar\/libreria\/#\/schema\/logo\/image\/"},"sameAs":["https:\/\/www.facebook.com\/LibreriaGuadalupeAR\/","https:\/\/www.instagram.com\/editorialguadalupe\/","https:\/\/guadalupeeditorial.mercadoshops.com.ar\/"]}]}},"jetpack_publicize_connections":[],"jetpack_sharing_enabled":true,"jetpack-related-posts":[{"id":12901,"url":"https:\/\/libreriaguadalupe.com.ar\/libreria\/producto\/sabiduria\/","url_meta":{"origin":17927,"position":0},"title":"Sabiduria","author":"admin","date":"18\/01\/2023","format":false,"excerpt":"Autor: Jose Vilchez ISBN: 8471516659 Dimensiones: 15,5 x 22 cm P\u00e1ginas: 572","rel":"","context":"Entrada similar","block_context":{"text":"Entrada similar","link":""},"img":{"alt_text":"","src":"https:\/\/i0.wp.com\/libreriaguadalupe.com.ar\/libreria\/wp-content\/uploads\/2023\/01\/Sabiduria-1.jpg?fit=306%2C470&ssl=1&resize=350%2C200","width":350,"height":200},"classes":[]},{"id":15509,"url":"https:\/\/libreriaguadalupe.com.ar\/libreria\/producto\/evangelio-de-marcos-pikaza-2\/","url_meta":{"origin":17927,"position":1},"title":"Evangelio de Marcos","author":"admin","date":"07\/02\/2023","format":false,"excerpt":"La Buena Noticia de Jes\u00fas AUTOR: EVD ISBN: 8499452258","rel":"","context":"Entrada similar","block_context":{"text":"Entrada similar","link":""},"img":{"alt_text":"","src":"https:\/\/i0.wp.com\/libreriaguadalupe.com.ar\/libreria\/wp-content\/uploads\/2023\/02\/Evangelio-de-Marcos.jpg?fit=380%2C586&ssl=1&resize=350%2C200","width":350,"height":200},"classes":[]},{"id":16086,"url":"https:\/\/libreriaguadalupe.com.ar\/libreria\/producto\/teoterapia\/","url_meta":{"origin":17927,"position":2},"title":"Teoterapia","author":"admin","date":"12\/02\/2023","format":false,"excerpt":"Acompa\u00f1amiento espiritual AUTOR: CLAUDIO RIZZO ISBN: 9505008490","rel":"","context":"Entrada similar","block_context":{"text":"Entrada similar","link":""},"img":{"alt_text":"","src":"https:\/\/i0.wp.com\/libreriaguadalupe.com.ar\/libreria\/wp-content\/uploads\/2023\/02\/MES-DE-LA-BIBLIA-2024-guada5.jpg?fit=470%2C470&ssl=1&resize=350%2C200","width":350,"height":200},"classes":[]},{"id":17182,"url":"https:\/\/libreriaguadalupe.com.ar\/libreria\/producto\/un-judio-marginal-nueva-vision-del-jesus-historico-v\/","url_meta":{"origin":17927,"position":3},"title":"Un judio marginal Nueva vision del Jesus historico V","author":"admin","date":"04\/04\/2023","format":false,"excerpt":"La autenticidad de las par\u00e1bolas a examen Autor: John Paul Meier ISBN: 8490733097 Dimensiones: 15,5 x 24 cm P\u00e1ginas: 464","rel":"","context":"Entrada similar","block_context":{"text":"Entrada similar","link":""},"img":{"alt_text":"","src":"https:\/\/i0.wp.com\/libreriaguadalupe.com.ar\/libreria\/wp-content\/uploads\/2023\/04\/Un-judio-marginal-Nueva-vision-del-Jesus-historico-V.jpg?fit=380%2C586&ssl=1&resize=350%2C200","width":350,"height":200},"classes":[]},{"id":12855,"url":"https:\/\/libreriaguadalupe.com.ar\/libreria\/producto\/un-judio-marginal-nueva-vision-del-jesus-historico-i\/","url_meta":{"origin":17927,"position":4},"title":"Un judio marginal Nueva vision del Jesus historico I","author":"admin","date":"18\/01\/2023","format":false,"excerpt":"Las ra\u00edces del problema y de la persona Autor: John Paul Meier ISBN: 8481692034 Dimensiones: 15,5 x 24 cm P\u00e1ginas: 472","rel":"","context":"Entrada similar","block_context":{"text":"Entrada similar","link":""},"img":{"alt_text":"","src":"https:\/\/i0.wp.com\/libreriaguadalupe.com.ar\/libreria\/wp-content\/uploads\/2023\/01\/Un-judio-marginal-Nueva-vision-del-Jesus-historico-I.jpg?fit=380%2C586&ssl=1&resize=350%2C200","width":350,"height":200},"classes":[]},{"id":12859,"url":"https:\/\/libreriaguadalupe.com.ar\/libreria\/producto\/un-judio-marginal-nueva-vision-del-jesus-historico-iv\/","url_meta":{"origin":17927,"position":5},"title":"Un judio marginal Nueva vision del Jesus historico IV","author":"admin","date":"18\/01\/2023","format":false,"excerpt":"Ley y amor Autor: John Paul Meier ISBN: 8499450025 Dimensiones: 15,5 x 24 cm P\u00e1ginas: 736","rel":"","context":"Entrada similar","block_context":{"text":"Entrada similar","link":""},"img":{"alt_text":"","src":"https:\/\/i0.wp.com\/libreriaguadalupe.com.ar\/libreria\/wp-content\/uploads\/2023\/01\/Un-judio-marginal-Nueva-vision-del-Jesus-historico-IV.jpg?fit=380%2C586&ssl=1&resize=350%2C200","width":350,"height":200},"classes":[]}],"_links":{"self":[{"href":"https:\/\/libreriaguadalupe.com.ar\/libreria\/wp-json\/wp\/v2\/product\/17927","targetHints":{"allow":["GET"]}}],"collection":[{"href":"https:\/\/libreriaguadalupe.com.ar\/libreria\/wp-json\/wp\/v2\/product"}],"about":[{"href":"https:\/\/libreriaguadalupe.com.ar\/libreria\/wp-json\/wp\/v2\/types\/product"}],"replies":[{"embeddable":true,"href":"https:\/\/libreriaguadalupe.com.ar\/libreria\/wp-json\/wp\/v2\/comments?post=17927"}],"version-history":[{"count":3,"href":"https:\/\/libreriaguadalupe.com.ar\/libreria\/wp-json\/wp\/v2\/product\/17927\/revisions"}],"predecessor-version":[{"id":18178,"href":"https:\/\/libreriaguadalupe.com.ar\/libreria\/wp-json\/wp\/v2\/product\/17927\/revisions\/18178"}],"wp:featuredmedia":[{"embeddable":true,"href":"https:\/\/libreriaguadalupe.com.ar\/libreria\/wp-json\/wp\/v2\/media\/17928"}],"wp:attachment":[{"href":"https:\/\/libreriaguadalupe.com.ar\/libreria\/wp-json\/wp\/v2\/media?parent=17927"}],"wp:term":[{"taxonomy":"product_brand","embeddable":true,"href":"https:\/\/libreriaguadalupe.com.ar\/libreria\/wp-json\/wp\/v2\/product_brand?post=17927"},{"taxonomy":"product_cat","embeddable":true,"href":"https:\/\/libreriaguadalupe.com.ar\/libreria\/wp-json\/wp\/v2\/product_cat?post=17927"},{"taxonomy":"product_tag","embeddable":true,"href":"https:\/\/libreriaguadalupe.com.ar\/libreria\/wp-json\/wp\/v2\/product_tag?post=17927"}],"curies":[{"name":"wp","href":"https:\/\/api.w.org\/{rel}","templated":true}]}}