{"id":17295,"date":"2023-05-30T16:42:52","date_gmt":"2023-05-30T19:42:52","guid":{"rendered":"https:\/\/libreriaguadalupe.com.ar\/libreria\/?post_type=product&#038;p=17295"},"modified":"2026-04-21T11:27:23","modified_gmt":"2026-04-21T14:27:23","slug":"diario-de-santa-maria-faustina-kowalska","status":"publish","type":"product","link":"https:\/\/libreriaguadalupe.com.ar\/libreria\/producto\/diario-de-santa-maria-faustina-kowalska\/","title":{"rendered":"Diario de Santa Mar\u00eda Faustina Kowalska"},"content":{"rendered":"<p>El \u201cDiario de Sor Faustina\u201d es una de las joyas de la literatura m\u00edstica moderna. Santa Faustina Kowalska lo escribi\u00f3 en Vilna y Cracovia en los a\u00f1os 1934 \u2013 1938, lo escribi\u00f3 por orden de su Director Espiritual, el reverendo Padre Miguel Popocko, queriendo adem\u00e1s cumplir y obedecer la Voluntad de Jes\u00fas: \u201cHija M\u00eda, se diligente en apuntar cada frase que te digo sobre Mi Misericordia porque est\u00e1n destinadas para un gran n\u00famero de almas que sacar\u00e1n provecho de ellas\u201d (Diario, 1142).<br \/>\nA\u00f1os despu\u00e9s de la muerte de Sor Faustina y a los efectos del proceso para su beatificaci\u00f3n y canonizaci\u00f3n, se hizo una copia del \u201cDiario de Sor Faustina\u201d partiendo del original, el cual m\u00e1s tarde fuera traducido a varias lenguas, y que es el escrito que hoy conocemos en castellano.<\/p>\n<p>Su misi\u00f3n era transmitir lo que quer\u00eda Nuestro Se\u00f1or, es decir que todo el mundo conociera la Misericordia de Dios. Su Diario es un impresionante relato de las ascensiones y de la oscuridad del alma, es un testimonio de una fe dif\u00edcil e inquebrantable. Es, ante todo, un testimonio de la confianza total en la infinita misericordia de Cristo.<\/p>\n<p>El \u201cDiario de Sor Faustina\u201d es una de las obras m\u00e1s le\u00eddas de tem\u00e1tica religiosa. Sus ediciones se propagan en grandes tiradas y gozan de una gran popularidad en todo el mundo, porque \u2013 como dijo Jes\u00fas \u2013 fue escrito para confortar y consolar las almas. Muchas personas, al leer la obra, conocen mejor el amor misericordioso de Dios, encuentran su camino de regreso a \u00c9l y crecen en el amor.<\/p>\n","protected":false},"excerpt":{"rendered":"<p><strong>LA DIVINA MISERICORDIA EN MI ALMA<\/strong><\/p>\n<p>Autor: SANTA MAR\u00cdA FAUSTINA KOWALSKA<strong><br \/>\n<\/strong>ISBN: 9872221308<br \/>\nDimensiones: 13 x 20 cm<br \/>\nP\u00e1ginas: 720<\/p>\n","protected":false},"featured_media":17296,"comment_status":"open","ping_status":"closed","template":"","meta":{"jetpack_publicize_message":"","jetpack_publicize_feature_enabled":true,"jetpack_social_post_already_shared":true,"jetpack_social_options":{"image_generator_settings":{"template":"highway","default_image_id":0,"font":"","enabled":false},"version":2}},"product_brand":[],"product_cat":[123],"product_tag":[],"class_list":{"0":"post-17295","1":"product","2":"type-product","3":"status-publish","4":"has-post-thumbnail","6":"product_cat-terceros","8":"first","9":"outofstock","10":"shipping-taxable","11":"purchasable","12":"product-type-simple"},"yoast_head":"<!-- This site is optimized with the Yoast SEO plugin v27.4 - https:\/\/yoast.com\/product\/yoast-seo-wordpress\/ -->\n<title>Diario de Santa Mar\u00eda Faustina Kowalska - Editorial Guadalupe de Argentina<\/title>\n<meta name=\"description\" content=\"El \u201cDiario de Sor Faustina\u201d es una de las joyas de la literatura m\u00edstica moderna. Santa Faustina Kowalska lo escribi\u00f3 en Vilna y Cracovia en los a\u00f1os 1934 \u2013 1938\" \/>\n<meta name=\"robots\" content=\"index, follow, max-snippet:-1, max-image-preview:large, max-video-preview:-1\" \/>\n<link rel=\"canonical\" href=\"https:\/\/libreriaguadalupe.com.ar\/libreria\/producto\/diario-de-santa-maria-faustina-kowalska\/\" \/>\n<meta property=\"og:locale\" content=\"es_ES\" \/>\n<meta property=\"og:type\" content=\"article\" \/>\n<meta property=\"og:title\" content=\"Diario de Santa Mar\u00eda Faustina Kowalska - Editorial Guadalupe de Argentina\" \/>\n<meta property=\"og:description\" content=\"El \u201cDiario de Sor Faustina\u201d es una de las joyas de la literatura m\u00edstica moderna. Santa Faustina Kowalska lo escribi\u00f3 en Vilna y Cracovia en los a\u00f1os 1934 \u2013 1938\" \/>\n<meta property=\"og:url\" content=\"https:\/\/libreriaguadalupe.com.ar\/libreria\/producto\/diario-de-santa-maria-faustina-kowalska\/\" \/>\n<meta property=\"og:site_name\" content=\"Editorial Guadalupe de Argentina\" \/>\n<meta property=\"article:publisher\" content=\"https:\/\/www.facebook.com\/LibreriaGuadalupeAR\/\" \/>\n<meta property=\"article:modified_time\" content=\"2026-04-21T14:27:23+00:00\" \/>\n<meta property=\"og:image\" content=\"https:\/\/libreriaguadalupe.com.ar\/libreria\/wp-content\/uploads\/2023\/05\/DIARIO-DE-SANTA-MARIA-FAUSTINA-KOWALSKA.png\" \/>\n\t<meta property=\"og:image:width\" content=\"414\" \/>\n\t<meta property=\"og:image:height\" content=\"603\" \/>\n\t<meta property=\"og:image:type\" content=\"image\/png\" \/>\n<meta name=\"twitter:card\" content=\"summary_large_image\" \/>\n<meta name=\"twitter:label1\" content=\"Tiempo de lectura\" \/>\n\t<meta name=\"twitter:data1\" content=\"2 minutos\" \/>\n<script type=\"application\/ld+json\" class=\"yoast-schema-graph\">{\"@context\":\"https:\\\/\\\/schema.org\",\"@graph\":[{\"@type\":\"WebPage\",\"@id\":\"https:\\\/\\\/libreriaguadalupe.com.ar\\\/libreria\\\/producto\\\/diario-de-santa-maria-faustina-kowalska\\\/\",\"url\":\"https:\\\/\\\/libreriaguadalupe.com.ar\\\/libreria\\\/producto\\\/diario-de-santa-maria-faustina-kowalska\\\/\",\"name\":\"Diario de Santa Mar\u00eda Faustina Kowalska - Editorial Guadalupe de Argentina\",\"isPartOf\":{\"@id\":\"https:\\\/\\\/libreriaguadalupe.com.ar\\\/libreria\\\/#website\"},\"primaryImageOfPage\":{\"@id\":\"https:\\\/\\\/libreriaguadalupe.com.ar\\\/libreria\\\/producto\\\/diario-de-santa-maria-faustina-kowalska\\\/#primaryimage\"},\"image\":{\"@id\":\"https:\\\/\\\/libreriaguadalupe.com.ar\\\/libreria\\\/producto\\\/diario-de-santa-maria-faustina-kowalska\\\/#primaryimage\"},\"thumbnailUrl\":\"https:\\\/\\\/i0.wp.com\\\/libreriaguadalupe.com.ar\\\/libreria\\\/wp-content\\\/uploads\\\/2023\\\/05\\\/DIARIO-DE-SANTA-MARIA-FAUSTINA-KOWALSKA.png?fit=414%2C603&ssl=1\",\"datePublished\":\"2023-05-30T19:42:52+00:00\",\"dateModified\":\"2026-04-21T14:27:23+00:00\",\"description\":\"El \u201cDiario de Sor Faustina\u201d es una de las joyas de la literatura m\u00edstica moderna. Santa Faustina Kowalska lo escribi\u00f3 en Vilna y Cracovia en los a\u00f1os 1934 \u2013 1938\",\"breadcrumb\":{\"@id\":\"https:\\\/\\\/libreriaguadalupe.com.ar\\\/libreria\\\/producto\\\/diario-de-santa-maria-faustina-kowalska\\\/#breadcrumb\"},\"inLanguage\":\"es\",\"potentialAction\":[{\"@type\":\"ReadAction\",\"target\":[\"https:\\\/\\\/libreriaguadalupe.com.ar\\\/libreria\\\/producto\\\/diario-de-santa-maria-faustina-kowalska\\\/\"]}]},{\"@type\":\"ImageObject\",\"inLanguage\":\"es\",\"@id\":\"https:\\\/\\\/libreriaguadalupe.com.ar\\\/libreria\\\/producto\\\/diario-de-santa-maria-faustina-kowalska\\\/#primaryimage\",\"url\":\"https:\\\/\\\/i0.wp.com\\\/libreriaguadalupe.com.ar\\\/libreria\\\/wp-content\\\/uploads\\\/2023\\\/05\\\/DIARIO-DE-SANTA-MARIA-FAUSTINA-KOWALSKA.png?fit=414%2C603&ssl=1\",\"contentUrl\":\"https:\\\/\\\/i0.wp.com\\\/libreriaguadalupe.com.ar\\\/libreria\\\/wp-content\\\/uploads\\\/2023\\\/05\\\/DIARIO-DE-SANTA-MARIA-FAUSTINA-KOWALSKA.png?fit=414%2C603&ssl=1\",\"width\":414,\"height\":603},{\"@type\":\"BreadcrumbList\",\"@id\":\"https:\\\/\\\/libreriaguadalupe.com.ar\\\/libreria\\\/producto\\\/diario-de-santa-maria-faustina-kowalska\\\/#breadcrumb\",\"itemListElement\":[{\"@type\":\"ListItem\",\"position\":1,\"name\":\"Portada\",\"item\":\"https:\\\/\\\/libreriaguadalupe.com.ar\\\/libreria\\\/\"},{\"@type\":\"ListItem\",\"position\":2,\"name\":\"Tienda\",\"item\":\"https:\\\/\\\/libreriaguadalupe.com.ar\\\/libreria\\\/\"},{\"@type\":\"ListItem\",\"position\":3,\"name\":\"Diario de Santa Mar\u00eda Faustina Kowalska\"}]},{\"@type\":\"WebSite\",\"@id\":\"https:\\\/\\\/libreriaguadalupe.com.ar\\\/libreria\\\/#website\",\"url\":\"https:\\\/\\\/libreriaguadalupe.com.ar\\\/libreria\\\/\",\"name\":\"Editorial Guadalupe de Argentina\",\"description\":\"Congregaci\u00f3n del Verbo Divino\",\"publisher\":{\"@id\":\"https:\\\/\\\/libreriaguadalupe.com.ar\\\/libreria\\\/#organization\"},\"alternateName\":\"Librer\u00eda Guadalupe\",\"potentialAction\":[{\"@type\":\"SearchAction\",\"target\":{\"@type\":\"EntryPoint\",\"urlTemplate\":\"https:\\\/\\\/libreriaguadalupe.com.ar\\\/libreria\\\/?s={search_term_string}\"},\"query-input\":{\"@type\":\"PropertyValueSpecification\",\"valueRequired\":true,\"valueName\":\"search_term_string\"}}],\"inLanguage\":\"es\"},{\"@type\":\"Organization\",\"@id\":\"https:\\\/\\\/libreriaguadalupe.com.ar\\\/libreria\\\/#organization\",\"name\":\"Editorial Guadalupe\",\"alternateName\":\"Librer\u00eda Guadalupe\",\"url\":\"https:\\\/\\\/libreriaguadalupe.com.ar\\\/libreria\\\/\",\"logo\":{\"@type\":\"ImageObject\",\"inLanguage\":\"es\",\"@id\":\"https:\\\/\\\/libreriaguadalupe.com.ar\\\/libreria\\\/#\\\/schema\\\/logo\\\/image\\\/\",\"url\":\"https:\\\/\\\/i0.wp.com\\\/libreriaguadalupe.com.ar\\\/libreria\\\/wp-content\\\/uploads\\\/2023\\\/01\\\/cropped-logo-editorial-guadalupe.webp?fit=500%2C100&ssl=1\",\"contentUrl\":\"https:\\\/\\\/i0.wp.com\\\/libreriaguadalupe.com.ar\\\/libreria\\\/wp-content\\\/uploads\\\/2023\\\/01\\\/cropped-logo-editorial-guadalupe.webp?fit=500%2C100&ssl=1\",\"width\":500,\"height\":100,\"caption\":\"Editorial Guadalupe\"},\"image\":{\"@id\":\"https:\\\/\\\/libreriaguadalupe.com.ar\\\/libreria\\\/#\\\/schema\\\/logo\\\/image\\\/\"},\"sameAs\":[\"https:\\\/\\\/www.facebook.com\\\/LibreriaGuadalupeAR\\\/\",\"https:\\\/\\\/www.instagram.com\\\/editorialguadalupe\\\/\",\"https:\\\/\\\/guadalupeeditorial.mercadoshops.com.ar\\\/\"]}]}<\/script>\n<!-- \/ Yoast SEO plugin. -->","yoast_head_json":{"title":"Diario de Santa Mar\u00eda Faustina Kowalska - Editorial Guadalupe de Argentina","description":"El \u201cDiario de Sor Faustina\u201d es una de las joyas de la literatura m\u00edstica moderna. Santa Faustina Kowalska lo escribi\u00f3 en Vilna y Cracovia en los a\u00f1os 1934 \u2013 1938","robots":{"index":"index","follow":"follow","max-snippet":"max-snippet:-1","max-image-preview":"max-image-preview:large","max-video-preview":"max-video-preview:-1"},"canonical":"https:\/\/libreriaguadalupe.com.ar\/libreria\/producto\/diario-de-santa-maria-faustina-kowalska\/","og_locale":"es_ES","og_type":"article","og_title":"Diario de Santa Mar\u00eda Faustina Kowalska - Editorial Guadalupe de Argentina","og_description":"El \u201cDiario de Sor Faustina\u201d es una de las joyas de la literatura m\u00edstica moderna. Santa Faustina Kowalska lo escribi\u00f3 en Vilna y Cracovia en los a\u00f1os 1934 \u2013 1938","og_url":"https:\/\/libreriaguadalupe.com.ar\/libreria\/producto\/diario-de-santa-maria-faustina-kowalska\/","og_site_name":"Editorial Guadalupe de Argentina","article_publisher":"https:\/\/www.facebook.com\/LibreriaGuadalupeAR\/","article_modified_time":"2026-04-21T14:27:23+00:00","og_image":[{"width":414,"height":603,"url":"https:\/\/libreriaguadalupe.com.ar\/libreria\/wp-content\/uploads\/2023\/05\/DIARIO-DE-SANTA-MARIA-FAUSTINA-KOWALSKA.png","type":"image\/png"}],"twitter_card":"summary_large_image","twitter_misc":{"Tiempo de lectura":"2 minutos"},"schema":{"@context":"https:\/\/schema.org","@graph":[{"@type":"WebPage","@id":"https:\/\/libreriaguadalupe.com.ar\/libreria\/producto\/diario-de-santa-maria-faustina-kowalska\/","url":"https:\/\/libreriaguadalupe.com.ar\/libreria\/producto\/diario-de-santa-maria-faustina-kowalska\/","name":"Diario de Santa Mar\u00eda Faustina Kowalska - Editorial Guadalupe de Argentina","isPartOf":{"@id":"https:\/\/libreriaguadalupe.com.ar\/libreria\/#website"},"primaryImageOfPage":{"@id":"https:\/\/libreriaguadalupe.com.ar\/libreria\/producto\/diario-de-santa-maria-faustina-kowalska\/#primaryimage"},"image":{"@id":"https:\/\/libreriaguadalupe.com.ar\/libreria\/producto\/diario-de-santa-maria-faustina-kowalska\/#primaryimage"},"thumbnailUrl":"https:\/\/i0.wp.com\/libreriaguadalupe.com.ar\/libreria\/wp-content\/uploads\/2023\/05\/DIARIO-DE-SANTA-MARIA-FAUSTINA-KOWALSKA.png?fit=414%2C603&ssl=1","datePublished":"2023-05-30T19:42:52+00:00","dateModified":"2026-04-21T14:27:23+00:00","description":"El \u201cDiario de Sor Faustina\u201d es una de las joyas de la literatura m\u00edstica moderna. Santa Faustina Kowalska lo escribi\u00f3 en Vilna y Cracovia en los a\u00f1os 1934 \u2013 1938","breadcrumb":{"@id":"https:\/\/libreriaguadalupe.com.ar\/libreria\/producto\/diario-de-santa-maria-faustina-kowalska\/#breadcrumb"},"inLanguage":"es","potentialAction":[{"@type":"ReadAction","target":["https:\/\/libreriaguadalupe.com.ar\/libreria\/producto\/diario-de-santa-maria-faustina-kowalska\/"]}]},{"@type":"ImageObject","inLanguage":"es","@id":"https:\/\/libreriaguadalupe.com.ar\/libreria\/producto\/diario-de-santa-maria-faustina-kowalska\/#primaryimage","url":"https:\/\/i0.wp.com\/libreriaguadalupe.com.ar\/libreria\/wp-content\/uploads\/2023\/05\/DIARIO-DE-SANTA-MARIA-FAUSTINA-KOWALSKA.png?fit=414%2C603&ssl=1","contentUrl":"https:\/\/i0.wp.com\/libreriaguadalupe.com.ar\/libreria\/wp-content\/uploads\/2023\/05\/DIARIO-DE-SANTA-MARIA-FAUSTINA-KOWALSKA.png?fit=414%2C603&ssl=1","width":414,"height":603},{"@type":"BreadcrumbList","@id":"https:\/\/libreriaguadalupe.com.ar\/libreria\/producto\/diario-de-santa-maria-faustina-kowalska\/#breadcrumb","itemListElement":[{"@type":"ListItem","position":1,"name":"Portada","item":"https:\/\/libreriaguadalupe.com.ar\/libreria\/"},{"@type":"ListItem","position":2,"name":"Tienda","item":"https:\/\/libreriaguadalupe.com.ar\/libreria\/"},{"@type":"ListItem","position":3,"name":"Diario de Santa Mar\u00eda Faustina Kowalska"}]},{"@type":"WebSite","@id":"https:\/\/libreriaguadalupe.com.ar\/libreria\/#website","url":"https:\/\/libreriaguadalupe.com.ar\/libreria\/","name":"Editorial Guadalupe de Argentina","description":"Congregaci\u00f3n del Verbo Divino","publisher":{"@id":"https:\/\/libreriaguadalupe.com.ar\/libreria\/#organization"},"alternateName":"Librer\u00eda Guadalupe","potentialAction":[{"@type":"SearchAction","target":{"@type":"EntryPoint","urlTemplate":"https:\/\/libreriaguadalupe.com.ar\/libreria\/?s={search_term_string}"},"query-input":{"@type":"PropertyValueSpecification","valueRequired":true,"valueName":"search_term_string"}}],"inLanguage":"es"},{"@type":"Organization","@id":"https:\/\/libreriaguadalupe.com.ar\/libreria\/#organization","name":"Editorial Guadalupe","alternateName":"Librer\u00eda Guadalupe","url":"https:\/\/libreriaguadalupe.com.ar\/libreria\/","logo":{"@type":"ImageObject","inLanguage":"es","@id":"https:\/\/libreriaguadalupe.com.ar\/libreria\/#\/schema\/logo\/image\/","url":"https:\/\/i0.wp.com\/libreriaguadalupe.com.ar\/libreria\/wp-content\/uploads\/2023\/01\/cropped-logo-editorial-guadalupe.webp?fit=500%2C100&ssl=1","contentUrl":"https:\/\/i0.wp.com\/libreriaguadalupe.com.ar\/libreria\/wp-content\/uploads\/2023\/01\/cropped-logo-editorial-guadalupe.webp?fit=500%2C100&ssl=1","width":500,"height":100,"caption":"Editorial Guadalupe"},"image":{"@id":"https:\/\/libreriaguadalupe.com.ar\/libreria\/#\/schema\/logo\/image\/"},"sameAs":["https:\/\/www.facebook.com\/LibreriaGuadalupeAR\/","https:\/\/www.instagram.com\/editorialguadalupe\/","https:\/\/guadalupeeditorial.mercadoshops.com.ar\/"]}]}},"jetpack_publicize_connections":[],"jetpack_sharing_enabled":true,"jetpack-related-posts":[{"id":17648,"url":"https:\/\/libreriaguadalupe.com.ar\/libreria\/producto\/diario-biblico-2024\/","url_meta":{"origin":17295,"position":0},"title":"Diario B\u00edblico 2024","author":"admin","date":"02\/11\/2023","format":false,"excerpt":"Edici\u00f3n tapa semidura y anillada Autor: EDITORIAL GUADALUPE","rel":"","context":"Entrada similar","block_context":{"text":"Entrada similar","link":""},"img":{"alt_text":"Diario Biblico 2024","src":"https:\/\/i0.wp.com\/libreriaguadalupe.com.ar\/libreria\/wp-content\/uploads\/2023\/11\/NOVEDAD-TIENDA-NOVIEMBRE.jpg?fit=470%2C470&ssl=1&resize=350%2C200","width":350,"height":200},"classes":[]},{"id":16814,"url":"https:\/\/libreriaguadalupe.com.ar\/libreria\/producto\/diario-sempiterno-yo-soy\/","url_meta":{"origin":17295,"position":1},"title":"Diario Sempiterno -yo Soy-","author":"admin","date":"22\/03\/2023","format":false,"excerpt":"Diario sempiterno para jovenes Autor: PITURA PEDRO ISBN: 9789505007721 Dimensiones: 14 x 20 cm P\u00e1ginas: 56","rel":"","context":"Entrada similar","block_context":{"text":"Entrada similar","link":""},"img":{"alt_text":"","src":"https:\/\/i0.wp.com\/libreriaguadalupe.com.ar\/libreria\/wp-content\/uploads\/2023\/03\/Diario-Sempiterno-yo-Soy-.jpeg?fit=343%2C500&ssl=1&resize=350%2C200","width":350,"height":200},"classes":[]},{"id":14845,"url":"https:\/\/libreriaguadalupe.com.ar\/libreria\/producto\/misal-de-la-comunidad-ii-diario-2\/","url_meta":{"origin":17295,"position":2},"title":"Misal de la comunidad II Diario","author":"admin","date":"07\/02\/2023","format":false,"excerpt":"ISBN 8471511274","rel":"","context":"Entrada similar","block_context":{"text":"Entrada similar","link":""},"img":{"alt_text":"","src":"https:\/\/i0.wp.com\/libreriaguadalupe.com.ar\/libreria\/wp-content\/uploads\/1674\/33\/398.jpg?fit=200%2C285&ssl=1&resize=350%2C200","width":350,"height":200},"classes":[]},{"id":15574,"url":"https:\/\/libreriaguadalupe.com.ar\/libreria\/producto\/lectio-divina-para-la-vida-diaria\/","url_meta":{"origin":17295,"position":3},"title":"Lectio divina para la vida diaria","author":"admin","date":"07\/02\/2023","format":false,"excerpt":"El leccionario del matrimonio","rel":"","context":"Entrada similar","block_context":{"text":"Entrada similar","link":""},"img":{"alt_text":"","src":"","width":0,"height":0},"classes":[]},{"id":15261,"url":"https:\/\/libreriaguadalupe.com.ar\/libreria\/producto\/lectio-divina-para-la-vida-diaria-el-evangelio-de-lucas-2\/","url_meta":{"origin":17295,"position":4},"title":"Lectio divina para la vida diaria: El evangelio de Lucas","author":"admin","date":"07\/02\/2023","format":false,"excerpt":"","rel":"","context":"Entrada similar","block_context":{"text":"Entrada similar","link":""},"img":{"alt_text":"","src":"","width":0,"height":0},"classes":[]},{"id":15262,"url":"https:\/\/libreriaguadalupe.com.ar\/libreria\/producto\/lectio-divina-para-la-vida-diaria-el-evangelio-de-juan-2\/","url_meta":{"origin":17295,"position":5},"title":"Lectio divina para la vida diaria: El Evangelio de Juan","author":"admin","date":"07\/02\/2023","format":false,"excerpt":"","rel":"","context":"Entrada similar","block_context":{"text":"Entrada similar","link":""},"img":{"alt_text":"","src":"","width":0,"height":0},"classes":[]}],"_links":{"self":[{"href":"https:\/\/libreriaguadalupe.com.ar\/libreria\/wp-json\/wp\/v2\/product\/17295","targetHints":{"allow":["GET"]}}],"collection":[{"href":"https:\/\/libreriaguadalupe.com.ar\/libreria\/wp-json\/wp\/v2\/product"}],"about":[{"href":"https:\/\/libreriaguadalupe.com.ar\/libreria\/wp-json\/wp\/v2\/types\/product"}],"replies":[{"embeddable":true,"href":"https:\/\/libreriaguadalupe.com.ar\/libreria\/wp-json\/wp\/v2\/comments?post=17295"}],"version-history":[{"count":2,"href":"https:\/\/libreriaguadalupe.com.ar\/libreria\/wp-json\/wp\/v2\/product\/17295\/revisions"}],"predecessor-version":[{"id":17299,"href":"https:\/\/libreriaguadalupe.com.ar\/libreria\/wp-json\/wp\/v2\/product\/17295\/revisions\/17299"}],"wp:featuredmedia":[{"embeddable":true,"href":"https:\/\/libreriaguadalupe.com.ar\/libreria\/wp-json\/wp\/v2\/media\/17296"}],"wp:attachment":[{"href":"https:\/\/libreriaguadalupe.com.ar\/libreria\/wp-json\/wp\/v2\/media?parent=17295"}],"wp:term":[{"taxonomy":"product_brand","embeddable":true,"href":"https:\/\/libreriaguadalupe.com.ar\/libreria\/wp-json\/wp\/v2\/product_brand?post=17295"},{"taxonomy":"product_cat","embeddable":true,"href":"https:\/\/libreriaguadalupe.com.ar\/libreria\/wp-json\/wp\/v2\/product_cat?post=17295"},{"taxonomy":"product_tag","embeddable":true,"href":"https:\/\/libreriaguadalupe.com.ar\/libreria\/wp-json\/wp\/v2\/product_tag?post=17295"}],"curies":[{"name":"wp","href":"https:\/\/api.w.org\/{rel}","templated":true}]}}