{"id":16967,"date":"2023-03-23T16:15:54","date_gmt":"2023-03-23T19:15:54","guid":{"rendered":"https:\/\/libreriaguadalupe.com.ar\/libreria\/?post_type=product&#038;p=16967"},"modified":"2025-01-31T11:16:20","modified_gmt":"2025-01-31T14:16:20","slug":"de-las-ciencias-a-la-teologia","status":"publish","type":"product","link":"https:\/\/libreriaguadalupe.com.ar\/libreria\/producto\/de-las-ciencias-a-la-teologia\/","title":{"rendered":"De las ciencias a la teolog\u00eda"},"content":{"rendered":"<p>Manuel Garc\u00eda Doncel ha sido un pionero en la creaci\u00f3n de foros de reflexi\u00f3n institucional estable que permitan reflexionar sobre la imagen cient\u00edfica que hoy tenemos del universo, para ponerla en di\u00e1logo con sus dimensiones metaf\u00edsico-filos\u00f3ficas y teol\u00f3gicas. Este libro ha sido preparado por una veintena de compa\u00f1eros de Manuel Garc\u00eda Doncel que han tenido el privilegio de haber recibido su impulso y ejemplo a trav\u00e9s de la lectura de sus escritos y de la participaci\u00f3n con \u00e9l en una multiplicidad de actos acad\u00e9micos y seminarios.<\/p>\n","protected":false},"excerpt":{"rendered":"<p><strong>Ensayos interdisciplinares. Homenaje a Manuel Garc\u00eda Doncel<\/strong><\/p>\n<p>Autor: Jes\u00fas Romero Mo\u00f1ivas<strong><br \/>\n<\/strong>ISBN: 8499451916<br \/>\nDimensiones: 16,5 x 23 cm<br \/>\nP\u00e1ginas: 432<\/p>\n","protected":false},"featured_media":16968,"comment_status":"open","ping_status":"closed","template":"","meta":{"jetpack_publicize_message":"","jetpack_publicize_feature_enabled":true,"jetpack_social_post_already_shared":true,"jetpack_social_options":{"image_generator_settings":{"template":"highway","default_image_id":0,"font":"","enabled":false},"version":2}},"product_brand":[],"product_cat":[109],"product_tag":[127],"class_list":{"0":"post-16967","1":"product","2":"type-product","3":"status-publish","4":"has-post-thumbnail","6":"product_cat-verbo-divino","7":"product_tag-editorial-guadalupe-de-argentina","9":"first","10":"instock","11":"shipping-taxable","12":"purchasable","13":"product-type-simple"},"yoast_head":"<!-- This site is optimized with the Yoast SEO plugin v27.4 - https:\/\/yoast.com\/product\/yoast-seo-wordpress\/ -->\n<title>De las ciencias a la teolog\u00eda - Editorial Guadalupe de Argentina<\/title>\n<meta name=\"description\" content=\"Manuel Garc\u00eda Doncel ha sido un pionero en la creaci\u00f3n de foros de reflexi\u00f3n institucional estable que permitan reflexionar sobre la imagen cient\u00edfica que hoy tenemos del universo, para ponerla en di\u00e1logo con sus dimensiones metaf\u00edsico-filos\u00f3ficas y teol\u00f3gicas.\" \/>\n<meta name=\"robots\" content=\"index, follow, max-snippet:-1, max-image-preview:large, max-video-preview:-1\" \/>\n<link rel=\"canonical\" href=\"https:\/\/libreriaguadalupe.com.ar\/libreria\/producto\/de-las-ciencias-a-la-teologia\/\" \/>\n<meta property=\"og:locale\" content=\"es_ES\" \/>\n<meta property=\"og:type\" content=\"article\" \/>\n<meta property=\"og:title\" content=\"De las ciencias a la teolog\u00eda - Editorial Guadalupe de Argentina\" \/>\n<meta property=\"og:description\" content=\"Manuel Garc\u00eda Doncel ha sido un pionero en la creaci\u00f3n de foros de reflexi\u00f3n institucional estable que permitan reflexionar sobre la imagen cient\u00edfica que hoy tenemos del universo, para ponerla en di\u00e1logo con sus dimensiones metaf\u00edsico-filos\u00f3ficas y teol\u00f3gicas.\" \/>\n<meta property=\"og:url\" content=\"https:\/\/libreriaguadalupe.com.ar\/libreria\/producto\/de-las-ciencias-a-la-teologia\/\" \/>\n<meta property=\"og:site_name\" content=\"Editorial Guadalupe de Argentina\" \/>\n<meta property=\"article:publisher\" content=\"https:\/\/www.facebook.com\/LibreriaGuadalupeAR\/\" \/>\n<meta property=\"article:modified_time\" content=\"2025-01-31T14:16:20+00:00\" \/>\n<meta property=\"og:image\" content=\"https:\/\/libreriaguadalupe.com.ar\/libreria\/wp-content\/uploads\/2023\/03\/De-las-ciencias-a-la-teologia.jpg\" \/>\n\t<meta property=\"og:image:width\" content=\"380\" \/>\n\t<meta property=\"og:image:height\" content=\"586\" \/>\n\t<meta property=\"og:image:type\" content=\"image\/jpeg\" \/>\n<meta name=\"twitter:card\" content=\"summary_large_image\" \/>\n<meta name=\"twitter:label1\" content=\"Tiempo de lectura\" \/>\n\t<meta name=\"twitter:data1\" content=\"1 minuto\" \/>\n<script type=\"application\/ld+json\" class=\"yoast-schema-graph\">{\"@context\":\"https:\\\/\\\/schema.org\",\"@graph\":[{\"@type\":\"WebPage\",\"@id\":\"https:\\\/\\\/libreriaguadalupe.com.ar\\\/libreria\\\/producto\\\/de-las-ciencias-a-la-teologia\\\/\",\"url\":\"https:\\\/\\\/libreriaguadalupe.com.ar\\\/libreria\\\/producto\\\/de-las-ciencias-a-la-teologia\\\/\",\"name\":\"De las ciencias a la teolog\u00eda - Editorial Guadalupe de Argentina\",\"isPartOf\":{\"@id\":\"https:\\\/\\\/libreriaguadalupe.com.ar\\\/libreria\\\/#website\"},\"primaryImageOfPage\":{\"@id\":\"https:\\\/\\\/libreriaguadalupe.com.ar\\\/libreria\\\/producto\\\/de-las-ciencias-a-la-teologia\\\/#primaryimage\"},\"image\":{\"@id\":\"https:\\\/\\\/libreriaguadalupe.com.ar\\\/libreria\\\/producto\\\/de-las-ciencias-a-la-teologia\\\/#primaryimage\"},\"thumbnailUrl\":\"https:\\\/\\\/i0.wp.com\\\/libreriaguadalupe.com.ar\\\/libreria\\\/wp-content\\\/uploads\\\/2023\\\/03\\\/De-las-ciencias-a-la-teologia.jpg?fit=380%2C586&ssl=1\",\"datePublished\":\"2023-03-23T19:15:54+00:00\",\"dateModified\":\"2025-01-31T14:16:20+00:00\",\"description\":\"Manuel Garc\u00eda Doncel ha sido un pionero en la creaci\u00f3n de foros de reflexi\u00f3n institucional estable que permitan reflexionar sobre la imagen cient\u00edfica que hoy tenemos del universo, para ponerla en di\u00e1logo con sus dimensiones metaf\u00edsico-filos\u00f3ficas y teol\u00f3gicas.\",\"breadcrumb\":{\"@id\":\"https:\\\/\\\/libreriaguadalupe.com.ar\\\/libreria\\\/producto\\\/de-las-ciencias-a-la-teologia\\\/#breadcrumb\"},\"inLanguage\":\"es\",\"potentialAction\":[{\"@type\":\"ReadAction\",\"target\":[\"https:\\\/\\\/libreriaguadalupe.com.ar\\\/libreria\\\/producto\\\/de-las-ciencias-a-la-teologia\\\/\"]}]},{\"@type\":\"ImageObject\",\"inLanguage\":\"es\",\"@id\":\"https:\\\/\\\/libreriaguadalupe.com.ar\\\/libreria\\\/producto\\\/de-las-ciencias-a-la-teologia\\\/#primaryimage\",\"url\":\"https:\\\/\\\/i0.wp.com\\\/libreriaguadalupe.com.ar\\\/libreria\\\/wp-content\\\/uploads\\\/2023\\\/03\\\/De-las-ciencias-a-la-teologia.jpg?fit=380%2C586&ssl=1\",\"contentUrl\":\"https:\\\/\\\/i0.wp.com\\\/libreriaguadalupe.com.ar\\\/libreria\\\/wp-content\\\/uploads\\\/2023\\\/03\\\/De-las-ciencias-a-la-teologia.jpg?fit=380%2C586&ssl=1\",\"width\":380,\"height\":586},{\"@type\":\"BreadcrumbList\",\"@id\":\"https:\\\/\\\/libreriaguadalupe.com.ar\\\/libreria\\\/producto\\\/de-las-ciencias-a-la-teologia\\\/#breadcrumb\",\"itemListElement\":[{\"@type\":\"ListItem\",\"position\":1,\"name\":\"Portada\",\"item\":\"https:\\\/\\\/libreriaguadalupe.com.ar\\\/libreria\\\/\"},{\"@type\":\"ListItem\",\"position\":2,\"name\":\"Tienda\",\"item\":\"https:\\\/\\\/libreriaguadalupe.com.ar\\\/libreria\\\/\"},{\"@type\":\"ListItem\",\"position\":3,\"name\":\"De las ciencias a la teolog\u00eda\"}]},{\"@type\":\"WebSite\",\"@id\":\"https:\\\/\\\/libreriaguadalupe.com.ar\\\/libreria\\\/#website\",\"url\":\"https:\\\/\\\/libreriaguadalupe.com.ar\\\/libreria\\\/\",\"name\":\"Editorial Guadalupe de Argentina\",\"description\":\"Congregaci\u00f3n del Verbo Divino\",\"publisher\":{\"@id\":\"https:\\\/\\\/libreriaguadalupe.com.ar\\\/libreria\\\/#organization\"},\"alternateName\":\"Librer\u00eda Guadalupe\",\"potentialAction\":[{\"@type\":\"SearchAction\",\"target\":{\"@type\":\"EntryPoint\",\"urlTemplate\":\"https:\\\/\\\/libreriaguadalupe.com.ar\\\/libreria\\\/?s={search_term_string}\"},\"query-input\":{\"@type\":\"PropertyValueSpecification\",\"valueRequired\":true,\"valueName\":\"search_term_string\"}}],\"inLanguage\":\"es\"},{\"@type\":\"Organization\",\"@id\":\"https:\\\/\\\/libreriaguadalupe.com.ar\\\/libreria\\\/#organization\",\"name\":\"Editorial Guadalupe\",\"alternateName\":\"Librer\u00eda Guadalupe\",\"url\":\"https:\\\/\\\/libreriaguadalupe.com.ar\\\/libreria\\\/\",\"logo\":{\"@type\":\"ImageObject\",\"inLanguage\":\"es\",\"@id\":\"https:\\\/\\\/libreriaguadalupe.com.ar\\\/libreria\\\/#\\\/schema\\\/logo\\\/image\\\/\",\"url\":\"https:\\\/\\\/i0.wp.com\\\/libreriaguadalupe.com.ar\\\/libreria\\\/wp-content\\\/uploads\\\/2023\\\/01\\\/cropped-logo-editorial-guadalupe.webp?fit=500%2C100&ssl=1\",\"contentUrl\":\"https:\\\/\\\/i0.wp.com\\\/libreriaguadalupe.com.ar\\\/libreria\\\/wp-content\\\/uploads\\\/2023\\\/01\\\/cropped-logo-editorial-guadalupe.webp?fit=500%2C100&ssl=1\",\"width\":500,\"height\":100,\"caption\":\"Editorial Guadalupe\"},\"image\":{\"@id\":\"https:\\\/\\\/libreriaguadalupe.com.ar\\\/libreria\\\/#\\\/schema\\\/logo\\\/image\\\/\"},\"sameAs\":[\"https:\\\/\\\/www.facebook.com\\\/LibreriaGuadalupeAR\\\/\",\"https:\\\/\\\/www.instagram.com\\\/editorialguadalupe\\\/\",\"https:\\\/\\\/guadalupeeditorial.mercadoshops.com.ar\\\/\"]}]}<\/script>\n<!-- \/ Yoast SEO plugin. -->","yoast_head_json":{"title":"De las ciencias a la teolog\u00eda - Editorial Guadalupe de Argentina","description":"Manuel Garc\u00eda Doncel ha sido un pionero en la creaci\u00f3n de foros de reflexi\u00f3n institucional estable que permitan reflexionar sobre la imagen cient\u00edfica que hoy tenemos del universo, para ponerla en di\u00e1logo con sus dimensiones metaf\u00edsico-filos\u00f3ficas y teol\u00f3gicas.","robots":{"index":"index","follow":"follow","max-snippet":"max-snippet:-1","max-image-preview":"max-image-preview:large","max-video-preview":"max-video-preview:-1"},"canonical":"https:\/\/libreriaguadalupe.com.ar\/libreria\/producto\/de-las-ciencias-a-la-teologia\/","og_locale":"es_ES","og_type":"article","og_title":"De las ciencias a la teolog\u00eda - Editorial Guadalupe de Argentina","og_description":"Manuel Garc\u00eda Doncel ha sido un pionero en la creaci\u00f3n de foros de reflexi\u00f3n institucional estable que permitan reflexionar sobre la imagen cient\u00edfica que hoy tenemos del universo, para ponerla en di\u00e1logo con sus dimensiones metaf\u00edsico-filos\u00f3ficas y teol\u00f3gicas.","og_url":"https:\/\/libreriaguadalupe.com.ar\/libreria\/producto\/de-las-ciencias-a-la-teologia\/","og_site_name":"Editorial Guadalupe de Argentina","article_publisher":"https:\/\/www.facebook.com\/LibreriaGuadalupeAR\/","article_modified_time":"2025-01-31T14:16:20+00:00","og_image":[{"width":380,"height":586,"url":"https:\/\/libreriaguadalupe.com.ar\/libreria\/wp-content\/uploads\/2023\/03\/De-las-ciencias-a-la-teologia.jpg","type":"image\/jpeg"}],"twitter_card":"summary_large_image","twitter_misc":{"Tiempo de lectura":"1 minuto"},"schema":{"@context":"https:\/\/schema.org","@graph":[{"@type":"WebPage","@id":"https:\/\/libreriaguadalupe.com.ar\/libreria\/producto\/de-las-ciencias-a-la-teologia\/","url":"https:\/\/libreriaguadalupe.com.ar\/libreria\/producto\/de-las-ciencias-a-la-teologia\/","name":"De las ciencias a la teolog\u00eda - Editorial Guadalupe de Argentina","isPartOf":{"@id":"https:\/\/libreriaguadalupe.com.ar\/libreria\/#website"},"primaryImageOfPage":{"@id":"https:\/\/libreriaguadalupe.com.ar\/libreria\/producto\/de-las-ciencias-a-la-teologia\/#primaryimage"},"image":{"@id":"https:\/\/libreriaguadalupe.com.ar\/libreria\/producto\/de-las-ciencias-a-la-teologia\/#primaryimage"},"thumbnailUrl":"https:\/\/i0.wp.com\/libreriaguadalupe.com.ar\/libreria\/wp-content\/uploads\/2023\/03\/De-las-ciencias-a-la-teologia.jpg?fit=380%2C586&ssl=1","datePublished":"2023-03-23T19:15:54+00:00","dateModified":"2025-01-31T14:16:20+00:00","description":"Manuel Garc\u00eda Doncel ha sido un pionero en la creaci\u00f3n de foros de reflexi\u00f3n institucional estable que permitan reflexionar sobre la imagen cient\u00edfica que hoy tenemos del universo, para ponerla en di\u00e1logo con sus dimensiones metaf\u00edsico-filos\u00f3ficas y teol\u00f3gicas.","breadcrumb":{"@id":"https:\/\/libreriaguadalupe.com.ar\/libreria\/producto\/de-las-ciencias-a-la-teologia\/#breadcrumb"},"inLanguage":"es","potentialAction":[{"@type":"ReadAction","target":["https:\/\/libreriaguadalupe.com.ar\/libreria\/producto\/de-las-ciencias-a-la-teologia\/"]}]},{"@type":"ImageObject","inLanguage":"es","@id":"https:\/\/libreriaguadalupe.com.ar\/libreria\/producto\/de-las-ciencias-a-la-teologia\/#primaryimage","url":"https:\/\/i0.wp.com\/libreriaguadalupe.com.ar\/libreria\/wp-content\/uploads\/2023\/03\/De-las-ciencias-a-la-teologia.jpg?fit=380%2C586&ssl=1","contentUrl":"https:\/\/i0.wp.com\/libreriaguadalupe.com.ar\/libreria\/wp-content\/uploads\/2023\/03\/De-las-ciencias-a-la-teologia.jpg?fit=380%2C586&ssl=1","width":380,"height":586},{"@type":"BreadcrumbList","@id":"https:\/\/libreriaguadalupe.com.ar\/libreria\/producto\/de-las-ciencias-a-la-teologia\/#breadcrumb","itemListElement":[{"@type":"ListItem","position":1,"name":"Portada","item":"https:\/\/libreriaguadalupe.com.ar\/libreria\/"},{"@type":"ListItem","position":2,"name":"Tienda","item":"https:\/\/libreriaguadalupe.com.ar\/libreria\/"},{"@type":"ListItem","position":3,"name":"De las ciencias a la teolog\u00eda"}]},{"@type":"WebSite","@id":"https:\/\/libreriaguadalupe.com.ar\/libreria\/#website","url":"https:\/\/libreriaguadalupe.com.ar\/libreria\/","name":"Editorial Guadalupe de Argentina","description":"Congregaci\u00f3n del Verbo Divino","publisher":{"@id":"https:\/\/libreriaguadalupe.com.ar\/libreria\/#organization"},"alternateName":"Librer\u00eda Guadalupe","potentialAction":[{"@type":"SearchAction","target":{"@type":"EntryPoint","urlTemplate":"https:\/\/libreriaguadalupe.com.ar\/libreria\/?s={search_term_string}"},"query-input":{"@type":"PropertyValueSpecification","valueRequired":true,"valueName":"search_term_string"}}],"inLanguage":"es"},{"@type":"Organization","@id":"https:\/\/libreriaguadalupe.com.ar\/libreria\/#organization","name":"Editorial Guadalupe","alternateName":"Librer\u00eda Guadalupe","url":"https:\/\/libreriaguadalupe.com.ar\/libreria\/","logo":{"@type":"ImageObject","inLanguage":"es","@id":"https:\/\/libreriaguadalupe.com.ar\/libreria\/#\/schema\/logo\/image\/","url":"https:\/\/i0.wp.com\/libreriaguadalupe.com.ar\/libreria\/wp-content\/uploads\/2023\/01\/cropped-logo-editorial-guadalupe.webp?fit=500%2C100&ssl=1","contentUrl":"https:\/\/i0.wp.com\/libreriaguadalupe.com.ar\/libreria\/wp-content\/uploads\/2023\/01\/cropped-logo-editorial-guadalupe.webp?fit=500%2C100&ssl=1","width":500,"height":100,"caption":"Editorial Guadalupe"},"image":{"@id":"https:\/\/libreriaguadalupe.com.ar\/libreria\/#\/schema\/logo\/image\/"},"sameAs":["https:\/\/www.facebook.com\/LibreriaGuadalupeAR\/","https:\/\/www.instagram.com\/editorialguadalupe\/","https:\/\/guadalupeeditorial.mercadoshops.com.ar\/"]}]}},"jetpack_publicize_connections":[],"jetpack_sharing_enabled":true,"jetpack-related-posts":[{"id":16952,"url":"https:\/\/libreriaguadalupe.com.ar\/libreria\/producto\/de-genesis-a-reyes\/","url_meta":{"origin":16967,"position":0},"title":"De G\u00e9nesis a Reyes","author":"admin","date":"23\/03\/2023","format":false,"excerpt":"Introducci\u00f3n a los nueve primeros libros de la Biblia Autor: Amador \u00c1ngel Garc\u00eda Santos ISBN: 8490733462 Dimensiones: 16 x 24 cm P\u00e1ginas: 30","rel":"","context":"Entrada similar","block_context":{"text":"Entrada similar","link":""},"img":{"alt_text":"","src":"https:\/\/i0.wp.com\/libreriaguadalupe.com.ar\/libreria\/wp-content\/uploads\/2023\/03\/DE-GENESIS-A-REYES.jpg?fit=380%2C586&ssl=1&resize=350%2C200","width":350,"height":200},"classes":[]},{"id":13185,"url":"https:\/\/libreriaguadalupe.com.ar\/libreria\/producto\/diez-palabras-clave-en-prehistoria\/","url_meta":{"origin":16967,"position":1},"title":"Diez Palabras Clave en Prehistoria","author":"admin","date":"18\/01\/2023","format":false,"excerpt":"Autores: Federico Bernaldo de Quir\u00f3s, Ignacio Montero Ruiz, Joaqu\u00edn Gonz\u00e1lez Echegaray, Juan Fern\u00e1ndez-Tresguerres Velasco, Manuel Hoyos G\u00f3mez, Mar\u00eda Dolores Garralda, Victoria Cabrera Vald\u00e9s ISBN: 8481690408 Dimensiones: 10,3 x 21,5 cm P\u00e1ginas: 336","rel":"","context":"Entrada similar","block_context":{"text":"Entrada similar","link":""},"img":{"alt_text":"","src":"https:\/\/i0.wp.com\/libreriaguadalupe.com.ar\/libreria\/wp-content\/uploads\/2023\/01\/Diez-Palabras-Clave-en-Prehistoria.jpg?fit=380%2C586&ssl=1&resize=350%2C200","width":350,"height":200},"classes":[]},{"id":17193,"url":"https:\/\/libreriaguadalupe.com.ar\/libreria\/producto\/tu-palabra-es-mi-luz\/","url_meta":{"origin":16967,"position":2},"title":"TU PALABRA ES MI LUZ Reflexiones para los domingos del ciclo A","author":"admin","date":"04\/04\/2023","format":false,"excerpt":"Reflexiones para los domingos del ciclo A Autor: Sergio C\u00e9sar Espinosa Gonz\u00e1lez ISBN: 8490734889 Dimensiones: 15,5 x 24 cm P\u00e1ginas: 256","rel":"","context":"Entrada similar","block_context":{"text":"Entrada similar","link":""},"img":{"alt_text":"","src":"https:\/\/i0.wp.com\/libreriaguadalupe.com.ar\/libreria\/wp-content\/uploads\/2023\/04\/TU-PALABRA-ES-MI-LUZ.jpg?fit=380%2C586&ssl=1&resize=350%2C200","width":350,"height":200},"classes":[]},{"id":13187,"url":"https:\/\/libreriaguadalupe.com.ar\/libreria\/producto\/diez-palabras-clave-sobre-la-vida-consagrada\/","url_meta":{"origin":16967,"position":3},"title":"10 Palabras Clave Sobre la Vida Consagrada","author":"admin","date":"18\/01\/2023","format":false,"excerpt":"Autor: Marciano Vidal Garc\u00eda ISBN: 8481692051 Dimensiones: 10,3 x 21,5 cm P\u00e1ginas: 464","rel":"","context":"Entrada similar","block_context":{"text":"Entrada similar","link":""},"img":{"alt_text":"","src":"https:\/\/i0.wp.com\/libreriaguadalupe.com.ar\/libreria\/wp-content\/uploads\/2023\/01\/10-Palabras-Clave-Sobre-la-Vida-Consagrada-1.jpg?fit=400%2C857&ssl=1&resize=350%2C200","width":350,"height":200},"classes":[]},{"id":19243,"url":"https:\/\/libreriaguadalupe.com.ar\/libreria\/producto\/a-la-sombra-del-leno-santo-reflexiones-y-meditaciones-para-la-semana-santa\/","url_meta":{"origin":16967,"position":4},"title":"\u00abA la sombra del Le\u00f1o Santo\u00bb \u2013 Reflexiones y meditaciones para la semana santa\u201d","author":"Mariano Zuqui","date":"08\/03\/2026","format":false,"excerpt":"Compilador: Guillermo Enrique Dri T\u00edtulo: \"A la sombra del Le\u00f1o\" - Reflexiones y Meditaciones para la Semana Santa ISBN:978-950-500-979-4 Formato: 15\u00a0 (ancho) x 22 (alto) cms. Interior: 1\/1 color Papel: Bookcel 80 grs. N\u00ba de P\u00e1ginas: 88. Tapa:4 Colores - Cartulina - Laminado mate Encuadernaci\u00f3n: Binder \u00a0 \u00a0","rel":"","context":"Entrada similar","block_context":{"text":"Entrada similar","link":""},"img":{"alt_text":"","src":"https:\/\/i0.wp.com\/libreriaguadalupe.com.ar\/libreria\/wp-content\/uploads\/2026\/03\/1.png?fit=960%2C1200&ssl=1&resize=350%2C200","width":350,"height":200,"srcset":"https:\/\/i0.wp.com\/libreriaguadalupe.com.ar\/libreria\/wp-content\/uploads\/2026\/03\/1.png?fit=960%2C1200&ssl=1&resize=350%2C200 1x, https:\/\/i0.wp.com\/libreriaguadalupe.com.ar\/libreria\/wp-content\/uploads\/2026\/03\/1.png?fit=960%2C1200&ssl=1&resize=525%2C300 1.5x, https:\/\/i0.wp.com\/libreriaguadalupe.com.ar\/libreria\/wp-content\/uploads\/2026\/03\/1.png?fit=960%2C1200&ssl=1&resize=700%2C400 2x"},"classes":[]},{"id":16829,"url":"https:\/\/libreriaguadalupe.com.ar\/libreria\/producto\/de-pastores-y-de-ovejas\/","url_meta":{"origin":16967,"position":5},"title":"De Pastores Y De Ovejas","author":"admin","date":"22\/03\/2023","format":false,"excerpt":"Escritos sacerdotales de Mons. H\u00e9ctor Aguer Autor: UNIVERSIDAD CATOLICA DE LA PLATA ISBN: 9789505007448 Dimensiones: 16 x 23 cm P\u00e1ginas: 296","rel":"","context":"Entrada similar","block_context":{"text":"Entrada similar","link":""},"img":{"alt_text":"","src":"https:\/\/i0.wp.com\/libreriaguadalupe.com.ar\/libreria\/wp-content\/uploads\/2023\/03\/De-Pastores-Y-De-Ovejas.jpeg?fit=340%2C500&ssl=1&resize=350%2C200","width":350,"height":200},"classes":[]}],"_links":{"self":[{"href":"https:\/\/libreriaguadalupe.com.ar\/libreria\/wp-json\/wp\/v2\/product\/16967","targetHints":{"allow":["GET"]}}],"collection":[{"href":"https:\/\/libreriaguadalupe.com.ar\/libreria\/wp-json\/wp\/v2\/product"}],"about":[{"href":"https:\/\/libreriaguadalupe.com.ar\/libreria\/wp-json\/wp\/v2\/types\/product"}],"replies":[{"embeddable":true,"href":"https:\/\/libreriaguadalupe.com.ar\/libreria\/wp-json\/wp\/v2\/comments?post=16967"}],"version-history":[{"count":1,"href":"https:\/\/libreriaguadalupe.com.ar\/libreria\/wp-json\/wp\/v2\/product\/16967\/revisions"}],"predecessor-version":[{"id":16969,"href":"https:\/\/libreriaguadalupe.com.ar\/libreria\/wp-json\/wp\/v2\/product\/16967\/revisions\/16969"}],"wp:featuredmedia":[{"embeddable":true,"href":"https:\/\/libreriaguadalupe.com.ar\/libreria\/wp-json\/wp\/v2\/media\/16968"}],"wp:attachment":[{"href":"https:\/\/libreriaguadalupe.com.ar\/libreria\/wp-json\/wp\/v2\/media?parent=16967"}],"wp:term":[{"taxonomy":"product_brand","embeddable":true,"href":"https:\/\/libreriaguadalupe.com.ar\/libreria\/wp-json\/wp\/v2\/product_brand?post=16967"},{"taxonomy":"product_cat","embeddable":true,"href":"https:\/\/libreriaguadalupe.com.ar\/libreria\/wp-json\/wp\/v2\/product_cat?post=16967"},{"taxonomy":"product_tag","embeddable":true,"href":"https:\/\/libreriaguadalupe.com.ar\/libreria\/wp-json\/wp\/v2\/product_tag?post=16967"}],"curies":[{"name":"wp","href":"https:\/\/api.w.org\/{rel}","templated":true}]}}