{"id":16864,"date":"2023-03-23T09:42:20","date_gmt":"2023-03-23T12:42:20","guid":{"rendered":"https:\/\/libreriaguadalupe.com.ar\/libreria\/?post_type=product&#038;p=16864"},"modified":"2025-07-24T10:52:20","modified_gmt":"2025-07-24T13:52:20","slug":"biblia-del-peregrino-i-i","status":"publish","type":"product","link":"https:\/\/libreriaguadalupe.com.ar\/libreria\/producto\/biblia-del-peregrino-i-i\/","title":{"rendered":"Biblia del Peregrino I I"},"content":{"rendered":"<p>Comentario a toda la Biblia en tres vol\u00famenes, en un estilo conciso y claro, con un sesenta por ciento de notas. El autor de este Comentario es el prestigioso biblista Luis Alonso Sch\u00f6kel. Esta Edici\u00f3n de Estudio est\u00e1 pensada para religiosos, sacerdotes, grupos b\u00edblicos y de estudio y catequistas. Este 2\u00ba volumen contiene al Antiguo Testamento, poes\u00eda.<\/p>\n","protected":false},"excerpt":{"rendered":"<p><strong>Edici\u00f3n de Estudio<br \/>\nAntiguo Testamento. Poes\u00eda<\/strong><\/p>\n<p>Autor: Luis Alonso Sch\u00f6kel<strong><br \/>\n<\/strong>ISBN: 8481691719<br \/>\nDimensiones: 17,5 x 24,5 cm<br \/>\nP\u00e1ginas: 1152<\/p>\n","protected":false},"featured_media":16865,"comment_status":"open","ping_status":"closed","template":"","meta":{"jetpack_publicize_message":"","jetpack_publicize_feature_enabled":true,"jetpack_social_post_already_shared":true,"jetpack_social_options":{"image_generator_settings":{"template":"highway","default_image_id":0,"font":"","enabled":false},"version":2}},"product_brand":[],"product_cat":[109],"product_tag":[127],"class_list":{"0":"post-16864","1":"product","2":"type-product","3":"status-publish","4":"has-post-thumbnail","6":"product_cat-verbo-divino","7":"product_tag-editorial-guadalupe-de-argentina","9":"first","10":"outofstock","11":"shipping-taxable","12":"purchasable","13":"product-type-simple"},"yoast_head":"<!-- This site is optimized with the Yoast SEO plugin v27.4 - https:\/\/yoast.com\/product\/yoast-seo-wordpress\/ -->\n<title>Biblia del Peregrino I I - Editorial Guadalupe de Argentina<\/title>\n<meta name=\"description\" content=\"Comentario a toda la Biblia en tres vol\u00famenes, en un estilo conciso y claro, con un sesenta por ciento de notas. El autor de este Comentario es el prestigioso biblista Luis Alonso Sch\u00f6kel. Esta Edici\u00f3n de Estudio est\u00e1 pensada para religiosos, sacerdotes, grupos b\u00edblicos y de estudio y catequistas. Este 2\u00ba volumen contiene al Antiguo Testamento, poes\u00eda.\" \/>\n<meta name=\"robots\" content=\"index, follow, max-snippet:-1, max-image-preview:large, max-video-preview:-1\" \/>\n<link rel=\"canonical\" href=\"https:\/\/libreriaguadalupe.com.ar\/libreria\/producto\/biblia-del-peregrino-i-i\/\" \/>\n<meta property=\"og:locale\" content=\"es_ES\" \/>\n<meta property=\"og:type\" content=\"article\" \/>\n<meta property=\"og:title\" content=\"Biblia del Peregrino I I - Editorial Guadalupe de Argentina\" \/>\n<meta property=\"og:description\" content=\"Comentario a toda la Biblia en tres vol\u00famenes, en un estilo conciso y claro, con un sesenta por ciento de notas. El autor de este Comentario es el prestigioso biblista Luis Alonso Sch\u00f6kel. Esta Edici\u00f3n de Estudio est\u00e1 pensada para religiosos, sacerdotes, grupos b\u00edblicos y de estudio y catequistas. Este 2\u00ba volumen contiene al Antiguo Testamento, poes\u00eda.\" \/>\n<meta property=\"og:url\" content=\"https:\/\/libreriaguadalupe.com.ar\/libreria\/producto\/biblia-del-peregrino-i-i\/\" \/>\n<meta property=\"og:site_name\" content=\"Editorial Guadalupe de Argentina\" \/>\n<meta property=\"article:publisher\" content=\"https:\/\/www.facebook.com\/LibreriaGuadalupeAR\/\" \/>\n<meta property=\"article:modified_time\" content=\"2025-07-24T13:52:20+00:00\" \/>\n<meta property=\"og:image\" content=\"https:\/\/libreriaguadalupe.com.ar\/libreria\/wp-content\/uploads\/2023\/03\/BIBLIA-DEL-PEREGRINO-II.jpg\" \/>\n\t<meta property=\"og:image:width\" content=\"380\" \/>\n\t<meta property=\"og:image:height\" content=\"586\" \/>\n\t<meta property=\"og:image:type\" content=\"image\/jpeg\" \/>\n<meta name=\"twitter:card\" content=\"summary_large_image\" \/>\n<meta name=\"twitter:label1\" content=\"Tiempo de lectura\" \/>\n\t<meta name=\"twitter:data1\" content=\"1 minuto\" \/>\n<script type=\"application\/ld+json\" class=\"yoast-schema-graph\">{\"@context\":\"https:\\\/\\\/schema.org\",\"@graph\":[{\"@type\":\"WebPage\",\"@id\":\"https:\\\/\\\/libreriaguadalupe.com.ar\\\/libreria\\\/producto\\\/biblia-del-peregrino-i-i\\\/\",\"url\":\"https:\\\/\\\/libreriaguadalupe.com.ar\\\/libreria\\\/producto\\\/biblia-del-peregrino-i-i\\\/\",\"name\":\"Biblia del Peregrino I I - Editorial Guadalupe de Argentina\",\"isPartOf\":{\"@id\":\"https:\\\/\\\/libreriaguadalupe.com.ar\\\/libreria\\\/#website\"},\"primaryImageOfPage\":{\"@id\":\"https:\\\/\\\/libreriaguadalupe.com.ar\\\/libreria\\\/producto\\\/biblia-del-peregrino-i-i\\\/#primaryimage\"},\"image\":{\"@id\":\"https:\\\/\\\/libreriaguadalupe.com.ar\\\/libreria\\\/producto\\\/biblia-del-peregrino-i-i\\\/#primaryimage\"},\"thumbnailUrl\":\"https:\\\/\\\/i0.wp.com\\\/libreriaguadalupe.com.ar\\\/libreria\\\/wp-content\\\/uploads\\\/2023\\\/03\\\/BIBLIA-DEL-PEREGRINO-II.jpg?fit=380%2C586&ssl=1\",\"datePublished\":\"2023-03-23T12:42:20+00:00\",\"dateModified\":\"2025-07-24T13:52:20+00:00\",\"description\":\"Comentario a toda la Biblia en tres vol\u00famenes, en un estilo conciso y claro, con un sesenta por ciento de notas. El autor de este Comentario es el prestigioso biblista Luis Alonso Sch\u00f6kel. Esta Edici\u00f3n de Estudio est\u00e1 pensada para religiosos, sacerdotes, grupos b\u00edblicos y de estudio y catequistas. Este 2\u00ba volumen contiene al Antiguo Testamento, poes\u00eda.\",\"breadcrumb\":{\"@id\":\"https:\\\/\\\/libreriaguadalupe.com.ar\\\/libreria\\\/producto\\\/biblia-del-peregrino-i-i\\\/#breadcrumb\"},\"inLanguage\":\"es\",\"potentialAction\":[{\"@type\":\"ReadAction\",\"target\":[\"https:\\\/\\\/libreriaguadalupe.com.ar\\\/libreria\\\/producto\\\/biblia-del-peregrino-i-i\\\/\"]}]},{\"@type\":\"ImageObject\",\"inLanguage\":\"es\",\"@id\":\"https:\\\/\\\/libreriaguadalupe.com.ar\\\/libreria\\\/producto\\\/biblia-del-peregrino-i-i\\\/#primaryimage\",\"url\":\"https:\\\/\\\/i0.wp.com\\\/libreriaguadalupe.com.ar\\\/libreria\\\/wp-content\\\/uploads\\\/2023\\\/03\\\/BIBLIA-DEL-PEREGRINO-II.jpg?fit=380%2C586&ssl=1\",\"contentUrl\":\"https:\\\/\\\/i0.wp.com\\\/libreriaguadalupe.com.ar\\\/libreria\\\/wp-content\\\/uploads\\\/2023\\\/03\\\/BIBLIA-DEL-PEREGRINO-II.jpg?fit=380%2C586&ssl=1\",\"width\":380,\"height\":586},{\"@type\":\"BreadcrumbList\",\"@id\":\"https:\\\/\\\/libreriaguadalupe.com.ar\\\/libreria\\\/producto\\\/biblia-del-peregrino-i-i\\\/#breadcrumb\",\"itemListElement\":[{\"@type\":\"ListItem\",\"position\":1,\"name\":\"Portada\",\"item\":\"https:\\\/\\\/libreriaguadalupe.com.ar\\\/libreria\\\/\"},{\"@type\":\"ListItem\",\"position\":2,\"name\":\"Tienda\",\"item\":\"https:\\\/\\\/libreriaguadalupe.com.ar\\\/libreria\\\/\"},{\"@type\":\"ListItem\",\"position\":3,\"name\":\"Biblia del Peregrino I I\"}]},{\"@type\":\"WebSite\",\"@id\":\"https:\\\/\\\/libreriaguadalupe.com.ar\\\/libreria\\\/#website\",\"url\":\"https:\\\/\\\/libreriaguadalupe.com.ar\\\/libreria\\\/\",\"name\":\"Editorial Guadalupe de Argentina\",\"description\":\"Congregaci\u00f3n del Verbo Divino\",\"publisher\":{\"@id\":\"https:\\\/\\\/libreriaguadalupe.com.ar\\\/libreria\\\/#organization\"},\"alternateName\":\"Librer\u00eda Guadalupe\",\"potentialAction\":[{\"@type\":\"SearchAction\",\"target\":{\"@type\":\"EntryPoint\",\"urlTemplate\":\"https:\\\/\\\/libreriaguadalupe.com.ar\\\/libreria\\\/?s={search_term_string}\"},\"query-input\":{\"@type\":\"PropertyValueSpecification\",\"valueRequired\":true,\"valueName\":\"search_term_string\"}}],\"inLanguage\":\"es\"},{\"@type\":\"Organization\",\"@id\":\"https:\\\/\\\/libreriaguadalupe.com.ar\\\/libreria\\\/#organization\",\"name\":\"Editorial Guadalupe\",\"alternateName\":\"Librer\u00eda Guadalupe\",\"url\":\"https:\\\/\\\/libreriaguadalupe.com.ar\\\/libreria\\\/\",\"logo\":{\"@type\":\"ImageObject\",\"inLanguage\":\"es\",\"@id\":\"https:\\\/\\\/libreriaguadalupe.com.ar\\\/libreria\\\/#\\\/schema\\\/logo\\\/image\\\/\",\"url\":\"https:\\\/\\\/i0.wp.com\\\/libreriaguadalupe.com.ar\\\/libreria\\\/wp-content\\\/uploads\\\/2023\\\/01\\\/cropped-logo-editorial-guadalupe.webp?fit=500%2C100&ssl=1\",\"contentUrl\":\"https:\\\/\\\/i0.wp.com\\\/libreriaguadalupe.com.ar\\\/libreria\\\/wp-content\\\/uploads\\\/2023\\\/01\\\/cropped-logo-editorial-guadalupe.webp?fit=500%2C100&ssl=1\",\"width\":500,\"height\":100,\"caption\":\"Editorial Guadalupe\"},\"image\":{\"@id\":\"https:\\\/\\\/libreriaguadalupe.com.ar\\\/libreria\\\/#\\\/schema\\\/logo\\\/image\\\/\"},\"sameAs\":[\"https:\\\/\\\/www.facebook.com\\\/LibreriaGuadalupeAR\\\/\",\"https:\\\/\\\/www.instagram.com\\\/editorialguadalupe\\\/\",\"https:\\\/\\\/guadalupeeditorial.mercadoshops.com.ar\\\/\"]}]}<\/script>\n<!-- \/ Yoast SEO plugin. -->","yoast_head_json":{"title":"Biblia del Peregrino I I - Editorial Guadalupe de Argentina","description":"Comentario a toda la Biblia en tres vol\u00famenes, en un estilo conciso y claro, con un sesenta por ciento de notas. El autor de este Comentario es el prestigioso biblista Luis Alonso Sch\u00f6kel. Esta Edici\u00f3n de Estudio est\u00e1 pensada para religiosos, sacerdotes, grupos b\u00edblicos y de estudio y catequistas. Este 2\u00ba volumen contiene al Antiguo Testamento, poes\u00eda.","robots":{"index":"index","follow":"follow","max-snippet":"max-snippet:-1","max-image-preview":"max-image-preview:large","max-video-preview":"max-video-preview:-1"},"canonical":"https:\/\/libreriaguadalupe.com.ar\/libreria\/producto\/biblia-del-peregrino-i-i\/","og_locale":"es_ES","og_type":"article","og_title":"Biblia del Peregrino I I - Editorial Guadalupe de Argentina","og_description":"Comentario a toda la Biblia en tres vol\u00famenes, en un estilo conciso y claro, con un sesenta por ciento de notas. El autor de este Comentario es el prestigioso biblista Luis Alonso Sch\u00f6kel. Esta Edici\u00f3n de Estudio est\u00e1 pensada para religiosos, sacerdotes, grupos b\u00edblicos y de estudio y catequistas. Este 2\u00ba volumen contiene al Antiguo Testamento, poes\u00eda.","og_url":"https:\/\/libreriaguadalupe.com.ar\/libreria\/producto\/biblia-del-peregrino-i-i\/","og_site_name":"Editorial Guadalupe de Argentina","article_publisher":"https:\/\/www.facebook.com\/LibreriaGuadalupeAR\/","article_modified_time":"2025-07-24T13:52:20+00:00","og_image":[{"width":380,"height":586,"url":"https:\/\/libreriaguadalupe.com.ar\/libreria\/wp-content\/uploads\/2023\/03\/BIBLIA-DEL-PEREGRINO-II.jpg","type":"image\/jpeg"}],"twitter_card":"summary_large_image","twitter_misc":{"Tiempo de lectura":"1 minuto"},"schema":{"@context":"https:\/\/schema.org","@graph":[{"@type":"WebPage","@id":"https:\/\/libreriaguadalupe.com.ar\/libreria\/producto\/biblia-del-peregrino-i-i\/","url":"https:\/\/libreriaguadalupe.com.ar\/libreria\/producto\/biblia-del-peregrino-i-i\/","name":"Biblia del Peregrino I I - Editorial Guadalupe de Argentina","isPartOf":{"@id":"https:\/\/libreriaguadalupe.com.ar\/libreria\/#website"},"primaryImageOfPage":{"@id":"https:\/\/libreriaguadalupe.com.ar\/libreria\/producto\/biblia-del-peregrino-i-i\/#primaryimage"},"image":{"@id":"https:\/\/libreriaguadalupe.com.ar\/libreria\/producto\/biblia-del-peregrino-i-i\/#primaryimage"},"thumbnailUrl":"https:\/\/i0.wp.com\/libreriaguadalupe.com.ar\/libreria\/wp-content\/uploads\/2023\/03\/BIBLIA-DEL-PEREGRINO-II.jpg?fit=380%2C586&ssl=1","datePublished":"2023-03-23T12:42:20+00:00","dateModified":"2025-07-24T13:52:20+00:00","description":"Comentario a toda la Biblia en tres vol\u00famenes, en un estilo conciso y claro, con un sesenta por ciento de notas. El autor de este Comentario es el prestigioso biblista Luis Alonso Sch\u00f6kel. Esta Edici\u00f3n de Estudio est\u00e1 pensada para religiosos, sacerdotes, grupos b\u00edblicos y de estudio y catequistas. Este 2\u00ba volumen contiene al Antiguo Testamento, poes\u00eda.","breadcrumb":{"@id":"https:\/\/libreriaguadalupe.com.ar\/libreria\/producto\/biblia-del-peregrino-i-i\/#breadcrumb"},"inLanguage":"es","potentialAction":[{"@type":"ReadAction","target":["https:\/\/libreriaguadalupe.com.ar\/libreria\/producto\/biblia-del-peregrino-i-i\/"]}]},{"@type":"ImageObject","inLanguage":"es","@id":"https:\/\/libreriaguadalupe.com.ar\/libreria\/producto\/biblia-del-peregrino-i-i\/#primaryimage","url":"https:\/\/i0.wp.com\/libreriaguadalupe.com.ar\/libreria\/wp-content\/uploads\/2023\/03\/BIBLIA-DEL-PEREGRINO-II.jpg?fit=380%2C586&ssl=1","contentUrl":"https:\/\/i0.wp.com\/libreriaguadalupe.com.ar\/libreria\/wp-content\/uploads\/2023\/03\/BIBLIA-DEL-PEREGRINO-II.jpg?fit=380%2C586&ssl=1","width":380,"height":586},{"@type":"BreadcrumbList","@id":"https:\/\/libreriaguadalupe.com.ar\/libreria\/producto\/biblia-del-peregrino-i-i\/#breadcrumb","itemListElement":[{"@type":"ListItem","position":1,"name":"Portada","item":"https:\/\/libreriaguadalupe.com.ar\/libreria\/"},{"@type":"ListItem","position":2,"name":"Tienda","item":"https:\/\/libreriaguadalupe.com.ar\/libreria\/"},{"@type":"ListItem","position":3,"name":"Biblia del Peregrino I I"}]},{"@type":"WebSite","@id":"https:\/\/libreriaguadalupe.com.ar\/libreria\/#website","url":"https:\/\/libreriaguadalupe.com.ar\/libreria\/","name":"Editorial Guadalupe de Argentina","description":"Congregaci\u00f3n del Verbo Divino","publisher":{"@id":"https:\/\/libreriaguadalupe.com.ar\/libreria\/#organization"},"alternateName":"Librer\u00eda Guadalupe","potentialAction":[{"@type":"SearchAction","target":{"@type":"EntryPoint","urlTemplate":"https:\/\/libreriaguadalupe.com.ar\/libreria\/?s={search_term_string}"},"query-input":{"@type":"PropertyValueSpecification","valueRequired":true,"valueName":"search_term_string"}}],"inLanguage":"es"},{"@type":"Organization","@id":"https:\/\/libreriaguadalupe.com.ar\/libreria\/#organization","name":"Editorial Guadalupe","alternateName":"Librer\u00eda Guadalupe","url":"https:\/\/libreriaguadalupe.com.ar\/libreria\/","logo":{"@type":"ImageObject","inLanguage":"es","@id":"https:\/\/libreriaguadalupe.com.ar\/libreria\/#\/schema\/logo\/image\/","url":"https:\/\/i0.wp.com\/libreriaguadalupe.com.ar\/libreria\/wp-content\/uploads\/2023\/01\/cropped-logo-editorial-guadalupe.webp?fit=500%2C100&ssl=1","contentUrl":"https:\/\/i0.wp.com\/libreriaguadalupe.com.ar\/libreria\/wp-content\/uploads\/2023\/01\/cropped-logo-editorial-guadalupe.webp?fit=500%2C100&ssl=1","width":500,"height":100,"caption":"Editorial Guadalupe"},"image":{"@id":"https:\/\/libreriaguadalupe.com.ar\/libreria\/#\/schema\/logo\/image\/"},"sameAs":["https:\/\/www.facebook.com\/LibreriaGuadalupeAR\/","https:\/\/www.instagram.com\/editorialguadalupe\/","https:\/\/guadalupeeditorial.mercadoshops.com.ar\/"]}]}},"jetpack_publicize_connections":[],"jetpack_sharing_enabled":true,"jetpack-related-posts":[{"id":15576,"url":"https:\/\/libreriaguadalupe.com.ar\/libreria\/producto\/biblia-del-peregrino-i-2\/","url_meta":{"origin":16864,"position":0},"title":"Biblia del Peregrino  I","author":"admin","date":"07\/02\/2023","format":false,"excerpt":"Edici\u00f3n de Estudio Antiguo Testamento. Prosa Autor: Luis Alonso Sch\u00f6kel ISBN: 8481691252 Dimensiones: 17,5 x 24,5 cm P\u00e1ginas: 1096","rel":"","context":"Entrada similar","block_context":{"text":"Entrada similar","link":""},"img":{"alt_text":"","src":"https:\/\/i0.wp.com\/libreriaguadalupe.com.ar\/libreria\/wp-content\/uploads\/1674\/33\/37.jpg?fit=281%2C401&ssl=1&resize=350%2C200","width":350,"height":200},"classes":[]},{"id":14819,"url":"https:\/\/libreriaguadalupe.com.ar\/libreria\/producto\/comentario-al-antiguo-testamento-ii-2\/","url_meta":{"origin":16864,"position":1},"title":"Comentario al Antiguo Testamento II","author":"admin","date":"07\/02\/2023","format":false,"excerpt":"Autor: La Casa de la Biblia - Hermandad de Sacerdotes Operarios Diocesanos del Coraz\u00f3n de Jes\u00fas ISBN: 8481692131 Dimensiones: 17,5 x 25 cm P\u00e1ginas: 824","rel":"","context":"Entrada similar","block_context":{"text":"Entrada similar","link":""},"img":{"alt_text":"","src":"https:\/\/i0.wp.com\/libreriaguadalupe.com.ar\/libreria\/wp-content\/uploads\/2023\/02\/Comentario-al-Antiguo-Testamento-II.jpg?fit=380%2C586&ssl=1&resize=350%2C200","width":350,"height":200},"classes":[]},{"id":16867,"url":"https:\/\/libreriaguadalupe.com.ar\/libreria\/producto\/biblia-hebraica-quinta-bhq-13\/","url_meta":{"origin":16864,"position":2},"title":"Biblia Hebraica Quinta (BHQ) \/ 13.","author":"admin","date":"23\/03\/2023","format":false,"excerpt":"The Twelve Minor Prophets Idioma: hebreo Autor: Anthony Gelston ISBN: 3438052735 Dimensiones: 15,8 x 23,7 cm P\u00e1ginas: 320","rel":"","context":"Entrada similar","block_context":{"text":"Entrada similar","link":""},"img":{"alt_text":"","src":"https:\/\/i0.wp.com\/libreriaguadalupe.com.ar\/libreria\/wp-content\/uploads\/2023\/03\/Biblia-Hebraica-Quinta-13.png?fit=200%2C308&ssl=1&resize=350%2C200","width":350,"height":200},"classes":[]},{"id":16870,"url":"https:\/\/libreriaguadalupe.com.ar\/libreria\/producto\/biblia-hebraica-quinta-bhq-20\/","url_meta":{"origin":16864,"position":3},"title":"Biblia Hebraica Quinta (BHQ) \/ 20","author":"admin","date":"23\/03\/2023","format":false,"excerpt":"Ezra and Nehemiah Idioma: hebreo Autor: David Marcus ISBN: 3438052806 Dimensiones: 15,8 x 23,7 cm P\u00e1ginas: 170","rel":"","context":"Entrada similar","block_context":{"text":"Entrada similar","link":""},"img":{"alt_text":"","src":"https:\/\/i0.wp.com\/libreriaguadalupe.com.ar\/libreria\/wp-content\/uploads\/2023\/03\/Biblia-Hebraica-Quinta-20.png?fit=200%2C312&ssl=1&resize=350%2C200","width":350,"height":200},"classes":[]},{"id":16873,"url":"https:\/\/libreriaguadalupe.com.ar\/libreria\/producto\/biblia-hebraica-quinta-bhq-5\/","url_meta":{"origin":16864,"position":4},"title":"Biblia Hebraica Quinta (BHQ) \/ 5","author":"admin","date":"23\/03\/2023","format":false,"excerpt":"Deuteronomy Idioma: hebreo Autor: Carmel McCarthy ISBN: 3438052650 Dimensiones: 15,8 x 23,7 cm P\u00e1ginas: 320","rel":"","context":"Entrada similar","block_context":{"text":"Entrada similar","link":""},"img":{"alt_text":"","src":"https:\/\/i0.wp.com\/libreriaguadalupe.com.ar\/libreria\/wp-content\/uploads\/2023\/03\/Biblia-Hebraica-Quinta-5.png?fit=200%2C310&ssl=1&resize=350%2C200","width":350,"height":200},"classes":[]},{"id":16876,"url":"https:\/\/libreriaguadalupe.com.ar\/libreria\/producto\/biblia-hebraica-quinta-bhq-7\/","url_meta":{"origin":16864,"position":5},"title":"Biblia Hebraica Quinta (BHQ) \/ 7","author":"admin","date":"23\/03\/2023","format":false,"excerpt":"Judges Idioma: hebreo Autor: Natalio Fern\u00e1ndez Marcos ISBN: 3438052674 Dimensiones: 15,8 x 23,7 cm P\u00e1ginas: 238","rel":"","context":"Entrada similar","block_context":{"text":"Entrada similar","link":""},"img":{"alt_text":"","src":"https:\/\/i0.wp.com\/libreriaguadalupe.com.ar\/libreria\/wp-content\/uploads\/2023\/03\/Biblia-Hebraica-Quinta-7.png?fit=200%2C307&ssl=1&resize=350%2C200","width":350,"height":200},"classes":[]}],"_links":{"self":[{"href":"https:\/\/libreriaguadalupe.com.ar\/libreria\/wp-json\/wp\/v2\/product\/16864","targetHints":{"allow":["GET"]}}],"collection":[{"href":"https:\/\/libreriaguadalupe.com.ar\/libreria\/wp-json\/wp\/v2\/product"}],"about":[{"href":"https:\/\/libreriaguadalupe.com.ar\/libreria\/wp-json\/wp\/v2\/types\/product"}],"replies":[{"embeddable":true,"href":"https:\/\/libreriaguadalupe.com.ar\/libreria\/wp-json\/wp\/v2\/comments?post=16864"}],"version-history":[{"count":1,"href":"https:\/\/libreriaguadalupe.com.ar\/libreria\/wp-json\/wp\/v2\/product\/16864\/revisions"}],"predecessor-version":[{"id":16866,"href":"https:\/\/libreriaguadalupe.com.ar\/libreria\/wp-json\/wp\/v2\/product\/16864\/revisions\/16866"}],"wp:featuredmedia":[{"embeddable":true,"href":"https:\/\/libreriaguadalupe.com.ar\/libreria\/wp-json\/wp\/v2\/media\/16865"}],"wp:attachment":[{"href":"https:\/\/libreriaguadalupe.com.ar\/libreria\/wp-json\/wp\/v2\/media?parent=16864"}],"wp:term":[{"taxonomy":"product_brand","embeddable":true,"href":"https:\/\/libreriaguadalupe.com.ar\/libreria\/wp-json\/wp\/v2\/product_brand?post=16864"},{"taxonomy":"product_cat","embeddable":true,"href":"https:\/\/libreriaguadalupe.com.ar\/libreria\/wp-json\/wp\/v2\/product_cat?post=16864"},{"taxonomy":"product_tag","embeddable":true,"href":"https:\/\/libreriaguadalupe.com.ar\/libreria\/wp-json\/wp\/v2\/product_tag?post=16864"}],"curies":[{"name":"wp","href":"https:\/\/api.w.org\/{rel}","templated":true}]}}