{"id":12869,"date":"2023-01-18T18:46:19","date_gmt":"2023-01-18T21:46:19","guid":{"rendered":"https:\/\/libreriaguadalupe.com.ar\/libreria\/?post_type=product&#038;p=12869"},"modified":"2024-03-14T10:34:10","modified_gmt":"2024-03-14T13:34:10","slug":"estudios-de-sintaxis-verbal-en-tiempos-ugariticos","status":"publish","type":"product","link":"https:\/\/libreriaguadalupe.com.ar\/libreria\/producto\/estudios-de-sintaxis-verbal-en-tiempos-ugariticos\/","title":{"rendered":"Estudios de sintaxis verbal en tiempos ugariticos"},"content":{"rendered":"<p>Monograf\u00eda que analiza de manera extensa el sistema verbal en un poema mitol\u00f3gico central dentro del corpus ugar\u00edtico, el Ciclo de Baal desde los presupuestos de la sintaxis textual (an\u00e1lisis del discurso). La obra, dividida en tabillas y columnas, es analizada pr\u00e1cticamente oraci\u00f3n por oraci\u00f3n, con cuidadosas referencias a la morfolog\u00eda, orden de palabras, elementos de ret\u00f3rica y estilo y contexto discursivo (unidades literarias y secciones de texto).<\/p>\n<p>El objetivo \u00faltimo de este an\u00e1lisis es obtener la informaci\u00f3n sint\u00e1ctica necesaria para proponer una tipolog\u00eda textual exhaustiva de todo el Ciclo, tomado como banco de pruebas para la lengua ugar\u00edtica de la poes\u00eda. Esta tipolog\u00eda clasifica tipos de texto (narraci\u00f3n, distintas formas de estilo directo) y el uso de unidades literarias en posici\u00f3n de inicio, desarrollo o cierre dentro de los mismos.<\/p>\n<p>Un estudio formal complementa esta descripci\u00f3n funcional, catalogando qu\u00e9 tipos de estructuras (con distintas formas verbales) pueden aparecer dentro de cada unidad textual, lo que se traduce en un esbozo de sintaxis de corpus del verbo en el Ciclo de Baal.<\/p>\n<p>Esta aproximaci\u00f3n metodol\u00f3gica, centrada en la unidad superior a la oraci\u00f3n como fundamental para la sintaxis, complementa las observaciones de las gram\u00e1ticas tradicionales (especializadas en la morfosintaxis oracional y paradigm\u00e1tica), por lo que parte de las conclusiones finales sobre el Ciclo se dedican a comparar las propuestas del libro con las valoraciones de gram\u00e1ticas ugar\u00edticas recientes.<\/p>\n<p>Finalmente, las categor\u00edas definidas en el estudio se orientan a un an\u00e1lisis comparativo con una breve selecci\u00f3n de obras del corpus b\u00edblico arcaico (Ex 15, Jue 5 y 2Sam 1,18-27). Dado que la poes\u00eda b\u00edblica arcaica presenta numerosos paralelos con la literatura ugar\u00edtica en otros planos (po\u00e9tica, imaginario, mitolog\u00eda), una comparativa textual y sint\u00e1ctica resulta prometedora. Los breves ensayos sobre este asunto con que el libro se cierra presentan algunos hallazgos al respecto y bosquejan el camino para una futura investigaci\u00f3n de la tipolog\u00eda ling\u00fc\u00edstica de la poes\u00eda en el Sem\u00edtico Noroccidental.<\/p>\n","protected":false},"excerpt":{"rendered":"<h5 class=\"my-1 font-weight-normal\">El Ciclo de Baal y la \u00abpoes\u00eda b\u00edblica arcaica\u00bb<\/h5>\n<p>Autor: Andr\u00e9s Piquer Otero<strong><br \/>\n<\/strong>ISBN: 8481697407<br \/>\nDimensiones: 17 x 24 cm<br \/>\nP\u00e1ginas: 896<\/p>\n","protected":false},"featured_media":17078,"comment_status":"open","ping_status":"closed","template":"","meta":{"jetpack_publicize_message":"","jetpack_publicize_feature_enabled":true,"jetpack_social_post_already_shared":false,"jetpack_social_options":{"image_generator_settings":{"template":"highway","default_image_id":0,"font":"","enabled":false},"version":2}},"product_brand":[],"product_cat":[109],"product_tag":[127],"class_list":{"0":"post-12869","1":"product","2":"type-product","3":"status-publish","4":"has-post-thumbnail","6":"product_cat-verbo-divino","7":"product_tag-editorial-guadalupe-de-argentina","9":"first","10":"instock","11":"shipping-taxable","12":"purchasable","13":"product-type-simple"},"yoast_head":"<!-- This site is optimized with the Yoast SEO plugin v27.4 - https:\/\/yoast.com\/product\/yoast-seo-wordpress\/ -->\n<title>Estudios de sintaxis verbal en tiempos ugariticos - Editorial Guadalupe de Argentina<\/title>\n<meta name=\"description\" content=\"Monograf\u00eda que analiza de manera extensa el sistema verbal en un poema mitol\u00f3gico central dentro del corpus ugar\u00edtico, el Ciclo de Baal desde los presupuestos de la sintaxis textual (an\u00e1lisis del discurso).\" \/>\n<meta name=\"robots\" content=\"index, follow, max-snippet:-1, max-image-preview:large, max-video-preview:-1\" \/>\n<link rel=\"canonical\" href=\"https:\/\/libreriaguadalupe.com.ar\/libreria\/producto\/estudios-de-sintaxis-verbal-en-tiempos-ugariticos\/\" \/>\n<meta property=\"og:locale\" content=\"es_ES\" \/>\n<meta property=\"og:type\" content=\"article\" \/>\n<meta property=\"og:title\" content=\"Estudios de sintaxis verbal en tiempos ugariticos - Editorial Guadalupe de Argentina\" \/>\n<meta property=\"og:description\" content=\"Monograf\u00eda que analiza de manera extensa el sistema verbal en un poema mitol\u00f3gico central dentro del corpus ugar\u00edtico, el Ciclo de Baal desde los presupuestos de la sintaxis textual (an\u00e1lisis del discurso).\" \/>\n<meta property=\"og:url\" content=\"https:\/\/libreriaguadalupe.com.ar\/libreria\/producto\/estudios-de-sintaxis-verbal-en-tiempos-ugariticos\/\" \/>\n<meta property=\"og:site_name\" content=\"Editorial Guadalupe de Argentina\" \/>\n<meta property=\"article:publisher\" content=\"https:\/\/www.facebook.com\/LibreriaGuadalupeAR\/\" \/>\n<meta property=\"article:modified_time\" content=\"2024-03-14T13:34:10+00:00\" \/>\n<meta property=\"og:image\" content=\"https:\/\/libreriaguadalupe.com.ar\/libreria\/wp-content\/uploads\/2023\/01\/Estudios-de-sintaxis-verbal-en-tiempos-ugariticos.jpg\" \/>\n\t<meta property=\"og:image:width\" content=\"380\" \/>\n\t<meta property=\"og:image:height\" content=\"586\" \/>\n\t<meta property=\"og:image:type\" content=\"image\/jpeg\" \/>\n<meta name=\"twitter:card\" content=\"summary_large_image\" \/>\n<meta name=\"twitter:label1\" content=\"Tiempo de lectura\" \/>\n\t<meta name=\"twitter:data1\" content=\"2 minutos\" \/>\n<script type=\"application\/ld+json\" class=\"yoast-schema-graph\">{\"@context\":\"https:\\\/\\\/schema.org\",\"@graph\":[{\"@type\":\"WebPage\",\"@id\":\"https:\\\/\\\/libreriaguadalupe.com.ar\\\/libreria\\\/producto\\\/estudios-de-sintaxis-verbal-en-tiempos-ugariticos\\\/\",\"url\":\"https:\\\/\\\/libreriaguadalupe.com.ar\\\/libreria\\\/producto\\\/estudios-de-sintaxis-verbal-en-tiempos-ugariticos\\\/\",\"name\":\"Estudios de sintaxis verbal en tiempos ugariticos - Editorial Guadalupe de Argentina\",\"isPartOf\":{\"@id\":\"https:\\\/\\\/libreriaguadalupe.com.ar\\\/libreria\\\/#website\"},\"primaryImageOfPage\":{\"@id\":\"https:\\\/\\\/libreriaguadalupe.com.ar\\\/libreria\\\/producto\\\/estudios-de-sintaxis-verbal-en-tiempos-ugariticos\\\/#primaryimage\"},\"image\":{\"@id\":\"https:\\\/\\\/libreriaguadalupe.com.ar\\\/libreria\\\/producto\\\/estudios-de-sintaxis-verbal-en-tiempos-ugariticos\\\/#primaryimage\"},\"thumbnailUrl\":\"https:\\\/\\\/i0.wp.com\\\/libreriaguadalupe.com.ar\\\/libreria\\\/wp-content\\\/uploads\\\/2023\\\/01\\\/Estudios-de-sintaxis-verbal-en-tiempos-ugariticos.jpg?fit=380%2C586&ssl=1\",\"datePublished\":\"2023-01-18T21:46:19+00:00\",\"dateModified\":\"2024-03-14T13:34:10+00:00\",\"description\":\"Monograf\u00eda que analiza de manera extensa el sistema verbal en un poema mitol\u00f3gico central dentro del corpus ugar\u00edtico, el Ciclo de Baal desde los presupuestos de la sintaxis textual (an\u00e1lisis del discurso).\",\"breadcrumb\":{\"@id\":\"https:\\\/\\\/libreriaguadalupe.com.ar\\\/libreria\\\/producto\\\/estudios-de-sintaxis-verbal-en-tiempos-ugariticos\\\/#breadcrumb\"},\"inLanguage\":\"es\",\"potentialAction\":[{\"@type\":\"ReadAction\",\"target\":[\"https:\\\/\\\/libreriaguadalupe.com.ar\\\/libreria\\\/producto\\\/estudios-de-sintaxis-verbal-en-tiempos-ugariticos\\\/\"]}]},{\"@type\":\"ImageObject\",\"inLanguage\":\"es\",\"@id\":\"https:\\\/\\\/libreriaguadalupe.com.ar\\\/libreria\\\/producto\\\/estudios-de-sintaxis-verbal-en-tiempos-ugariticos\\\/#primaryimage\",\"url\":\"https:\\\/\\\/i0.wp.com\\\/libreriaguadalupe.com.ar\\\/libreria\\\/wp-content\\\/uploads\\\/2023\\\/01\\\/Estudios-de-sintaxis-verbal-en-tiempos-ugariticos.jpg?fit=380%2C586&ssl=1\",\"contentUrl\":\"https:\\\/\\\/i0.wp.com\\\/libreriaguadalupe.com.ar\\\/libreria\\\/wp-content\\\/uploads\\\/2023\\\/01\\\/Estudios-de-sintaxis-verbal-en-tiempos-ugariticos.jpg?fit=380%2C586&ssl=1\",\"width\":380,\"height\":586},{\"@type\":\"BreadcrumbList\",\"@id\":\"https:\\\/\\\/libreriaguadalupe.com.ar\\\/libreria\\\/producto\\\/estudios-de-sintaxis-verbal-en-tiempos-ugariticos\\\/#breadcrumb\",\"itemListElement\":[{\"@type\":\"ListItem\",\"position\":1,\"name\":\"Portada\",\"item\":\"https:\\\/\\\/libreriaguadalupe.com.ar\\\/libreria\\\/\"},{\"@type\":\"ListItem\",\"position\":2,\"name\":\"Tienda\",\"item\":\"https:\\\/\\\/libreriaguadalupe.com.ar\\\/libreria\\\/\"},{\"@type\":\"ListItem\",\"position\":3,\"name\":\"Estudios de sintaxis verbal en tiempos ugariticos\"}]},{\"@type\":\"WebSite\",\"@id\":\"https:\\\/\\\/libreriaguadalupe.com.ar\\\/libreria\\\/#website\",\"url\":\"https:\\\/\\\/libreriaguadalupe.com.ar\\\/libreria\\\/\",\"name\":\"Editorial Guadalupe de Argentina\",\"description\":\"Congregaci\u00f3n del Verbo Divino\",\"publisher\":{\"@id\":\"https:\\\/\\\/libreriaguadalupe.com.ar\\\/libreria\\\/#organization\"},\"alternateName\":\"Librer\u00eda Guadalupe\",\"potentialAction\":[{\"@type\":\"SearchAction\",\"target\":{\"@type\":\"EntryPoint\",\"urlTemplate\":\"https:\\\/\\\/libreriaguadalupe.com.ar\\\/libreria\\\/?s={search_term_string}\"},\"query-input\":{\"@type\":\"PropertyValueSpecification\",\"valueRequired\":true,\"valueName\":\"search_term_string\"}}],\"inLanguage\":\"es\"},{\"@type\":\"Organization\",\"@id\":\"https:\\\/\\\/libreriaguadalupe.com.ar\\\/libreria\\\/#organization\",\"name\":\"Editorial Guadalupe\",\"alternateName\":\"Librer\u00eda Guadalupe\",\"url\":\"https:\\\/\\\/libreriaguadalupe.com.ar\\\/libreria\\\/\",\"logo\":{\"@type\":\"ImageObject\",\"inLanguage\":\"es\",\"@id\":\"https:\\\/\\\/libreriaguadalupe.com.ar\\\/libreria\\\/#\\\/schema\\\/logo\\\/image\\\/\",\"url\":\"https:\\\/\\\/i0.wp.com\\\/libreriaguadalupe.com.ar\\\/libreria\\\/wp-content\\\/uploads\\\/2023\\\/01\\\/cropped-logo-editorial-guadalupe.webp?fit=500%2C100&ssl=1\",\"contentUrl\":\"https:\\\/\\\/i0.wp.com\\\/libreriaguadalupe.com.ar\\\/libreria\\\/wp-content\\\/uploads\\\/2023\\\/01\\\/cropped-logo-editorial-guadalupe.webp?fit=500%2C100&ssl=1\",\"width\":500,\"height\":100,\"caption\":\"Editorial Guadalupe\"},\"image\":{\"@id\":\"https:\\\/\\\/libreriaguadalupe.com.ar\\\/libreria\\\/#\\\/schema\\\/logo\\\/image\\\/\"},\"sameAs\":[\"https:\\\/\\\/www.facebook.com\\\/LibreriaGuadalupeAR\\\/\",\"https:\\\/\\\/www.instagram.com\\\/editorialguadalupe\\\/\",\"https:\\\/\\\/guadalupeeditorial.mercadoshops.com.ar\\\/\"]}]}<\/script>\n<!-- \/ Yoast SEO plugin. -->","yoast_head_json":{"title":"Estudios de sintaxis verbal en tiempos ugariticos - Editorial Guadalupe de Argentina","description":"Monograf\u00eda que analiza de manera extensa el sistema verbal en un poema mitol\u00f3gico central dentro del corpus ugar\u00edtico, el Ciclo de Baal desde los presupuestos de la sintaxis textual (an\u00e1lisis del discurso).","robots":{"index":"index","follow":"follow","max-snippet":"max-snippet:-1","max-image-preview":"max-image-preview:large","max-video-preview":"max-video-preview:-1"},"canonical":"https:\/\/libreriaguadalupe.com.ar\/libreria\/producto\/estudios-de-sintaxis-verbal-en-tiempos-ugariticos\/","og_locale":"es_ES","og_type":"article","og_title":"Estudios de sintaxis verbal en tiempos ugariticos - Editorial Guadalupe de Argentina","og_description":"Monograf\u00eda que analiza de manera extensa el sistema verbal en un poema mitol\u00f3gico central dentro del corpus ugar\u00edtico, el Ciclo de Baal desde los presupuestos de la sintaxis textual (an\u00e1lisis del discurso).","og_url":"https:\/\/libreriaguadalupe.com.ar\/libreria\/producto\/estudios-de-sintaxis-verbal-en-tiempos-ugariticos\/","og_site_name":"Editorial Guadalupe de Argentina","article_publisher":"https:\/\/www.facebook.com\/LibreriaGuadalupeAR\/","article_modified_time":"2024-03-14T13:34:10+00:00","og_image":[{"width":380,"height":586,"url":"https:\/\/libreriaguadalupe.com.ar\/libreria\/wp-content\/uploads\/2023\/01\/Estudios-de-sintaxis-verbal-en-tiempos-ugariticos.jpg","type":"image\/jpeg"}],"twitter_card":"summary_large_image","twitter_misc":{"Tiempo de lectura":"2 minutos"},"schema":{"@context":"https:\/\/schema.org","@graph":[{"@type":"WebPage","@id":"https:\/\/libreriaguadalupe.com.ar\/libreria\/producto\/estudios-de-sintaxis-verbal-en-tiempos-ugariticos\/","url":"https:\/\/libreriaguadalupe.com.ar\/libreria\/producto\/estudios-de-sintaxis-verbal-en-tiempos-ugariticos\/","name":"Estudios de sintaxis verbal en tiempos ugariticos - Editorial Guadalupe de Argentina","isPartOf":{"@id":"https:\/\/libreriaguadalupe.com.ar\/libreria\/#website"},"primaryImageOfPage":{"@id":"https:\/\/libreriaguadalupe.com.ar\/libreria\/producto\/estudios-de-sintaxis-verbal-en-tiempos-ugariticos\/#primaryimage"},"image":{"@id":"https:\/\/libreriaguadalupe.com.ar\/libreria\/producto\/estudios-de-sintaxis-verbal-en-tiempos-ugariticos\/#primaryimage"},"thumbnailUrl":"https:\/\/i0.wp.com\/libreriaguadalupe.com.ar\/libreria\/wp-content\/uploads\/2023\/01\/Estudios-de-sintaxis-verbal-en-tiempos-ugariticos.jpg?fit=380%2C586&ssl=1","datePublished":"2023-01-18T21:46:19+00:00","dateModified":"2024-03-14T13:34:10+00:00","description":"Monograf\u00eda que analiza de manera extensa el sistema verbal en un poema mitol\u00f3gico central dentro del corpus ugar\u00edtico, el Ciclo de Baal desde los presupuestos de la sintaxis textual (an\u00e1lisis del discurso).","breadcrumb":{"@id":"https:\/\/libreriaguadalupe.com.ar\/libreria\/producto\/estudios-de-sintaxis-verbal-en-tiempos-ugariticos\/#breadcrumb"},"inLanguage":"es","potentialAction":[{"@type":"ReadAction","target":["https:\/\/libreriaguadalupe.com.ar\/libreria\/producto\/estudios-de-sintaxis-verbal-en-tiempos-ugariticos\/"]}]},{"@type":"ImageObject","inLanguage":"es","@id":"https:\/\/libreriaguadalupe.com.ar\/libreria\/producto\/estudios-de-sintaxis-verbal-en-tiempos-ugariticos\/#primaryimage","url":"https:\/\/i0.wp.com\/libreriaguadalupe.com.ar\/libreria\/wp-content\/uploads\/2023\/01\/Estudios-de-sintaxis-verbal-en-tiempos-ugariticos.jpg?fit=380%2C586&ssl=1","contentUrl":"https:\/\/i0.wp.com\/libreriaguadalupe.com.ar\/libreria\/wp-content\/uploads\/2023\/01\/Estudios-de-sintaxis-verbal-en-tiempos-ugariticos.jpg?fit=380%2C586&ssl=1","width":380,"height":586},{"@type":"BreadcrumbList","@id":"https:\/\/libreriaguadalupe.com.ar\/libreria\/producto\/estudios-de-sintaxis-verbal-en-tiempos-ugariticos\/#breadcrumb","itemListElement":[{"@type":"ListItem","position":1,"name":"Portada","item":"https:\/\/libreriaguadalupe.com.ar\/libreria\/"},{"@type":"ListItem","position":2,"name":"Tienda","item":"https:\/\/libreriaguadalupe.com.ar\/libreria\/"},{"@type":"ListItem","position":3,"name":"Estudios de sintaxis verbal en tiempos ugariticos"}]},{"@type":"WebSite","@id":"https:\/\/libreriaguadalupe.com.ar\/libreria\/#website","url":"https:\/\/libreriaguadalupe.com.ar\/libreria\/","name":"Editorial Guadalupe de Argentina","description":"Congregaci\u00f3n del Verbo Divino","publisher":{"@id":"https:\/\/libreriaguadalupe.com.ar\/libreria\/#organization"},"alternateName":"Librer\u00eda Guadalupe","potentialAction":[{"@type":"SearchAction","target":{"@type":"EntryPoint","urlTemplate":"https:\/\/libreriaguadalupe.com.ar\/libreria\/?s={search_term_string}"},"query-input":{"@type":"PropertyValueSpecification","valueRequired":true,"valueName":"search_term_string"}}],"inLanguage":"es"},{"@type":"Organization","@id":"https:\/\/libreriaguadalupe.com.ar\/libreria\/#organization","name":"Editorial Guadalupe","alternateName":"Librer\u00eda Guadalupe","url":"https:\/\/libreriaguadalupe.com.ar\/libreria\/","logo":{"@type":"ImageObject","inLanguage":"es","@id":"https:\/\/libreriaguadalupe.com.ar\/libreria\/#\/schema\/logo\/image\/","url":"https:\/\/i0.wp.com\/libreriaguadalupe.com.ar\/libreria\/wp-content\/uploads\/2023\/01\/cropped-logo-editorial-guadalupe.webp?fit=500%2C100&ssl=1","contentUrl":"https:\/\/i0.wp.com\/libreriaguadalupe.com.ar\/libreria\/wp-content\/uploads\/2023\/01\/cropped-logo-editorial-guadalupe.webp?fit=500%2C100&ssl=1","width":500,"height":100,"caption":"Editorial Guadalupe"},"image":{"@id":"https:\/\/libreriaguadalupe.com.ar\/libreria\/#\/schema\/logo\/image\/"},"sameAs":["https:\/\/www.facebook.com\/LibreriaGuadalupeAR\/","https:\/\/www.instagram.com\/editorialguadalupe\/","https:\/\/guadalupeeditorial.mercadoshops.com.ar\/"]}]}},"jetpack_publicize_connections":[],"jetpack_sharing_enabled":true,"jetpack-related-posts":[{"id":13220,"url":"https:\/\/libreriaguadalupe.com.ar\/libreria\/producto\/de-la-oscuridad-a-jerusalen-estudio-exegeticoteologico-de-tobias-13\/","url_meta":{"origin":12869,"position":0},"title":"De la oscuridad a Jerusalen","author":"admin","date":"18\/01\/2023","format":false,"excerpt":"Estudio exeg\u00e9tico-teol\u00f3gico de Tob\u00edas 13 Autor: Emilio L\u00f3pez Navas ISBN: 8490732519 Dimensiones: 16 x 24 cm P\u00e1ginas: 496","rel":"","context":"Entrada similar","block_context":{"text":"Entrada similar","link":""},"img":{"alt_text":"","src":"https:\/\/i0.wp.com\/libreriaguadalupe.com.ar\/libreria\/wp-content\/uploads\/2023\/01\/De-la-oscuridad-a-Jerusalen.jpg?fit=380%2C586&ssl=1&resize=350%2C200","width":350,"height":200},"classes":[]},{"id":17208,"url":"https:\/\/libreriaguadalupe.com.ar\/libreria\/producto\/the-greek-new-testament\/","url_meta":{"origin":12869,"position":1},"title":"The Greek New Testament","author":"admin","date":"04\/04\/2023","format":false,"excerpt":"Fifth Revised Edition Autor: Ediciones cient\u00edficas ISBN: 3438051165 Dimensiones: 12,7 x 18,7 cm P\u00e1ginas: 994","rel":"","context":"Entrada similar","block_context":{"text":"Entrada similar","link":""},"img":{"alt_text":"","src":"https:\/\/i0.wp.com\/libreriaguadalupe.com.ar\/libreria\/wp-content\/uploads\/2023\/04\/The-Greek-New-Testament.png?fit=200%2C295&ssl=1&resize=350%2C200","width":350,"height":200},"classes":[]},{"id":16891,"url":"https:\/\/libreriaguadalupe.com.ar\/libreria\/producto\/carne-escrita-en-la-roca\/","url_meta":{"origin":12869,"position":2},"title":"Carne escrita en la roca","author":"admin","date":"23\/03\/2023","format":false,"excerpt":"La po\u00e9tica impl\u00edcita del libro de Job Autor: V\u00edctor Herrero de Miguel ISBN: 8490734582 Dimensiones: 16 x 24 cm P\u00e1ginas: 576","rel":"","context":"Entrada similar","block_context":{"text":"Entrada similar","link":""},"img":{"alt_text":"","src":"https:\/\/i0.wp.com\/libreriaguadalupe.com.ar\/libreria\/wp-content\/uploads\/2023\/03\/Carne-escrita-en-la-roca.jpg?fit=380%2C586&ssl=1&resize=350%2C200","width":350,"height":200},"classes":[]},{"id":13107,"url":"https:\/\/libreriaguadalupe.com.ar\/libreria\/producto\/vivir-en-la-historia-a-partir-de-la-meta\/","url_meta":{"origin":12869,"position":3},"title":"Vivir en la historia a partir de la meta","author":"admin","date":"18\/01\/2023","format":false,"excerpt":"Textos apocal\u00edpticos del Nuevo Testamento: una lectura en clave comunicativa Autor: EVD ISBN: 8499452241 Dimensiones: 14 x 22 cm P\u00e1ginas: 320","rel":"","context":"Entrada similar","block_context":{"text":"Entrada similar","link":""},"img":{"alt_text":"","src":"https:\/\/i0.wp.com\/libreriaguadalupe.com.ar\/libreria\/wp-content\/uploads\/1674\/33\/1027.jpg?fit=227%2C358&ssl=1&resize=350%2C200","width":350,"height":200},"classes":[]},{"id":15516,"url":"https:\/\/libreriaguadalupe.com.ar\/libreria\/producto\/vocabulario-razonado-de-la-exegesis-biblica-2\/","url_meta":{"origin":12869,"position":4},"title":"Vocabulario razonado de ex\u00e9gesis b\u00edblica","author":"admin","date":"07\/02\/2023","format":false,"excerpt":"Los t\u00e9rminos, las aproximaciones, los autores AUTOR: Ska, Jean-Louis ISBN: 8481697216","rel":"","context":"Entrada similar","block_context":{"text":"Entrada similar","link":""},"img":{"alt_text":"","src":"https:\/\/i0.wp.com\/libreriaguadalupe.com.ar\/libreria\/wp-content\/uploads\/2023\/02\/Vocabulario-razonado-de-exegesis-biblica.jpg?fit=380%2C586&ssl=1&resize=350%2C200","width":350,"height":200},"classes":[]},{"id":12674,"url":"https:\/\/libreriaguadalupe.com.ar\/libreria\/producto\/dialogos-semanales-con-jesus-ciclo-b-nro-3\/","url_meta":{"origin":12869,"position":5},"title":"Dialogos semanales con Jesus Ciclo B Nro 3","author":"admin","date":"18\/01\/2023","format":false,"excerpt":"Adviento, Navidad, Cuaresma, Pascua Autor: Carmen Mar\u00eda Cervantes, Instituto Fe y Vida, Jos\u00e9 Antonio Medina Arellano ISBN: 8481697667 Dimensiones: 16 x 24 cm P\u00e1ginas: 200","rel":"","context":"Entrada similar","block_context":{"text":"Entrada similar","link":""},"img":{"alt_text":"","src":"https:\/\/i0.wp.com\/libreriaguadalupe.com.ar\/libreria\/wp-content\/uploads\/2023\/01\/Dialogos-semanales-con-Jesus-Ciclo-B-Nro-3.jpg?fit=380%2C586&ssl=1&resize=350%2C200","width":350,"height":200},"classes":[]}],"_links":{"self":[{"href":"https:\/\/libreriaguadalupe.com.ar\/libreria\/wp-json\/wp\/v2\/product\/12869","targetHints":{"allow":["GET"]}}],"collection":[{"href":"https:\/\/libreriaguadalupe.com.ar\/libreria\/wp-json\/wp\/v2\/product"}],"about":[{"href":"https:\/\/libreriaguadalupe.com.ar\/libreria\/wp-json\/wp\/v2\/types\/product"}],"replies":[{"embeddable":true,"href":"https:\/\/libreriaguadalupe.com.ar\/libreria\/wp-json\/wp\/v2\/comments?post=12869"}],"version-history":[{"count":3,"href":"https:\/\/libreriaguadalupe.com.ar\/libreria\/wp-json\/wp\/v2\/product\/12869\/revisions"}],"predecessor-version":[{"id":17080,"href":"https:\/\/libreriaguadalupe.com.ar\/libreria\/wp-json\/wp\/v2\/product\/12869\/revisions\/17080"}],"wp:featuredmedia":[{"embeddable":true,"href":"https:\/\/libreriaguadalupe.com.ar\/libreria\/wp-json\/wp\/v2\/media\/17078"}],"wp:attachment":[{"href":"https:\/\/libreriaguadalupe.com.ar\/libreria\/wp-json\/wp\/v2\/media?parent=12869"}],"wp:term":[{"taxonomy":"product_brand","embeddable":true,"href":"https:\/\/libreriaguadalupe.com.ar\/libreria\/wp-json\/wp\/v2\/product_brand?post=12869"},{"taxonomy":"product_cat","embeddable":true,"href":"https:\/\/libreriaguadalupe.com.ar\/libreria\/wp-json\/wp\/v2\/product_cat?post=12869"},{"taxonomy":"product_tag","embeddable":true,"href":"https:\/\/libreriaguadalupe.com.ar\/libreria\/wp-json\/wp\/v2\/product_tag?post=12869"}],"curies":[{"name":"wp","href":"https:\/\/api.w.org\/{rel}","templated":true}]}}